{"id":3403,"date":"2022-02-16T03:23:12","date_gmt":"2022-02-16T02:23:12","guid":{"rendered":"http:\/\/klubmamgdynia.pl\/index.php\/produkt\/mushie-silikonowy-kubek-ze-slomka-shifting-sand\/"},"modified":"2026-04-06T03:06:54","modified_gmt":"2026-04-06T01:06:54","slug":"mushie-silikonowy-kubek-ze-slomka-shifting-sand","status":"publish","type":"product","link":"http:\/\/klubmamgdynia.pl\/index.php\/produkt\/mushie-silikonowy-kubek-ze-slomka-shifting-sand\/","title":{"rendered":"Mushie Silikonowy Kubek Ze S\u0142omk\u0105 Shifting Sand"},"content":{"rendered":"<p>Silikonowy Kubek ze S\u0142omk\u0105 Shifting Sand, to cudowny produkt aby u\u0142atwi\u0107 dziecko przej\u015bcie z bidonu na normalny kubek.Kubek ze S\u0142omk\u0105 zosta\u0142 tak zaprojektowany , aby idealnie mie\u015bci\u0142 si\u0119 w ma\u0142ych r\u0105czkach, a tak\u017ce aby wspomaga\u0142 rozw\u00f3j mowy dziecka.Posiada uszczelnion\u0105, zdejmowan\u0105 pokrywk\u0119 dla \u0142atwego nape\u0142niania, a s\u0142omka kt\u00f3ra jak ca\u0142y kubek zosta\u0142a zrobiona z silikonu spo\u017cywczego, delikatnie masuje wra\u017cliwe dzi\u0105se\u0142ka.Kubek ze S\u0142omk\u0105 zosta\u0142 wykonany w elegancki spos\u00f3b, kt\u00f3ry \u0142atwo wpasuje si\u0119 w wystr\u00f3j stylowego domu.Wiek: 6m+Materia\u0142: 100% silikon spo\u017cywczyKolor: Shifting SandJak czy\u015bci\u0107: Mo\u017cna my\u0107 w zmywarcePojemno\u015b\u0107: 175mlSpe\u0142nia normy: EN-71Mo\u017cna wk\u0142ada\u0107 do mikrofali.<\/p>\n<h2>Mushie Silikonowy Kubek Ze S\u0142omk\u0105 Shifting Sand Mushie<\/h2>\n<p>bajki na dobranoc, \u0142amig\u0142\u00f3wki dla dzieci do druku, maski na twarz dla dzieci do wydruku, bajki dla dzieci na dobranoc, nadie\u017cda imi\u0119, zagadki dla rodziny, kolorowanki do druku kotki, sing 2 multikino, kr\u00f3tkie bajki dla dzieci, co dla dziecka na roczek, psikusy na prima aprilis, zagadki wielkanocne przedszkole, imie kuba, opowie\u015bci z narni lew czarownica i stara szafa test, rymowane zagadki, milan znaczenie imienia, ko\u0142ysanki teksty<\/p>\n<p>yyyyy<\/p>\n<p>&nbsp;<\/p>\n","protected":false},"excerpt":{"rendered":"<p>Silikonowy Kubek ze S\u0142omk\u0105 Shifting Sand, to cudowny produkt aby u\u0142atwi\u0107 dziecko przej\u015bcie z bidonu na normalny kubek.Kubek ze S\u0142omk\u0105 zosta\u0142 tak zaprojektowany , aby idealnie mie\u015bci\u0142 si\u0119 w ma\u0142ych r\u0105czkach, a tak\u017ce aby wspomaga\u0142 rozw\u00f3j mowy dziecka.Posiada uszczelnion\u0105, zdejmowan\u0105 pokrywk\u0119 dla \u0142atwego nape\u0142niania, a s\u0142omka kt\u00f3ra jak ca\u0142y kubek zosta\u0142a zrobiona z silikonu spo\u017cywczego, [&hellip;]<\/p>\n","protected":false},"featured_media":3404,"comment_status":"closed","ping_status":"open","template":"","meta":[],"product_cat":[132,215],"product_tag":[852,683,612,842,796,607],"class_list":["post-3403","product","type-product","status-publish","has-post-thumbnail","hentry","product_cat-mushie","product_cat-naczynia-i-sztucce-dla-dzieci","product_tag-jak-zrobic-samolot-z-papieru","product_tag-karaluchy-pod-poduchy","product_tag-kolorowanki-do-druku","product_tag-plac-zabaw-poznan","product_tag-zagatki","product_tag-zarty-na-prima-aprilis-dla-rodzicow"],"_links":{"self":[{"href":"http:\/\/klubmamgdynia.pl\/index.php\/wp-json\/wp\/v2\/product\/3403","targetHints":{"allow":["GET"]}}],"collection":[{"href":"http:\/\/klubmamgdynia.pl\/index.php\/wp-json\/wp\/v2\/product"}],"about":[{"href":"http:\/\/klubmamgdynia.pl\/index.php\/wp-json\/wp\/v2\/types\/product"}],"replies":[{"embeddable":true,"href":"http:\/\/klubmamgdynia.pl\/index.php\/wp-json\/wp\/v2\/comments?post=3403"}],"wp:featuredmedia":[{"embeddable":true,"href":"http:\/\/klubmamgdynia.pl\/index.php\/wp-json\/wp\/v2\/media\/3404"}],"wp:attachment":[{"href":"http:\/\/klubmamgdynia.pl\/index.php\/wp-json\/wp\/v2\/media?parent=3403"}],"wp:term":[{"taxonomy":"product_cat","embeddable":true,"href":"http:\/\/klubmamgdynia.pl\/index.php\/wp-json\/wp\/v2\/product_cat?post=3403"},{"taxonomy":"product_tag","embeddable":true,"href":"http:\/\/klubmamgdynia.pl\/index.php\/wp-json\/wp\/v2\/product_tag?post=3403"}],"curies":[{"name":"wp","href":"https:\/\/api.w.org\/{rel}","templated":true}]}}