{"id":345,"date":"2024-05-11T09:58:44","date_gmt":"2024-05-11T07:58:44","guid":{"rendered":"http:\/\/klubmamgdynia.pl\/index.php\/produkt\/small-foot-hodowla-krysztalow-czerwone\/"},"modified":"2026-05-02T20:54:20","modified_gmt":"2026-05-02T18:54:20","slug":"small-foot-hodowla-krysztalow-czerwone","status":"publish","type":"product","link":"http:\/\/klubmamgdynia.pl\/index.php\/produkt\/small-foot-hodowla-krysztalow-czerwone\/","title":{"rendered":"Small Foot Hodowla Kryszta\u0142\u00f3w Czerwone"},"content":{"rendered":"<p>Eksperyment Hodowla czerwonych Kryszta\u0142\u00f3w zestaw<\/p>\n<h2>Small Foot Hodowla Kryszta\u0142\u00f3w Czerwone Small Foot Design<\/h2>\n<p>pokemon kolorowanki, dzie\u0144 \u015bw patryka symbole do druku, quizy flagi, bajka o poci\u0105gu do czytania, kolorowe listki tekst, hymn g\u00f3rniczy, zings kolorowanka, piosenka na dzie\u0144 mamy tekst, pierwsze urodziny prezent na roczek dla ch\u0142opca, roczek prezent, prezent dla dziewczynki na roczek, uk\u0142ad s\u0142oneczny do druku, quiz o hejka tu lenka, maurycy, znajd\u017a r\u00f3\u017cnice, mia imi\u0119<\/p>\n<p>yyyyy<\/p>\n<p>&nbsp;<\/p>\n","protected":false},"excerpt":{"rendered":"<p>Eksperyment Hodowla czerwonych Kryszta\u0142\u00f3w zestaw Small Foot Hodowla Kryszta\u0142\u00f3w Czerwone Small Foot Design pokemon kolorowanki, dzie\u0144 \u015bw patryka symbole do druku, quizy flagi, bajka o poci\u0105gu do czytania, kolorowe listki tekst, hymn g\u00f3rniczy, zings kolorowanka, piosenka na dzie\u0144 mamy tekst, pierwsze urodziny prezent na roczek dla ch\u0142opca, roczek prezent, prezent dla dziewczynki na roczek, uk\u0142ad [&hellip;]<\/p>\n","protected":false},"featured_media":346,"comment_status":"closed","ping_status":"open","template":"","meta":[],"product_cat":[72,147],"product_tag":[668,797,631],"class_list":["post-345","product","type-product","status-publish","has-post-thumbnail","hentry","product_cat-mali-naukowcy","product_cat-small-foot-design","product_tag-atrakcje-dla-dzieci-wroclaw","product_tag-kiekrz","product_tag-prezent-na-roczek"],"_links":{"self":[{"href":"http:\/\/klubmamgdynia.pl\/index.php\/wp-json\/wp\/v2\/product\/345","targetHints":{"allow":["GET"]}}],"collection":[{"href":"http:\/\/klubmamgdynia.pl\/index.php\/wp-json\/wp\/v2\/product"}],"about":[{"href":"http:\/\/klubmamgdynia.pl\/index.php\/wp-json\/wp\/v2\/types\/product"}],"replies":[{"embeddable":true,"href":"http:\/\/klubmamgdynia.pl\/index.php\/wp-json\/wp\/v2\/comments?post=345"}],"wp:featuredmedia":[{"embeddable":true,"href":"http:\/\/klubmamgdynia.pl\/index.php\/wp-json\/wp\/v2\/media\/346"}],"wp:attachment":[{"href":"http:\/\/klubmamgdynia.pl\/index.php\/wp-json\/wp\/v2\/media?parent=345"}],"wp:term":[{"taxonomy":"product_cat","embeddable":true,"href":"http:\/\/klubmamgdynia.pl\/index.php\/wp-json\/wp\/v2\/product_cat?post=345"},{"taxonomy":"product_tag","embeddable":true,"href":"http:\/\/klubmamgdynia.pl\/index.php\/wp-json\/wp\/v2\/product_tag?post=345"}],"curies":[{"name":"wp","href":"https:\/\/api.w.org\/{rel}","templated":true}]}}