{"id":3453,"date":"2014-12-13T06:03:50","date_gmt":"2014-12-13T05:03:50","guid":{"rendered":"http:\/\/klubmamgdynia.pl\/index.php\/produkt\/bros-elektro-plyn-na-komary-60-nocy\/"},"modified":"2026-04-24T01:37:42","modified_gmt":"2026-04-23T23:37:42","slug":"bros-elektro-plyn-na-komary-60-nocy","status":"publish","type":"product","link":"http:\/\/klubmamgdynia.pl\/index.php\/produkt\/bros-elektro-plyn-na-komary-60-nocy\/","title":{"rendered":"Bros Elektro + p\u0142yn na komary 60 nocy"},"content":{"rendered":"<p>Bros elektrofumigator + p\u0142yn na komary 60nocy (90011)<\/p>\n<p>Zapewnia ochron\u0119 przed owadami lataj\u0105cymi,<br \/>\nzw\u0142aszcza komarami &#8211; zwabionymi do mieszka\u0144 \u015bwiat\u0142em. Urz\u0105dzenie w\u0142\u0105czone do<br \/>\nkontaktu powoduje parowanie substancji, kt\u00f3ra dzia\u0142a na owady ju\u017c znajduj\u0105ce<br \/>\nsi\u0119 w pomieszczeniu oraz chroni pomieszczenie przed kolejnymi, nalatuj\u0105cymi z<br \/>\nzewn\u0105trz. D\u0142ugie dzia\u0142anie preparatu zapewnia spokojny sen przez wiele letnich<br \/>\nnocy.                            <\/p>\n<p>Produkt biob\u00f3jczy nale\u017cy u\u017cywa\u0107 z zachowaniem<br \/>\nszczeg\u00f3lnych \u015brodk\u00f3w ostro\u017cno\u015bci. Przed u\u017cyciem nale\u017cy przeczyta\u0107 etykiet\u0119 i ulotk\u0119<br \/>\ninformacyjn\u0105. Jak stosowa\u0107? Odkr\u0119con\u0105 butelk\u0119 z p\u0142ynem wkr\u0119ci\u0107 do<br \/>\nelektrofumigatora. Urz\u0105dzenie w\u0142\u0105czy\u0107 do gniazdka 230V tak, aby butelka<br \/>\nznajdowa\u0142a si\u0119 w pozycji pionowej. P\u0142yn paruje pod wp\u0142ywem ciep\u0142a z<br \/>\nogrzewaj\u0105cego si\u0119 urz\u0105dzenia. Pust\u0105 butelk\u0119 wymieni\u0107 na now\u0105.<\/p>\n<h2>Bros Elektro + p\u0142yn na komary 60 nocy Bros<\/h2>\n<p>prezent dla 7 latki, maski na twarz dla dzieci do wydruku, janusz korczak cytaty, warszawa dzieci, julian znaczenie imienia, szablony postacie do szopki do druku, kwiaty polne nazwy, miko\u0142ajek test z lektury, zagadki wielkanocne dla dzieci, stare bajki, ninjago kolorowanki, podchwytliwe zagadki dla dzieci<\/p>\n<p>yyyyy<\/p>\n<p>&nbsp;<\/p>\n","protected":false},"excerpt":{"rendered":"<p>Bros elektrofumigator + p\u0142yn na komary 60nocy (90011) Zapewnia ochron\u0119 przed owadami lataj\u0105cymi, zw\u0142aszcza komarami &#8211; zwabionymi do mieszka\u0144 \u015bwiat\u0142em. Urz\u0105dzenie w\u0142\u0105czone do kontaktu powoduje parowanie substancji, kt\u00f3ra dzia\u0142a na owady ju\u017c znajduj\u0105ce si\u0119 w pomieszczeniu oraz chroni pomieszczenie przed kolejnymi, nalatuj\u0105cymi z zewn\u0105trz. D\u0142ugie dzia\u0142anie preparatu zapewnia spokojny sen przez wiele letnich nocy. Produkt [&hellip;]<\/p>\n","protected":false},"featured_media":3454,"comment_status":"closed","ping_status":"open","template":"","meta":[],"product_cat":[1032,313],"product_tag":[844,854,810,760,860],"class_list":["post-3453","product","type-product","status-publish","has-post-thumbnail","hentry","product_cat-bros","product_cat-zwalczanie-i-odstraszanie-szkodnikow","product_tag-co-kupic-na-roczek","product_tag-cytaty-rodzina","product_tag-nauka-zegara-do-druku","product_tag-zagadka-matematyczna","product_tag-zagadki-logiczne-dla-doroslych"],"_links":{"self":[{"href":"http:\/\/klubmamgdynia.pl\/index.php\/wp-json\/wp\/v2\/product\/3453","targetHints":{"allow":["GET"]}}],"collection":[{"href":"http:\/\/klubmamgdynia.pl\/index.php\/wp-json\/wp\/v2\/product"}],"about":[{"href":"http:\/\/klubmamgdynia.pl\/index.php\/wp-json\/wp\/v2\/types\/product"}],"replies":[{"embeddable":true,"href":"http:\/\/klubmamgdynia.pl\/index.php\/wp-json\/wp\/v2\/comments?post=3453"}],"wp:featuredmedia":[{"embeddable":true,"href":"http:\/\/klubmamgdynia.pl\/index.php\/wp-json\/wp\/v2\/media\/3454"}],"wp:attachment":[{"href":"http:\/\/klubmamgdynia.pl\/index.php\/wp-json\/wp\/v2\/media?parent=3453"}],"wp:term":[{"taxonomy":"product_cat","embeddable":true,"href":"http:\/\/klubmamgdynia.pl\/index.php\/wp-json\/wp\/v2\/product_cat?post=3453"},{"taxonomy":"product_tag","embeddable":true,"href":"http:\/\/klubmamgdynia.pl\/index.php\/wp-json\/wp\/v2\/product_tag?post=3453"}],"curies":[{"name":"wp","href":"https:\/\/api.w.org\/{rel}","templated":true}]}}