{"id":3457,"date":"2011-07-17T03:10:29","date_gmt":"2011-07-17T01:10:29","guid":{"rendered":"http:\/\/klubmamgdynia.pl\/index.php\/produkt\/koa-koa-koa-koa-zabawka-naukowa-zobacz-swiat-oczami-zwierzat-zestaw\/"},"modified":"2026-04-28T21:03:14","modified_gmt":"2026-04-28T19:03:14","slug":"koa-koa-koa-koa-zabawka-naukowa-zobacz-swiat-oczami-zwierzat-zestaw","status":"publish","type":"product","link":"http:\/\/klubmamgdynia.pl\/index.php\/produkt\/koa-koa-koa-koa-zabawka-naukowa-zobacz-swiat-oczami-zwierzat-zestaw\/","title":{"rendered":"Koa Koa Koa Koa Zabawka Naukowa Zobacz \u015awiat Oczami Zwierz\u0105t Zestaw"},"content":{"rendered":"<p>To niesamowicie oryginalna zabawka, kt\u00f3ra pozwala dziecku spojrze\u0107 na \u015bwiat, jak \u015blimak, orze\u0142, a nawet ko\u0144. Dos\u0142ownie! To zestaw do budowy w\u0142asnych okular\u00f3w, w kt\u00f3rych dziecko zmienia tylko soczewki i lustra, by m\u00f3c wej\u015b\u0107 w sk\u00f3r\u0119 zwierz\u0119cia i cho\u0107 przez chwil\u0119 poczu\u0107 si\u0119 jak ono.Jak to dzia\u0142a?Zbuduj okulary ochronne i w\u0142\u00f3\u017c r\u00f3\u017cne soczewki optyczne i lustra, by zmieni\u0107 pole widzenia i spojrze\u0107 na \u015bwiat jak:Owad (widzenie kalejdoskopowe)Zwierz\u0119ta, kt\u00f3re maj\u0105 oczy nad g\u0142ow\u0105 jak \u015blimak (widzenie w g\u00f3r\u0119)Orze\u0142 (widzenie w d\u00f3\u0142)Ko\u0144 (widzenie boczne- z 2 stron jednocze\u015bnie)Czego uczy zestaw?Roli m\u00f3zgu w widzeniuNa czym polega widzenie obuoczne i dlaczego mamy dwoje oczu?Spostrzegania r\u00f3\u017cnic mi\u0119dzy sposobem widzenia ofiary i drapie\u017cnikaZnajdowania powi\u0105za\u0144 mi\u0119dzy \u015bwiatem zwierz\u0105t i nauk\u0105 (biomimikra)Parametry techniczne:Sk\u0142ad zestawu: okulary ochronne, soczewki optyczne, lustra, nakr\u0119tki, gumki i instrukcja monta\u017cu w 5 j\u0119zykach wraz z materia\u0142ami edukacyjnymiWiek: od 8 latSzacowany czas monta\u017cu: 40 minut (nie potrzeba narz\u0119dzi)Poziom trudno\u015bci: wysokiProdukcja: Unia EuropejskaMonta\u017c: ESAT w NormandiiFormat: 27 cm x 18 cm x 5 cm<\/p>\n<h2>Koa Koa Koa Koa Zabawka Naukowa Zobacz \u015awiat Oczami Zwierz\u0105t Zestaw <\/h2>\n<p>\u015bwinka peppa do druku, super zings kolorowanki, jak narysowa\u0107 psa, bajka o dinozaurach do czytania, miriam imi\u0119, zagadki \u015bmieszne podchwytliwe, imiona postaci z bajek, gry edukacyjne dla dzieci online za darmo, trudne zagadki logiczne, mini zoo warszawa, prezent dla nastolatk\u00f3w ch\u0142opc\u00f3w, milan imie, miriam imi\u0119, zagadki matematyczne dla przedszkolak\u00f3w, zagadki dla 9 latk\u00f3w, test z lektury felix net i nika oraz gang niewidzialnych ludzi, lokomotywa kolorowanka<\/p>\n<p>yyyyy<\/p>\n<p>&nbsp;<\/p>\n","protected":false},"excerpt":{"rendered":"<p>To niesamowicie oryginalna zabawka, kt\u00f3ra pozwala dziecku spojrze\u0107 na \u015bwiat, jak \u015blimak, orze\u0142, a nawet ko\u0144. Dos\u0142ownie! To zestaw do budowy w\u0142asnych okular\u00f3w, w kt\u00f3rych dziecko zmienia tylko soczewki i lustra, by m\u00f3c wej\u015b\u0107 w sk\u00f3r\u0119 zwierz\u0119cia i cho\u0107 przez chwil\u0119 poczu\u0107 si\u0119 jak ono.Jak to dzia\u0142a?Zbuduj okulary ochronne i w\u0142\u00f3\u017c r\u00f3\u017cne soczewki optyczne i [&hellip;]<\/p>\n","protected":false},"featured_media":3458,"comment_status":"closed","ping_status":"open","template":"","meta":[],"product_cat":[72],"product_tag":[638,826,632,791,712],"class_list":["post-3457","product","type-product","status-publish","has-post-thumbnail","hentry","product_cat-mali-naukowcy","product_tag-miastodzieci","product_tag-prezent-dla-15-latka","product_tag-warszawa-atrakcje-dla-mlodziezy","product_tag-zagadki-na-myslenie","product_tag-zagadki-o-zwierzetach"],"_links":{"self":[{"href":"http:\/\/klubmamgdynia.pl\/index.php\/wp-json\/wp\/v2\/product\/3457","targetHints":{"allow":["GET"]}}],"collection":[{"href":"http:\/\/klubmamgdynia.pl\/index.php\/wp-json\/wp\/v2\/product"}],"about":[{"href":"http:\/\/klubmamgdynia.pl\/index.php\/wp-json\/wp\/v2\/types\/product"}],"replies":[{"embeddable":true,"href":"http:\/\/klubmamgdynia.pl\/index.php\/wp-json\/wp\/v2\/comments?post=3457"}],"wp:featuredmedia":[{"embeddable":true,"href":"http:\/\/klubmamgdynia.pl\/index.php\/wp-json\/wp\/v2\/media\/3458"}],"wp:attachment":[{"href":"http:\/\/klubmamgdynia.pl\/index.php\/wp-json\/wp\/v2\/media?parent=3457"}],"wp:term":[{"taxonomy":"product_cat","embeddable":true,"href":"http:\/\/klubmamgdynia.pl\/index.php\/wp-json\/wp\/v2\/product_cat?post=3457"},{"taxonomy":"product_tag","embeddable":true,"href":"http:\/\/klubmamgdynia.pl\/index.php\/wp-json\/wp\/v2\/product_tag?post=3457"}],"curies":[{"name":"wp","href":"https:\/\/api.w.org\/{rel}","templated":true}]}}