{"id":3461,"date":"2019-05-02T04:23:07","date_gmt":"2019-05-02T02:23:07","guid":{"rendered":"http:\/\/klubmamgdynia.pl\/index.php\/produkt\/ranok-creative-latajaca-rakieta-doswiadczenia-10\/"},"modified":"2026-04-26T12:29:57","modified_gmt":"2026-04-26T10:29:57","slug":"ranok-creative-latajaca-rakieta-doswiadczenia-10","status":"publish","type":"product","link":"http:\/\/klubmamgdynia.pl\/index.php\/produkt\/ranok-creative-latajaca-rakieta-doswiadczenia-10\/","title":{"rendered":"Ranok Creative Lataj\u0105ca Rakieta Do\u015bwiadczenia 10+"},"content":{"rendered":"<p>LATAJ\u0104CA RAKIETA KOSMICZNA Rakieta kosmiczna &#8211; po prostu fantastyczna!Zestaw naukowy z naprawd\u0119 lataj\u0105c\u0105 rakiet\u0105, to zabawa dla ca\u0142ej rodziny. Zawiera szczeg\u00f3\u0142owe instrukcje dotycz\u0105ce przygotowania i wystrzelenia rakiety oraz ciekawe informacje na temat tego procesu. Rakieta mo\u017ce polecie\u0107 nawet na wysoko\u015b\u0107 15,5 metra, a to wszystko jedynie za pomoc\u0105 octu i sody. Unikatowy zestaw do eksperymentu, kt\u00f3ry zainspiruje m\u0142odych naukowc\u00f3w.Czy wiesz jak\u2026\u2026dzia\u0142a Twoja rakieta? Gdy ocet miesza si\u0119 z sod\u0105 oczyszczon\u0105, w wyniku reakcji chemicznej powstaj\u0105: dwutlenek w\u0119gla, zwi\u0105zek chemiczny zwany octanem sodu oraz woda. Podczas zachodzenia reakcji chemicznej wewn\u0105trz komory Twojej rakiety kosmicznej wytwarza si\u0119 coraz wi\u0119cej dwutlenku w\u0119gla, a\u017c do momentu, gdy rakieta nie mo\u017ce pomie\u015bci\u0107 ju\u017c wi\u0119cej gazu. W\u00f3wczas nagromadzony gaz zaczyna ucieka\u0107 przez doln\u0105 cz\u0119\u015b\u0107 rakiety. W rezultacie powstaje si\u0142a ci\u0105gu, kt\u00f3ra sprawia, \u017ce rakieta poleci w kierunku przeciwnym do uciekaj\u0105cego gazu. Twoja rakieta kosmiczna dzia\u0142a w oparciu o te same zasady dynamiki, co prawdziwe rakiety. Odkryj wi\u0119cej ciekawych informacji i znajd\u017a odpowiedzi na nurtuj\u0105ce Ci\u0119 pytania czytaj\u0105c przejrzyst\u0105 instrukcj\u0119 w j\u0119zyku polskim.Zabawka rozwija zdolno\u015bci poznawcze dziecka, ciekawo\u015b\u0107 oraz wprowadza je w fascynuj\u0105cy \u015bwiat nauki. Niezast\u0105piona pomoc naukowa dla ma\u0142ego ucznia.W zestawie:- przezroczysty korpus rakiety- 3 stateczniki rakiety- pier\u015bcie\u0144 \u0142\u0105cz\u0105cy- p\u0142yta startowa- \u0142y\u017ceczka do odmierzania- broszura w j\u0119zyku polskim zawieraj\u0105ca ciekawe informacje o astronautyce wraz ze szczeg\u00f3\u0142owymi instrukcjami dotycz\u0105cymi odpalania rakietyDodatkowo potrzebne s\u0105: ocet i soda oczyszczona.Wymiary opakowania: 17 x 22 x 6 cm. nazwa na fakturze: LATAJ\u0104CA RAKIETA 3949EAN: 4823076123949ilo\u015b\u0107 lat (od): 8Kod Producenta: 3949Kolekcja: LATAJ\u0104CA RAKIETAseria: LATAJ\u0104CA RAKIETA<\/p>\n<h2>Ranok Creative Lataj\u0105ca Rakieta Do\u015bwiadczenia 10+ RANOK<\/h2>\n<p>gry i zabawy dla dzieci, darmowy szablon list do miko\u0142aja, szlaczki do druku, kolorowanka kotka, co kupi\u0107 na roczek dla dziewczynki, cytaty dziecko, alfons, impreza halloween 2021 dla dzieci, cytat dla mamy, zagadki dla m\u0142odzie\u017cy, \u017carty na prima aprilis w domu, bajki na dobranoc psi patrol, adriana imie, imie kuba, quizy dla dzieci o zwierz\u0119tach, ida swieta wielkanocne ida swieta<\/p>\n<p>yyyyy<\/p>\n<p>&nbsp;<\/p>\n","protected":false},"excerpt":{"rendered":"<p>LATAJ\u0104CA RAKIETA KOSMICZNA Rakieta kosmiczna &#8211; po prostu fantastyczna!Zestaw naukowy z naprawd\u0119 lataj\u0105c\u0105 rakiet\u0105, to zabawa dla ca\u0142ej rodziny. Zawiera szczeg\u00f3\u0142owe instrukcje dotycz\u0105ce przygotowania i wystrzelenia rakiety oraz ciekawe informacje na temat tego procesu. Rakieta mo\u017ce polecie\u0107 nawet na wysoko\u015b\u0107 15,5 metra, a to wszystko jedynie za pomoc\u0105 octu i sody. Unikatowy zestaw do eksperymentu, [&hellip;]<\/p>\n","protected":false},"featured_media":3462,"comment_status":"closed","ping_status":"open","template":"","meta":[],"product_cat":[72,572],"product_tag":[619,608,623,694],"class_list":["post-3461","product","type-product","status-publish","has-post-thumbnail","hentry","product_cat-mali-naukowcy","product_cat-ranok","product_tag-iwo-imie","product_tag-zagadki-i-odpowiedzi","product_tag-zagadki-logiczne-smieszne","product_tag-zagadki-swiateczne-dla-dzieci"],"_links":{"self":[{"href":"http:\/\/klubmamgdynia.pl\/index.php\/wp-json\/wp\/v2\/product\/3461","targetHints":{"allow":["GET"]}}],"collection":[{"href":"http:\/\/klubmamgdynia.pl\/index.php\/wp-json\/wp\/v2\/product"}],"about":[{"href":"http:\/\/klubmamgdynia.pl\/index.php\/wp-json\/wp\/v2\/types\/product"}],"replies":[{"embeddable":true,"href":"http:\/\/klubmamgdynia.pl\/index.php\/wp-json\/wp\/v2\/comments?post=3461"}],"wp:featuredmedia":[{"embeddable":true,"href":"http:\/\/klubmamgdynia.pl\/index.php\/wp-json\/wp\/v2\/media\/3462"}],"wp:attachment":[{"href":"http:\/\/klubmamgdynia.pl\/index.php\/wp-json\/wp\/v2\/media?parent=3461"}],"wp:term":[{"taxonomy":"product_cat","embeddable":true,"href":"http:\/\/klubmamgdynia.pl\/index.php\/wp-json\/wp\/v2\/product_cat?post=3461"},{"taxonomy":"product_tag","embeddable":true,"href":"http:\/\/klubmamgdynia.pl\/index.php\/wp-json\/wp\/v2\/product_tag?post=3461"}],"curies":[{"name":"wp","href":"https:\/\/api.w.org\/{rel}","templated":true}]}}