{"id":3485,"date":"2016-06-29T11:10:17","date_gmt":"2016-06-29T09:10:17","guid":{"rendered":"http:\/\/klubmamgdynia.pl\/index.php\/produkt\/traumeland-mata-do-przewijania-dinolino-75x85cm\/"},"modified":"2026-05-17T22:00:16","modified_gmt":"2026-05-17T20:00:16","slug":"traumeland-mata-do-przewijania-dinolino-75x85cm","status":"publish","type":"product","link":"http:\/\/klubmamgdynia.pl\/index.php\/produkt\/traumeland-mata-do-przewijania-dinolino-75x85cm\/","title":{"rendered":"Tr\u00e4umeland Mata Do Przewijania Dinolino 75X85Cm"},"content":{"rendered":"<p>Szczeg\u00f3\u0142y produktu: W zabawnym dino Print Nie zawiera PVC Mo\u017cna stosowa\u0107 po obu stronach 75 x 85 cm Hydrofobowo\u015b\u0107 Materia\u0142 i piel\u0119gnacja: Materia\u0142: bawe\u0142na powlekana Wype\u0142nienie: stabilna w\u0142\u00f3knina termoaktywna \u015acieralna<\/p>\n<h2>Tr\u00e4umeland Mata Do Przewijania Dinolino 75X85Cm <\/h2>\n<p>zagadki i odpowiedzi, zabawy z pi\u0142k\u0105, test znaki drogowe, zabawy dla 5 latka, \u017carty na prima aprilis dla rodzic\u00f3w, domowe syropy na zim\u0119, walentynka kolorowanka, quiz dla dzieci, zagadki na inteligencje, znaczenie imiona justyna, prezent dla nastolatk\u00f3w 2021, prezent roczek, listy do \u015bwi\u0119tego miko\u0142aja, nasza zima z\u0142a tekst, imie lilianna, prezenty roczek<\/p>\n<p>yyyyy<\/p>\n<p>&nbsp;<\/p>\n","protected":false},"excerpt":{"rendered":"<p>Szczeg\u00f3\u0142y produktu: W zabawnym dino Print Nie zawiera PVC Mo\u017cna stosowa\u0107 po obu stronach 75 x 85 cm Hydrofobowo\u015b\u0107 Materia\u0142 i piel\u0119gnacja: Materia\u0142: bawe\u0142na powlekana Wype\u0142nienie: stabilna w\u0142\u00f3knina termoaktywna \u015acieralna Tr\u00e4umeland Mata Do Przewijania Dinolino 75X85Cm zagadki i odpowiedzi, zabawy z pi\u0142k\u0105, test znaki drogowe, zabawy dla 5 latka, \u017carty na prima aprilis dla rodzic\u00f3w, [&hellip;]<\/p>\n","protected":false},"featured_media":3486,"comment_status":"closed","ping_status":"open","template":"","meta":[],"product_cat":[958],"product_tag":[666,612,630],"class_list":["post-3485","product","type-product","status-publish","has-post-thumbnail","hentry","product_cat-komody-kapielowe-wanienki-i-przewijaki","product_tag-afrykanskie-imiona","product_tag-kolorowanki-do-druku","product_tag-podchwytliwe-zagadki-z-odpowiedziami"],"_links":{"self":[{"href":"http:\/\/klubmamgdynia.pl\/index.php\/wp-json\/wp\/v2\/product\/3485","targetHints":{"allow":["GET"]}}],"collection":[{"href":"http:\/\/klubmamgdynia.pl\/index.php\/wp-json\/wp\/v2\/product"}],"about":[{"href":"http:\/\/klubmamgdynia.pl\/index.php\/wp-json\/wp\/v2\/types\/product"}],"replies":[{"embeddable":true,"href":"http:\/\/klubmamgdynia.pl\/index.php\/wp-json\/wp\/v2\/comments?post=3485"}],"wp:featuredmedia":[{"embeddable":true,"href":"http:\/\/klubmamgdynia.pl\/index.php\/wp-json\/wp\/v2\/media\/3486"}],"wp:attachment":[{"href":"http:\/\/klubmamgdynia.pl\/index.php\/wp-json\/wp\/v2\/media?parent=3485"}],"wp:term":[{"taxonomy":"product_cat","embeddable":true,"href":"http:\/\/klubmamgdynia.pl\/index.php\/wp-json\/wp\/v2\/product_cat?post=3485"},{"taxonomy":"product_tag","embeddable":true,"href":"http:\/\/klubmamgdynia.pl\/index.php\/wp-json\/wp\/v2\/product_tag?post=3485"}],"curies":[{"name":"wp","href":"https:\/\/api.w.org\/{rel}","templated":true}]}}