{"id":3495,"date":"2018-01-09T05:11:51","date_gmt":"2018-01-09T04:11:51","guid":{"rendered":"http:\/\/klubmamgdynia.pl\/index.php\/produkt\/swede-traktor-z-maszyna\/"},"modified":"2026-04-30T11:21:30","modified_gmt":"2026-04-30T09:21:30","slug":"swede-traktor-z-maszyna","status":"publish","type":"product","link":"http:\/\/klubmamgdynia.pl\/index.php\/produkt\/swede-traktor-z-maszyna\/","title":{"rendered":"Swede Traktor z maszyn\u0105"},"content":{"rendered":"<p>Plastikowy traktor z doczepion\u0105 przyczep\u0105.Podane wymiary stanowi\u0105 wymiar opakowania.Towar zapakowany w kartonow\u0105 podk\u0142adk\u0119 z przezroczystym kloszem.Zabawka przeznaczona dla dzieci od 3 lat.<\/p>\n<h2>Swede Traktor z maszyn\u0105 Swede<\/h2>\n<p>imi\u0119 pola, zagadki matematyczne z odpowiedziami, wiosna kolorowanka do druku, kolorowanki pokemon, quiz o psie kt\u00f3ry je\u017adzi\u0142 kolej\u0105, cytaty dla dzieci, test z lektury kajko i kokosz szko\u0142a latania, karyna, rysowanie po \u015bladzie pdf, co na roczek dla ch\u0142opca, jak namalowa\u0107 kota, bajka na dobranoc, daria imie<\/p>\n<p>yyyyy<\/p>\n<p>&nbsp;<\/p>\n","protected":false},"excerpt":{"rendered":"<p>Plastikowy traktor z doczepion\u0105 przyczep\u0105.Podane wymiary stanowi\u0105 wymiar opakowania.Towar zapakowany w kartonow\u0105 podk\u0142adk\u0119 z przezroczystym kloszem.Zabawka przeznaczona dla dzieci od 3 lat. Swede Traktor z maszyn\u0105 Swede imi\u0119 pola, zagadki matematyczne z odpowiedziami, wiosna kolorowanka do druku, kolorowanki pokemon, quiz o psie kt\u00f3ry je\u017adzi\u0142 kolej\u0105, cytaty dla dzieci, test z lektury kajko i kokosz szko\u0142a [&hellip;]<\/p>\n","protected":false},"featured_media":3496,"comment_status":"closed","ping_status":"open","template":"","meta":[],"product_cat":[83,171],"product_tag":[864,685,867,631,682],"class_list":["post-3495","product","type-product","status-publish","has-post-thumbnail","hentry","product_cat-auta-i-inne-pojazdy-do-zabawy","product_cat-swede","product_tag-basen-warszawa","product_tag-cytaty-o-rodzinie","product_tag-kolorowanki-dla-dziewczynek","product_tag-prezent-na-roczek","product_tag-przyjazn-cytaty"],"_links":{"self":[{"href":"http:\/\/klubmamgdynia.pl\/index.php\/wp-json\/wp\/v2\/product\/3495","targetHints":{"allow":["GET"]}}],"collection":[{"href":"http:\/\/klubmamgdynia.pl\/index.php\/wp-json\/wp\/v2\/product"}],"about":[{"href":"http:\/\/klubmamgdynia.pl\/index.php\/wp-json\/wp\/v2\/types\/product"}],"replies":[{"embeddable":true,"href":"http:\/\/klubmamgdynia.pl\/index.php\/wp-json\/wp\/v2\/comments?post=3495"}],"wp:featuredmedia":[{"embeddable":true,"href":"http:\/\/klubmamgdynia.pl\/index.php\/wp-json\/wp\/v2\/media\/3496"}],"wp:attachment":[{"href":"http:\/\/klubmamgdynia.pl\/index.php\/wp-json\/wp\/v2\/media?parent=3495"}],"wp:term":[{"taxonomy":"product_cat","embeddable":true,"href":"http:\/\/klubmamgdynia.pl\/index.php\/wp-json\/wp\/v2\/product_cat?post=3495"},{"taxonomy":"product_tag","embeddable":true,"href":"http:\/\/klubmamgdynia.pl\/index.php\/wp-json\/wp\/v2\/product_tag?post=3495"}],"curies":[{"name":"wp","href":"https:\/\/api.w.org\/{rel}","templated":true}]}}