{"id":3507,"date":"2022-06-09T21:48:14","date_gmt":"2022-06-09T19:48:14","guid":{"rendered":"http:\/\/klubmamgdynia.pl\/index.php\/produkt\/ceba-baby-mata-do-przewijania-2-stronna-miekka-cosy-gwiazdki-ciemnoszara-50x70cm\/"},"modified":"2026-04-04T03:02:29","modified_gmt":"2026-04-04T01:02:29","slug":"ceba-baby-mata-do-przewijania-2-stronna-miekka-cosy-gwiazdki-ciemnoszara-50x70cm","status":"publish","type":"product","link":"http:\/\/klubmamgdynia.pl\/index.php\/produkt\/ceba-baby-mata-do-przewijania-2-stronna-miekka-cosy-gwiazdki-ciemnoszara-50x70cm\/","title":{"rendered":"Ceba Baby mata do przewijania 2-stronna, mi\u0119kka COSY Gwiazdki ciemnoszara 50x70Cm"},"content":{"rendered":"<p>Mi\u0119kka mata do przewijania COSY od Ceba Baby zadba o wygod\u0119 i bezpiecze\u0144stwo Twojego dziecka podczas przewijania. Specjalnie profilowana 2-stronna mata nadaje si\u0119 do komody. Pi\u0119kny wz\u00f3r w gwiazdki to \u015bwietny wyb\u00f3r dla dziewczynek i ch\u0142opc\u00f3w.<\/p>\n<h2>Ceba Baby mata do przewijania 2-stronna, mi\u0119kka COSY Gwiazdki ciemnoszara 50x70Cm Ceba Baby<\/h2>\n<p>bianka, kolorowanki antystresowe do druku, iwo, cytaty o przyja\u017ani kr\u00f3tkie, sentencje o dzieciach, tekst o rodzinie, zagadka logiczna, gdzie nad wod\u0119 ko\u0142o warszawy, plac zabaw warszawa, co kupic dziewczynce na roczek, jeziora blisko warszawy, quiz kajko i kokosz szko\u0142a latania, zagadki dla 5 latka, cytaty o mamie, alfabet kolorowanki<\/p>\n<p>yyyyy<\/p>\n<p>&nbsp;<\/p>\n","protected":false},"excerpt":{"rendered":"<p>Mi\u0119kka mata do przewijania COSY od Ceba Baby zadba o wygod\u0119 i bezpiecze\u0144stwo Twojego dziecka podczas przewijania. Specjalnie profilowana 2-stronna mata nadaje si\u0119 do komody. Pi\u0119kny wz\u00f3r w gwiazdki to \u015bwietny wyb\u00f3r dla dziewczynek i ch\u0142opc\u00f3w. Ceba Baby mata do przewijania 2-stronna, mi\u0119kka COSY Gwiazdki ciemnoszara 50x70Cm Ceba Baby bianka, kolorowanki antystresowe do druku, iwo, [&hellip;]<\/p>\n","protected":false},"featured_media":3508,"comment_status":"closed","ping_status":"open","template":"","meta":[],"product_cat":[959,958],"product_tag":[802,654,616],"class_list":["post-3507","product","type-product","status-publish","has-post-thumbnail","hentry","product_cat-ceba-baby","product_cat-komody-kapielowe-wanienki-i-przewijaki","product_tag-co-kupic-dziewczynce-na-roczek","product_tag-krotkie-bajki-dla-dzieci-do-czytania","product_tag-test-mikolajek-25-pytan"],"_links":{"self":[{"href":"http:\/\/klubmamgdynia.pl\/index.php\/wp-json\/wp\/v2\/product\/3507","targetHints":{"allow":["GET"]}}],"collection":[{"href":"http:\/\/klubmamgdynia.pl\/index.php\/wp-json\/wp\/v2\/product"}],"about":[{"href":"http:\/\/klubmamgdynia.pl\/index.php\/wp-json\/wp\/v2\/types\/product"}],"replies":[{"embeddable":true,"href":"http:\/\/klubmamgdynia.pl\/index.php\/wp-json\/wp\/v2\/comments?post=3507"}],"wp:featuredmedia":[{"embeddable":true,"href":"http:\/\/klubmamgdynia.pl\/index.php\/wp-json\/wp\/v2\/media\/3508"}],"wp:attachment":[{"href":"http:\/\/klubmamgdynia.pl\/index.php\/wp-json\/wp\/v2\/media?parent=3507"}],"wp:term":[{"taxonomy":"product_cat","embeddable":true,"href":"http:\/\/klubmamgdynia.pl\/index.php\/wp-json\/wp\/v2\/product_cat?post=3507"},{"taxonomy":"product_tag","embeddable":true,"href":"http:\/\/klubmamgdynia.pl\/index.php\/wp-json\/wp\/v2\/product_tag?post=3507"}],"curies":[{"name":"wp","href":"https:\/\/api.w.org\/{rel}","templated":true}]}}