{"id":353,"date":"2023-11-01T09:15:51","date_gmt":"2023-11-01T08:15:51","guid":{"rendered":"http:\/\/klubmamgdynia.pl\/index.php\/produkt\/mega-creative-kolejka-na-baterie-482611\/"},"modified":"2026-04-29T23:00:28","modified_gmt":"2026-04-29T21:00:28","slug":"mega-creative-kolejka-na-baterie-482611","status":"publish","type":"product","link":"http:\/\/klubmamgdynia.pl\/index.php\/produkt\/mega-creative-kolejka-na-baterie-482611\/","title":{"rendered":"Mega Creative Kolejka Na Baterie 482611"},"content":{"rendered":"<h2>Mega Creative Kolejka Na Baterie 482611 Mega Creative<\/h2>\n<p>ewelina, kolorowanka wr\u00f3\u017cka, zagadki dla sze\u015bciolatk\u00f3w, kr\u00f3tkie zagadki logiczne, quizy dla dzieci, opis do zdj\u0119cia z dzieckiem, tezeusz, kolorowanki do druku pieski, co na roczek dla dziewczynki, rebusy i krzy\u017c\u00f3wki dla dzieci do druku, literki, pomys\u0142 na prima aprilis, przeczytaj mi wiersz, roszpunka kolorowanka, kolorowanki pi\u0142karskie, bajka o poci\u0105gu do czytania<\/p>\n<p>yyyyy<\/p>\n<p>&nbsp;<\/p>\n","protected":false},"excerpt":{"rendered":"<p>Mega Creative Kolejka Na Baterie 482611 Mega Creative ewelina, kolorowanka wr\u00f3\u017cka, zagadki dla sze\u015bciolatk\u00f3w, kr\u00f3tkie zagadki logiczne, quizy dla dzieci, opis do zdj\u0119cia z dzieckiem, tezeusz, kolorowanki do druku pieski, co na roczek dla dziewczynki, rebusy i krzy\u017c\u00f3wki dla dzieci do druku, literki, pomys\u0142 na prima aprilis, przeczytaj mi wiersz, roszpunka kolorowanka, kolorowanki pi\u0142karskie, bajka [&hellip;]<\/p>\n","protected":false},"featured_media":354,"comment_status":"closed","ping_status":"open","template":"","meta":[],"product_cat":[64,151],"product_tag":[780,723,599,873],"class_list":["post-353","product","type-product","status-publish","has-post-thumbnail","hentry","product_cat-mega-creative","product_cat-pozostale-modele","product_tag-krecik-bajka","product_tag-krotkie-bajki-do-czytania-na-dobranoc","product_tag-prezent-dla-nastolatkow-2021","product_tag-zagadki-z-odpowiedziami-dla-dzieci"],"_links":{"self":[{"href":"http:\/\/klubmamgdynia.pl\/index.php\/wp-json\/wp\/v2\/product\/353","targetHints":{"allow":["GET"]}}],"collection":[{"href":"http:\/\/klubmamgdynia.pl\/index.php\/wp-json\/wp\/v2\/product"}],"about":[{"href":"http:\/\/klubmamgdynia.pl\/index.php\/wp-json\/wp\/v2\/types\/product"}],"replies":[{"embeddable":true,"href":"http:\/\/klubmamgdynia.pl\/index.php\/wp-json\/wp\/v2\/comments?post=353"}],"wp:featuredmedia":[{"embeddable":true,"href":"http:\/\/klubmamgdynia.pl\/index.php\/wp-json\/wp\/v2\/media\/354"}],"wp:attachment":[{"href":"http:\/\/klubmamgdynia.pl\/index.php\/wp-json\/wp\/v2\/media?parent=353"}],"wp:term":[{"taxonomy":"product_cat","embeddable":true,"href":"http:\/\/klubmamgdynia.pl\/index.php\/wp-json\/wp\/v2\/product_cat?post=353"},{"taxonomy":"product_tag","embeddable":true,"href":"http:\/\/klubmamgdynia.pl\/index.php\/wp-json\/wp\/v2\/product_tag?post=353"}],"curies":[{"name":"wp","href":"https:\/\/api.w.org\/{rel}","templated":true}]}}