{"id":3537,"date":"2021-12-09T14:39:00","date_gmt":"2021-12-09T13:39:00","guid":{"rendered":"http:\/\/klubmamgdynia.pl\/index.php\/produkt\/lean-toys-woz-strazy-pozarnej-120\/"},"modified":"2026-05-17T22:37:44","modified_gmt":"2026-05-17T20:37:44","slug":"lean-toys-woz-strazy-pozarnej-120","status":"publish","type":"product","link":"http:\/\/klubmamgdynia.pl\/index.php\/produkt\/lean-toys-woz-strazy-pozarnej-120\/","title":{"rendered":"Lean Toys W\u00f3z Stra\u017cy Po\u017carnej 1:20"},"content":{"rendered":"<p>Zdalnie Sterowana Stra\u017c Po\u017carna Double E 1:20 R\/c<\/p>\n<h2>Lean Toys W\u00f3z Stra\u017cy Po\u017carnej 1:20 Lean<\/h2>\n<p>tekst ko\u0142ysanki, wz\u00f3r dyplomu do pobrania, sabina, klockownia wroc\u0142aw, prezent dla dziecka na roczek, asiunia pytania do lektury<\/p>\n<p>yyyyy<\/p>\n<p>&nbsp;<\/p>\n","protected":false},"excerpt":{"rendered":"<p>Zdalnie Sterowana Stra\u017c Po\u017carna Double E 1:20 R\/c Lean Toys W\u00f3z Stra\u017cy Po\u017carnej 1:20 Lean tekst ko\u0142ysanki, wz\u00f3r dyplomu do pobrania, sabina, klockownia wroc\u0142aw, prezent dla dziecka na roczek, asiunia pytania do lektury yyyyy &nbsp;<\/p>\n","protected":false},"featured_media":3538,"comment_status":"closed","ping_status":"open","template":"","meta":[],"product_cat":[83,1067],"product_tag":[584,842,721],"class_list":["post-3537","product","type-product","status-publish","has-post-thumbnail","hentry","product_cat-auta-i-inne-pojazdy-do-zabawy","product_cat-lean","product_tag-liwia","product_tag-plac-zabaw-poznan","product_tag-zagadki-matematyczne"],"_links":{"self":[{"href":"http:\/\/klubmamgdynia.pl\/index.php\/wp-json\/wp\/v2\/product\/3537","targetHints":{"allow":["GET"]}}],"collection":[{"href":"http:\/\/klubmamgdynia.pl\/index.php\/wp-json\/wp\/v2\/product"}],"about":[{"href":"http:\/\/klubmamgdynia.pl\/index.php\/wp-json\/wp\/v2\/types\/product"}],"replies":[{"embeddable":true,"href":"http:\/\/klubmamgdynia.pl\/index.php\/wp-json\/wp\/v2\/comments?post=3537"}],"wp:featuredmedia":[{"embeddable":true,"href":"http:\/\/klubmamgdynia.pl\/index.php\/wp-json\/wp\/v2\/media\/3538"}],"wp:attachment":[{"href":"http:\/\/klubmamgdynia.pl\/index.php\/wp-json\/wp\/v2\/media?parent=3537"}],"wp:term":[{"taxonomy":"product_cat","embeddable":true,"href":"http:\/\/klubmamgdynia.pl\/index.php\/wp-json\/wp\/v2\/product_cat?post=3537"},{"taxonomy":"product_tag","embeddable":true,"href":"http:\/\/klubmamgdynia.pl\/index.php\/wp-json\/wp\/v2\/product_tag?post=3537"}],"curies":[{"name":"wp","href":"https:\/\/api.w.org\/{rel}","templated":true}]}}