{"id":357,"date":"2025-01-25T15:04:44","date_gmt":"2025-01-25T14:04:44","guid":{"rendered":"http:\/\/klubmamgdynia.pl\/index.php\/produkt\/gra-logiczna-szyfr\/"},"modified":"2026-04-29T21:45:47","modified_gmt":"2026-04-29T19:45:47","slug":"gra-logiczna-szyfr","status":"publish","type":"product","link":"http:\/\/klubmamgdynia.pl\/index.php\/produkt\/gra-logiczna-szyfr\/","title":{"rendered":"Gra logiczna Szyfr"},"content":{"rendered":"<p>Zalety produktu: gra pobudza wyobra\u017ani\u0119 dziecka, pomaga w logicznym my\u015bleniu. Gra Logiczna Szyfr MEGA CREATIVE to \u015bwietny trening dla Twojej inteligencji Mo\u017ce poprawi\u0107 wizualn\u0105 zdolno\u015b\u0107 poznawcz\u0105 dzieci, zdolno\u015b\u0107 wyobra\u017ani przestrzennej i zdolno\u015b\u0107 logicznego my\u015blenia. Celem gry jest z\u0142amanie kodu Spr\u00f3buj przebiegle stworzy\u0107 tajny kod, masz osiem pr\u00f3b by z\u0142ama\u0107 kod, masz dwa kolory w prawid\u0142owej pozycji, kt\u00f3re? Dobra robota uda\u0142o ci si\u0119 sfa\u0142szowa\u0107 kod Ca\u0142o\u015b\u0107 wykonana z plastiku. Wymiary\/waga\/baterie: wymiary produktu d\u0142. x wys. x g\u0142. cm : podstawki-17x3x8, wymiary opakowania d\u0142. x wys. x g\u0142. cm : 15x24x5, waga produktu bez opakowania kg : 0,07 kg, waga produktu w opakowaniu kg : 0,15 kg, nie wymaga zasilania bateriami. Gra przeznaczona dla dzieci w wieku: 3 . Liczba graczy 2. Pakowana w kartonik. W kartonie zbiorczym po 48 szt.<\/p>\n<h2>Gra logiczna Szyfr Mega Creative<\/h2>\n<p>prezenty dla 16 latki, iwo imi\u0119, trudne zagadki matematyczne, prezenty dla m\u0142odzie\u017cy, sentencje napisy cytaty o rodzinie, test wiedzy zemsta, wiosenne zagadki dla dzieci, atrakcje dla dzieci wroc\u0142aw i okolice, paloma, cytaty o przyja\u017ani, maciej imie, hymn g\u00f3rniczy, cytaty o mi\u0142o\u015bci do dziecka, gloria imie, prezent dla dziewczynki 7 lat, trudne zagadki na inteligencj\u0119, star wars kolorowanka, kielich z hosti\u0105 do druku, zak\u0142adka do ksi\u0105\u017cki szablon do druku<\/p>\n<p>yyyyy<\/p>\n<p>&nbsp;<\/p>\n","protected":false},"excerpt":{"rendered":"<p>Zalety produktu: gra pobudza wyobra\u017ani\u0119 dziecka, pomaga w logicznym my\u015bleniu. Gra Logiczna Szyfr MEGA CREATIVE to \u015bwietny trening dla Twojej inteligencji Mo\u017ce poprawi\u0107 wizualn\u0105 zdolno\u015b\u0107 poznawcz\u0105 dzieci, zdolno\u015b\u0107 wyobra\u017ani przestrzennej i zdolno\u015b\u0107 logicznego my\u015blenia. Celem gry jest z\u0142amanie kodu Spr\u00f3buj przebiegle stworzy\u0107 tajny kod, masz osiem pr\u00f3b by z\u0142ama\u0107 kod, masz dwa kolory w prawid\u0142owej [&hellip;]<\/p>\n","protected":false},"featured_media":358,"comment_status":"closed","ping_status":"open","template":"","meta":[],"product_cat":[130,64],"product_tag":[664,645,821,599,628],"class_list":["post-357","product","type-product","status-publish","has-post-thumbnail","hentry","product_cat-gry-dzieciece","product_cat-mega-creative","product_tag-atrakcje-dla-dzieci-trojmiasto","product_tag-latwe-zagadki","product_tag-marianna","product_tag-prezent-dla-nastolatkow-2021","product_tag-zagadka"],"_links":{"self":[{"href":"http:\/\/klubmamgdynia.pl\/index.php\/wp-json\/wp\/v2\/product\/357","targetHints":{"allow":["GET"]}}],"collection":[{"href":"http:\/\/klubmamgdynia.pl\/index.php\/wp-json\/wp\/v2\/product"}],"about":[{"href":"http:\/\/klubmamgdynia.pl\/index.php\/wp-json\/wp\/v2\/types\/product"}],"replies":[{"embeddable":true,"href":"http:\/\/klubmamgdynia.pl\/index.php\/wp-json\/wp\/v2\/comments?post=357"}],"wp:featuredmedia":[{"embeddable":true,"href":"http:\/\/klubmamgdynia.pl\/index.php\/wp-json\/wp\/v2\/media\/358"}],"wp:attachment":[{"href":"http:\/\/klubmamgdynia.pl\/index.php\/wp-json\/wp\/v2\/media?parent=357"}],"wp:term":[{"taxonomy":"product_cat","embeddable":true,"href":"http:\/\/klubmamgdynia.pl\/index.php\/wp-json\/wp\/v2\/product_cat?post=357"},{"taxonomy":"product_tag","embeddable":true,"href":"http:\/\/klubmamgdynia.pl\/index.php\/wp-json\/wp\/v2\/product_tag?post=357"}],"curies":[{"name":"wp","href":"https:\/\/api.w.org\/{rel}","templated":true}]}}