{"id":3571,"date":"2017-06-12T18:55:35","date_gmt":"2017-06-12T16:55:35","guid":{"rendered":"http:\/\/klubmamgdynia.pl\/index.php\/produkt\/wood-luck-design-przewijak-basic\/"},"modified":"2026-04-26T14:25:20","modified_gmt":"2026-04-26T12:25:20","slug":"wood-luck-design-przewijak-basic","status":"publish","type":"product","link":"http:\/\/klubmamgdynia.pl\/index.php\/produkt\/wood-luck-design-przewijak-basic\/","title":{"rendered":"Wood Luck Design Przewijak Basic"},"content":{"rendered":"<p>Przewijak, w formie nak\u0142adki na blat komody, pozwala rodzicom w wygodny spos\u00f3b wykona\u0107 wszystkie czynno\u015bci piel\u0119gnacyjne przy dziecku. Aby umo\u017cliwi\u0107 rodzicom dowoln\u0105 aran\u017cacj\u0119 przestrzeni na komodzie wprowadzili\u015bmy 2 regulacje monta\u017cu nak\u0142adki. Mo\u017ce on znajdowa\u0107 si\u0119 na \u015brodku lub po lewej stronie blatu. Materia\u0142 : p\u0142yta meblowa w kolorze kaszmiru oraz brzozy wyprodukowana zgodnie z norm\u0105 bezpiecze\u0144stwa EN71\/3 dla mebli i zabawek dla dzieci, drewno bukowe oraz sklejka brzozowa Wyko\u0144czenie : elementy drewna bukowego oraz sklejki malowane s\u0105 bezpiecznym dla dziecka lakierem akrylowym \u2013 posiadaj\u0105cy certyfikat na zgodno\u015b\u0107 z norm\u0105 EN71\/3 \u2013 norma dotycz\u0105ca mebli dzieci\u0119cych oraz zabawek Bezpiecze\u0144stwo : wyprodukowana zgodnie z norm\u0105 PN-EN 12221-1:2009; PN-EN 12221-2:2009; PN-EN 14749:2007 PN-ISO 7170:199 \u2013 pod wzgl\u0119dem zachowania odpowiednich odleg\u0142o\u015bci pomi\u0119dzy elementami, wytrzyma\u0142o\u015bci oraz wyko\u0144czenia (zaokr\u0105glone kraw\u0119dzie oraz jako\u015b\u0107 materia\u0142\u00f3w u\u017cytych w produkcji) Wymiary : wysoko\u015b\u0107 6 cm szeroko\u015b\u0107 54 cm g\u0142\u0119boko\u015b\u0107 78 cm Meble nale\u017cy przeciera\u0107 wilgotna \u015bciereczk\u0105. * Meble wysy\u0142ane s\u0105 w paczkach do samodzielnego monta\u017cu. Do\u0142\u0105czona instrukcja monta\u017cu przedstawia krok po kroku jak nale\u017cy zmontowa\u0107 dany mebel<\/p>\n<h2>Wood Luck Design Przewijak Basic <\/h2>\n<p>kolorowanka \u015bwinka peppa, zagadki \u015bwi\u0105teczne dla dzieci, cytaty o dziecku, zagadki matematyczne na logik\u0119, zagadki i odpowiedzi, aron imi\u0119, test na patologi\u0119 z kubusia puchatka, znaczenie imienia julian, cytaty z ma\u0142ego ksi\u0119cia o przyja\u017ani<\/p>\n<p>yyyyy<\/p>\n<p>&nbsp;<\/p>\n","protected":false},"excerpt":{"rendered":"<p>Przewijak, w formie nak\u0142adki na blat komody, pozwala rodzicom w wygodny spos\u00f3b wykona\u0107 wszystkie czynno\u015bci piel\u0119gnacyjne przy dziecku. Aby umo\u017cliwi\u0107 rodzicom dowoln\u0105 aran\u017cacj\u0119 przestrzeni na komodzie wprowadzili\u015bmy 2 regulacje monta\u017cu nak\u0142adki. Mo\u017ce on znajdowa\u0107 si\u0119 na \u015brodku lub po lewej stronie blatu. Materia\u0142 : p\u0142yta meblowa w kolorze kaszmiru oraz brzozy wyprodukowana zgodnie z norm\u0105 [&hellip;]<\/p>\n","protected":false},"featured_media":3572,"comment_status":"closed","ping_status":"open","template":"","meta":[],"product_cat":[958],"product_tag":[761,598,687],"class_list":["post-3571","product","type-product","status-publish","has-post-thumbnail","hentry","product_cat-komody-kapielowe-wanienki-i-przewijaki","product_tag-choinko-piekna-jak-las-tekst","product_tag-co-na-roczek-dla-dziewczynki","product_tag-podchwytliwe-zagadki-matematyczne"],"_links":{"self":[{"href":"http:\/\/klubmamgdynia.pl\/index.php\/wp-json\/wp\/v2\/product\/3571","targetHints":{"allow":["GET"]}}],"collection":[{"href":"http:\/\/klubmamgdynia.pl\/index.php\/wp-json\/wp\/v2\/product"}],"about":[{"href":"http:\/\/klubmamgdynia.pl\/index.php\/wp-json\/wp\/v2\/types\/product"}],"replies":[{"embeddable":true,"href":"http:\/\/klubmamgdynia.pl\/index.php\/wp-json\/wp\/v2\/comments?post=3571"}],"wp:featuredmedia":[{"embeddable":true,"href":"http:\/\/klubmamgdynia.pl\/index.php\/wp-json\/wp\/v2\/media\/3572"}],"wp:attachment":[{"href":"http:\/\/klubmamgdynia.pl\/index.php\/wp-json\/wp\/v2\/media?parent=3571"}],"wp:term":[{"taxonomy":"product_cat","embeddable":true,"href":"http:\/\/klubmamgdynia.pl\/index.php\/wp-json\/wp\/v2\/product_cat?post=3571"},{"taxonomy":"product_tag","embeddable":true,"href":"http:\/\/klubmamgdynia.pl\/index.php\/wp-json\/wp\/v2\/product_tag?post=3571"}],"curies":[{"name":"wp","href":"https:\/\/api.w.org\/{rel}","templated":true}]}}