{"id":3577,"date":"2020-04-13T22:47:55","date_gmt":"2020-04-13T20:47:55","guid":{"rendered":"http:\/\/klubmamgdynia.pl\/index.php\/produkt\/maltex-nocnik-z-gumkami-lulu\/"},"modified":"2026-04-03T05:48:07","modified_gmt":"2026-04-03T03:48:07","slug":"maltex-nocnik-z-gumkami-lulu","status":"publish","type":"product","link":"http:\/\/klubmamgdynia.pl\/index.php\/produkt\/maltex-nocnik-z-gumkami-lulu\/","title":{"rendered":"Maltex Nocnik Z Gumkami Lulu"},"content":{"rendered":"<p>MALTEX Baby to polska marka wysokiej jako\u015bci akcesori\u00f3w do k\u0105pieli i codziennej piel\u0119gnacji niemowl\u0105t i dzieci. W ofercie Maltex Baby dost\u0119pne s\u0105 wanienki, stojaki pod wanienki, foteliki do k\u0105pieli, przewijaki, nocniki, nak\u0142adki na sedes i wiele innych przydatnych akcesori\u00f3w \u0142azienkowych, a wszystko dost\u0119pne w ciekawych, autorskich lub licencjonowanych wzorach. Produkty Maltex Baby posiadaj\u0105 \u015aWIADECTWO JAKO\u015aCI ZDROWOTNEJ wystawione przez Narodowy Instytut Zdrowia Publicznego w Warszawie. Produkty Maltex Baby wykonane s\u0105 z bezpiecznych materia\u0142\u00f3w, wolnych od szkodliwych substancji, w tym bisfenolu BPA i wyprodukowane s\u0105 w Polsce.MALTEX Lulu Design to seria produkt\u00f3w w stylowym, klasycznym wydaniu z bia\u0142o-czarnym motywem z logo Lulu Design. Nocnik antypo\u015blizgowy Maltex Baby zaprojektowano z my\u015bl\u0105 o dziewczynkach i ch\u0142opcach, uwzgl\u0119dniono anatomi\u0119 obu p\u0142ci i zastosowano odpowiednio wysokie zabezpieczenie przed wydostaniem si\u0119 nieczysto\u015bci na zewn\u0105trz. Niepowtarzalny nocnik z wysokim i wygodnym oparciem o anatomicznym kszta\u0142cie zapewni ka\u017cdemu dziecku pe\u0142en komfort i bezpiecze\u0144stwo. Na brzegach zastosowano gumki antypo\u015blizgowe, by zwi\u0119kszy\u0107 przyczepno\u015bci produktu do pod\u0142o\u017ca.wymiary nocnika: 35 cm\/ 30 cm\/ 23 cm (d\u0142\/szer\/wys)materia\u0142: elastomer, polipropylen wolny od BPAwyprodukowano w UE<\/p>\n<h2>Maltex Nocnik Z Gumkami Lulu Maltex<\/h2>\n<p>quiz konie, kolorowanka super zings, zagadki trudne, cytaty o nauczycielach, \u015bwinka peppa kolorowanka, imi\u0119 iwo, nastolatka, kolorowanka ksi\u0119\u017cniczka, impreza halloween 2021 dla dzieci, test z lektury opowie\u015bci z narnii lew czarownica i stara szafa, prezent dla rocznego ch\u0142opca<\/p>\n<p>yyyyy<\/p>\n<p>&nbsp;<\/p>\n","protected":false},"excerpt":{"rendered":"<p>MALTEX Baby to polska marka wysokiej jako\u015bci akcesori\u00f3w do k\u0105pieli i codziennej piel\u0119gnacji niemowl\u0105t i dzieci. W ofercie Maltex Baby dost\u0119pne s\u0105 wanienki, stojaki pod wanienki, foteliki do k\u0105pieli, przewijaki, nocniki, nak\u0142adki na sedes i wiele innych przydatnych akcesori\u00f3w \u0142azienkowych, a wszystko dost\u0119pne w ciekawych, autorskich lub licencjonowanych wzorach. Produkty Maltex Baby posiadaj\u0105 \u015aWIADECTWO JAKO\u015aCI [&hellip;]<\/p>\n","protected":false},"featured_media":3578,"comment_status":"closed","ping_status":"open","template":"","meta":[],"product_cat":[960,354],"product_tag":[696,670,835,872],"class_list":["post-3577","product","type-product","status-publish","has-post-thumbnail","hentry","product_cat-maltex","product_cat-nocniki-nakladki-na-wc-i-podesty","product_tag-film-rodzinny-o-swietach","product_tag-irma","product_tag-radosc-dziecka-cytaty","product_tag-zagadki-dla-dzieci-6-lat"],"_links":{"self":[{"href":"http:\/\/klubmamgdynia.pl\/index.php\/wp-json\/wp\/v2\/product\/3577","targetHints":{"allow":["GET"]}}],"collection":[{"href":"http:\/\/klubmamgdynia.pl\/index.php\/wp-json\/wp\/v2\/product"}],"about":[{"href":"http:\/\/klubmamgdynia.pl\/index.php\/wp-json\/wp\/v2\/types\/product"}],"replies":[{"embeddable":true,"href":"http:\/\/klubmamgdynia.pl\/index.php\/wp-json\/wp\/v2\/comments?post=3577"}],"wp:featuredmedia":[{"embeddable":true,"href":"http:\/\/klubmamgdynia.pl\/index.php\/wp-json\/wp\/v2\/media\/3578"}],"wp:attachment":[{"href":"http:\/\/klubmamgdynia.pl\/index.php\/wp-json\/wp\/v2\/media?parent=3577"}],"wp:term":[{"taxonomy":"product_cat","embeddable":true,"href":"http:\/\/klubmamgdynia.pl\/index.php\/wp-json\/wp\/v2\/product_cat?post=3577"},{"taxonomy":"product_tag","embeddable":true,"href":"http:\/\/klubmamgdynia.pl\/index.php\/wp-json\/wp\/v2\/product_tag?post=3577"}],"curies":[{"name":"wp","href":"https:\/\/api.w.org\/{rel}","templated":true}]}}