{"id":3589,"date":"2020-09-12T02:10:55","date_gmt":"2020-09-12T00:10:55","guid":{"rendered":"http:\/\/klubmamgdynia.pl\/index.php\/produkt\/krab-babelkowy-maszyna-do-robienia-piany-1688-1\/"},"modified":"2026-04-04T20:06:02","modified_gmt":"2026-04-04T18:06:02","slug":"krab-babelkowy-maszyna-do-robienia-piany-1688-1","status":"publish","type":"product","link":"http:\/\/klubmamgdynia.pl\/index.php\/produkt\/krab-babelkowy-maszyna-do-robienia-piany-1688-1\/","title":{"rendered":"KRAB B\u0104BELKOWY MASZYNA DO ROBIENIA PIANY 1688-1"},"content":{"rendered":"<p>Maszynka do robienia piany b\u0105belkowy krab 16881Zabawka b\u0105belkowy krab s\u0142u\u017cy do automatycznego tworzenia piany. \u015awietny spos\u00f3b, aby zach\u0119ci\u0107 Twoj\u0105 pociech\u0119 do k\u0105pieli.Dodatkowo podczas tworzenia piany krab odtwarza 12 melodyjek, kt\u00f3re dodatkowo uatrakcyjni\u0105 zabaw\u0119.Wymiary opakowania: 24,5 x 16,5 x 8,5 cmWymiary kraba: 24 x 16 x 8,5 cmWiek: od 18 miesi\u0119cy.Baterie: 2 x AA, brak w zestawie.Zabawka posiada certyfikat CE, EN71.Krab posiada w\u0142\u0105cznik ON\/OFF. Po jego uruchomieniu lec\u0105 melodyjki i tworzy si\u0119 piana. Po ponownym wci\u015bni\u0119ciu przycisku muzyka w krabie wy\u0142\u0105cza si\u0119, a sam krab nadal wytwarza piane. Krab posiada przyssawki, dzi\u0119ki kt\u00f3rym z \u0142atwo\u015bci\u0105 przymocujemy kraba na kafelkach, w wannie b\u0105d\u017a innym dogodnym miejscu.Krab nie jest wodoodporny. Nale\u017cy uwa\u017ca\u0107, aby zabawka nie wpad\u0142a do wody.W sk\u0142ad zestawu wchodzi:krabpojemnik na wod\u0119 z p\u0142ynem (brak p\u0142ynu w zestawie)ma\u0142e urz\u0105dzenie do wytwarzania pianyinstrukcja obs\u0142ugi w j\u0119zyku angielskim\u0142adne, kolorowe pude\u0142koInstrukcja obs\u0142ugi:Wyci\u0105gnij p\u00f3\u0142przezroczysty pojemnik.Zainstaluj \u017c\u00f3\u0142te urz\u0105dzenie do tworzenia piany na podniebieniu kraba.Zainstaluj baterie.Za pomoc\u0105 przyssawek zainstaluj kraba na kafelkach b\u0105d\u017a szybie (aby polepszy\u0107 przyczepno\u015b\u0107 przyssawek posmaruj je wod\u0105 z p\u0142ynem).Nape\u0142nij pojemniczek mieszank\u0105 p\u0142ynu do k\u0105pieli (oko\u0142o 5 do 13 ml) oraz wody (2\/3 pojemniczka).Zainstaluj pojemniczek ponownie na miejsce.W\u0142\u0105cz kraba za pom\u0105c\u0105 przycisku ON\/OFF.Ciesz si\u0119 ogromn\u0105 ilo\u015bci\u0105 tworzonej przez niego piany :)Zabawka zapakowana w \u0142adne, kolorowe pude\u0142ko.Zabawka idealnie nadaje si\u0119 na prezent&#8230;.<\/p>\n<h2>KRAB B\u0104BELKOWY MASZYNA DO ROBIENIA PIANY 1688-1 Luxma<\/h2>\n<p>prezent dla 7 latka, warszawa atrakcje dla dzieci, kolorowanki kotki do druku, atrakcje do 30 km od wroc\u0142awia, melania imi\u0119, prezent dla roczniaka, zagadki logiczne z odpowiedziami, molo w brze\u017anie, kanapki na urodziny dziecka, zosia samosia, rzadkie imiona \u017ce\u0144skie, kolorowanka prezent, kolorowanki samochody, prezent dla 15 latki, m\u0105dre cytaty dla dzieci, aaa kotki dwa tekst, lidia imie, atrakcje we wroc\u0142awiu dla dzieci, kr\u00f3tkie \u017cyczenia wielkanocne dla dzieci<\/p>\n<p>yyyyy<\/p>\n<p>&nbsp;<\/p>\n","protected":false},"excerpt":{"rendered":"<p>Maszynka do robienia piany b\u0105belkowy krab 16881Zabawka b\u0105belkowy krab s\u0142u\u017cy do automatycznego tworzenia piany. \u015awietny spos\u00f3b, aby zach\u0119ci\u0107 Twoj\u0105 pociech\u0119 do k\u0105pieli.Dodatkowo podczas tworzenia piany krab odtwarza 12 melodyjek, kt\u00f3re dodatkowo uatrakcyjni\u0105 zabaw\u0119.Wymiary opakowania: 24,5 x 16,5 x 8,5 cmWymiary kraba: 24 x 16 x 8,5 cmWiek: od 18 miesi\u0119cy.Baterie: 2 x AA, brak w [&hellip;]<\/p>\n","protected":false},"featured_media":3590,"comment_status":"closed","ping_status":"open","template":"","meta":[],"product_cat":[472,327],"product_tag":[817,844,580,759,641,714,779],"class_list":["post-3589","product","type-product","status-publish","has-post-thumbnail","hentry","product_cat-banki-mydlane","product_cat-luxma","product_tag-bajka-terapeutyczna-o-emocjach","product_tag-co-kupic-na-roczek","product_tag-janusz","product_tag-pomysly-na-prezent-dla-nastolatkow","product_tag-trudne-zagadki-logiczne","product_tag-zagadki-logiczne","product_tag-zarty-na-prima-aprilis-w-domu"],"_links":{"self":[{"href":"http:\/\/klubmamgdynia.pl\/index.php\/wp-json\/wp\/v2\/product\/3589","targetHints":{"allow":["GET"]}}],"collection":[{"href":"http:\/\/klubmamgdynia.pl\/index.php\/wp-json\/wp\/v2\/product"}],"about":[{"href":"http:\/\/klubmamgdynia.pl\/index.php\/wp-json\/wp\/v2\/types\/product"}],"replies":[{"embeddable":true,"href":"http:\/\/klubmamgdynia.pl\/index.php\/wp-json\/wp\/v2\/comments?post=3589"}],"wp:featuredmedia":[{"embeddable":true,"href":"http:\/\/klubmamgdynia.pl\/index.php\/wp-json\/wp\/v2\/media\/3590"}],"wp:attachment":[{"href":"http:\/\/klubmamgdynia.pl\/index.php\/wp-json\/wp\/v2\/media?parent=3589"}],"wp:term":[{"taxonomy":"product_cat","embeddable":true,"href":"http:\/\/klubmamgdynia.pl\/index.php\/wp-json\/wp\/v2\/product_cat?post=3589"},{"taxonomy":"product_tag","embeddable":true,"href":"http:\/\/klubmamgdynia.pl\/index.php\/wp-json\/wp\/v2\/product_tag?post=3589"}],"curies":[{"name":"wp","href":"https:\/\/api.w.org\/{rel}","templated":true}]}}