{"id":3591,"date":"2018-05-04T07:31:47","date_gmt":"2018-05-04T05:31:47","guid":{"rendered":"http:\/\/klubmamgdynia.pl\/index.php\/produkt\/foxgames-gra-ksiazkowa-dziennik-wyprawa-1907\/"},"modified":"2026-05-17T21:40:50","modified_gmt":"2026-05-17T19:40:50","slug":"foxgames-gra-ksiazkowa-dziennik-wyprawa-1907","status":"publish","type":"product","link":"http:\/\/klubmamgdynia.pl\/index.php\/produkt\/foxgames-gra-ksiazkowa-dziennik-wyprawa-1907\/","title":{"rendered":"Foxgames Gra Ksi\u0105\u017ckowa Dziennik Wyprawa 1907"},"content":{"rendered":"<p>Rozrzucone po ca\u0142ym \u015bwiecie zaginione strony z legendarnego dziennika morskiego zosta\u0142y odnalezione i po\u0142\u0105czone w ca\u0142o\u015b\u0107. Sekrety tej historii by\u0142y znane dotychczas tylko nielicznym. Wodne potwory, mroczne sny i koszmary, wiadomo\u015bci z innych wymiar\u00f3w nadszed\u0142 czas, aby odkry\u0107, co kryje tajemniczy, morski dziennik!Rozwi\u0105zuj zagadki i \u0142amig\u0142\u00f3wki, aby zdoby\u0107 kolejne klucze i m\u00f3c kontynuowa\u0107 rozgrywk\u0119. Wyprawa 1907 to interaktywna ksi\u0105\u017cka, kt\u00f3ra jest r\u00f3wnocze\u015bnie gr\u0105 pe\u0142n\u0105 niespodzianek&#8230;.<\/p>\n<h2>Foxgames Gra Ksi\u0105\u017ckowa Dziennik Wyprawa 1907 Foxgames<\/h2>\n<p>papuga kolorowanka, malowanki, darmowy szablon list do miko\u0142aja, zagadka logiczna dla dzieci, najpi\u0119kniejsze cytaty o przyja\u017ani, choinko pi\u0119kna jak las tekst, quizy online, bezwarunkowa mi\u0142o\u015b\u0107 do dziecka cytaty, zagadki dla 8 latk\u00f3w, cytaty korczak, izabela imie, znaczenie imiona kinga, nauka zegara do druku pdf, przyja\u017a\u0144, opisy o rodzinie, nauka polskiego dla dzieci z ukrainy, dyplomy dla dzieci do druku, domki nad morzem z atrakcjami dla dzieci, henryk<\/p>\n<p>yyyyy<\/p>\n<p>&nbsp;<\/p>\n","protected":false},"excerpt":{"rendered":"<p>Rozrzucone po ca\u0142ym \u015bwiecie zaginione strony z legendarnego dziennika morskiego zosta\u0142y odnalezione i po\u0142\u0105czone w ca\u0142o\u015b\u0107. Sekrety tej historii by\u0142y znane dotychczas tylko nielicznym. Wodne potwory, mroczne sny i koszmary, wiadomo\u015bci z innych wymiar\u00f3w nadszed\u0142 czas, aby odkry\u0107, co kryje tajemniczy, morski dziennik!Rozwi\u0105zuj zagadki i \u0142amig\u0142\u00f3wki, aby zdoby\u0107 kolejne klucze i m\u00f3c kontynuowa\u0107 rozgrywk\u0119. Wyprawa [&hellip;]<\/p>\n","protected":false},"featured_media":3592,"comment_status":"closed","ping_status":"open","template":"","meta":[],"product_cat":[1089,1090],"product_tag":[740,656,637,596],"class_list":["post-3591","product","type-product","status-publish","has-post-thumbnail","hentry","product_cat-foxgames","product_cat-gry-fabularne-rpg","product_tag-fajne-prezenty-dla-nastolatkow","product_tag-kolorowanki-lol","product_tag-niech-zyja-wakacje-tekst","product_tag-pomysly-na-prima-aprilis"],"_links":{"self":[{"href":"http:\/\/klubmamgdynia.pl\/index.php\/wp-json\/wp\/v2\/product\/3591","targetHints":{"allow":["GET"]}}],"collection":[{"href":"http:\/\/klubmamgdynia.pl\/index.php\/wp-json\/wp\/v2\/product"}],"about":[{"href":"http:\/\/klubmamgdynia.pl\/index.php\/wp-json\/wp\/v2\/types\/product"}],"replies":[{"embeddable":true,"href":"http:\/\/klubmamgdynia.pl\/index.php\/wp-json\/wp\/v2\/comments?post=3591"}],"wp:featuredmedia":[{"embeddable":true,"href":"http:\/\/klubmamgdynia.pl\/index.php\/wp-json\/wp\/v2\/media\/3592"}],"wp:attachment":[{"href":"http:\/\/klubmamgdynia.pl\/index.php\/wp-json\/wp\/v2\/media?parent=3591"}],"wp:term":[{"taxonomy":"product_cat","embeddable":true,"href":"http:\/\/klubmamgdynia.pl\/index.php\/wp-json\/wp\/v2\/product_cat?post=3591"},{"taxonomy":"product_tag","embeddable":true,"href":"http:\/\/klubmamgdynia.pl\/index.php\/wp-json\/wp\/v2\/product_tag?post=3591"}],"curies":[{"name":"wp","href":"https:\/\/api.w.org\/{rel}","templated":true}]}}