{"id":3597,"date":"2015-08-18T11:39:30","date_gmt":"2015-08-18T09:39:30","guid":{"rendered":"http:\/\/klubmamgdynia.pl\/index.php\/produkt\/albero-mio-przewijak-podrozny-418-wrozka\/"},"modified":"2026-05-01T08:39:36","modified_gmt":"2026-05-01T06:39:36","slug":"albero-mio-przewijak-podrozny-418-wrozka","status":"publish","type":"product","link":"http:\/\/klubmamgdynia.pl\/index.php\/produkt\/albero-mio-przewijak-podrozny-418-wrozka\/","title":{"rendered":"Albero Mio Przewijak Podr\u00f3\u017cny 418 Wr\u00f3\u017cka"},"content":{"rendered":"<p>Albero Mio Przewijak Podr\u00f3\u017cny 418 Wr\u00f3\u017ckaPrzewijak podr\u00f3\u017cny, czyli inaczej sk\u0142adana mata do przewijania. Wymiar roz\u0142o\u017conej maty to d\u0142ugo\u015b\u0107 80 cm i szeroko\u015b\u0107 45 cm w \u0142atwy spos\u00f3b sk\u0142ada si\u0119 j\u0105 do mniejszych wymiar\u00f3w, kt\u00f3re wynosz\u0105 po z\u0142o\u017ceniu oko\u0142o d\u0142ugo\u015b\u0107 17 cm i szeroko\u015b\u0107 25 cm. Zajmuje ma\u0142o miejsca w torbie dzieci\u0119cej.<\/p>\n<h2>Albero Mio Przewijak Podr\u00f3\u017cny 418 Wr\u00f3\u017cka Albero Mio<\/h2>\n<p>malowanie past\u0105 do z\u0119b\u00f3w, wakacyjne kolorowanki, po\u0142\u0105cz kropki, rysunki dla pocz\u0105tkuj\u0105cych<\/p>\n<p>yyyyy<\/p>\n<p>&nbsp;<\/p>\n","protected":false},"excerpt":{"rendered":"<p>Albero Mio Przewijak Podr\u00f3\u017cny 418 Wr\u00f3\u017ckaPrzewijak podr\u00f3\u017cny, czyli inaczej sk\u0142adana mata do przewijania. Wymiar roz\u0142o\u017conej maty to d\u0142ugo\u015b\u0107 80 cm i szeroko\u015b\u0107 45 cm w \u0142atwy spos\u00f3b sk\u0142ada si\u0119 j\u0105 do mniejszych wymiar\u00f3w, kt\u00f3re wynosz\u0105 po z\u0142o\u017ceniu oko\u0142o d\u0142ugo\u015b\u0107 17 cm i szeroko\u015b\u0107 25 cm. Zajmuje ma\u0142o miejsca w torbie dzieci\u0119cej. Albero Mio Przewijak Podr\u00f3\u017cny [&hellip;]<\/p>\n","protected":false},"featured_media":3598,"comment_status":"closed","ping_status":"open","template":"","meta":[],"product_cat":[1086,958],"product_tag":[610,583,609,620,661],"class_list":["post-3597","product","type-product","status-publish","has-post-thumbnail","hentry","product_cat-albero-mio","product_cat-komody-kapielowe-wanienki-i-przewijaki","product_tag-co-na-prezent-dla-nastolatkow","product_tag-kolysanki-dla-dzieci-tekst","product_tag-quiz-flagi-europy","product_tag-quiz-opowiesci-z-narnii","product_tag-swinka-peppa-kolorowanka"],"_links":{"self":[{"href":"http:\/\/klubmamgdynia.pl\/index.php\/wp-json\/wp\/v2\/product\/3597","targetHints":{"allow":["GET"]}}],"collection":[{"href":"http:\/\/klubmamgdynia.pl\/index.php\/wp-json\/wp\/v2\/product"}],"about":[{"href":"http:\/\/klubmamgdynia.pl\/index.php\/wp-json\/wp\/v2\/types\/product"}],"replies":[{"embeddable":true,"href":"http:\/\/klubmamgdynia.pl\/index.php\/wp-json\/wp\/v2\/comments?post=3597"}],"wp:featuredmedia":[{"embeddable":true,"href":"http:\/\/klubmamgdynia.pl\/index.php\/wp-json\/wp\/v2\/media\/3598"}],"wp:attachment":[{"href":"http:\/\/klubmamgdynia.pl\/index.php\/wp-json\/wp\/v2\/media?parent=3597"}],"wp:term":[{"taxonomy":"product_cat","embeddable":true,"href":"http:\/\/klubmamgdynia.pl\/index.php\/wp-json\/wp\/v2\/product_cat?post=3597"},{"taxonomy":"product_tag","embeddable":true,"href":"http:\/\/klubmamgdynia.pl\/index.php\/wp-json\/wp\/v2\/product_tag?post=3597"}],"curies":[{"name":"wp","href":"https:\/\/api.w.org\/{rel}","templated":true}]}}