{"id":361,"date":"2014-10-15T14:23:43","date_gmt":"2014-10-15T12:23:43","guid":{"rendered":"http:\/\/klubmamgdynia.pl\/?post_type=product&#038;p=361"},"modified":"2026-04-24T19:00:12","modified_gmt":"2026-04-24T17:00:12","slug":"rodenstock-r7134-a-55-18-145","status":"publish","type":"product","link":"http:\/\/klubmamgdynia.pl\/index.php\/produkt\/rodenstock-r7134-a-55-18-145\/","title":{"rendered":"Rodenstock R7134 A (55-18-145)"},"content":{"rendered":"<p>Oprawy okularowe Rodenstock<\/p>\n<h2>Rodenstock R7134 A (55-18-145) Rodenstock<\/h2>\n<p>janusz, lol surprise kolorowanka, domki nad morzem z atrakcjami dla dzieci, smieszne zagadki, quizy psi patrol, \u017cyczenia na lany poniedzia\u0142ek wielkanocny, rado\u015b\u0107 dziecka cytaty, pieski, nastolatka, quiz o dinozaurach, mandale do druku, alina<\/p>\n<p>yyyyy<\/p>\n<p>&nbsp;<\/p>\n","protected":false},"excerpt":{"rendered":"<p>Oprawy okularowe Rodenstock Rodenstock R7134 A (55-18-145) Rodenstock janusz, lol surprise kolorowanka, domki nad morzem z atrakcjami dla dzieci, smieszne zagadki, quizy psi patrol, \u017cyczenia na lany poniedzia\u0142ek wielkanocny, rado\u015b\u0107 dziecka cytaty, pieski, nastolatka, quiz o dinozaurach, mandale do druku, alina yyyyy &nbsp;<\/p>\n","protected":false},"featured_media":362,"comment_status":"closed","ping_status":"open","template":"","meta":[],"product_cat":[149,148],"product_tag":[580,813,644,679],"class_list":["post-361","product","type-product","status-publish","has-post-thumbnail","hentry","product_cat-okulary-oprawki-i-szkla","product_cat-rodenstock","product_tag-janusz","product_tag-krotkie-zagadki-matematyczne-z-odpowiedziami","product_tag-mia","product_tag-zabawki-na-roczek-dla-dziewczynki"],"_links":{"self":[{"href":"http:\/\/klubmamgdynia.pl\/index.php\/wp-json\/wp\/v2\/product\/361","targetHints":{"allow":["GET"]}}],"collection":[{"href":"http:\/\/klubmamgdynia.pl\/index.php\/wp-json\/wp\/v2\/product"}],"about":[{"href":"http:\/\/klubmamgdynia.pl\/index.php\/wp-json\/wp\/v2\/types\/product"}],"replies":[{"embeddable":true,"href":"http:\/\/klubmamgdynia.pl\/index.php\/wp-json\/wp\/v2\/comments?post=361"}],"wp:featuredmedia":[{"embeddable":true,"href":"http:\/\/klubmamgdynia.pl\/index.php\/wp-json\/wp\/v2\/media\/362"}],"wp:attachment":[{"href":"http:\/\/klubmamgdynia.pl\/index.php\/wp-json\/wp\/v2\/media?parent=361"}],"wp:term":[{"taxonomy":"product_cat","embeddable":true,"href":"http:\/\/klubmamgdynia.pl\/index.php\/wp-json\/wp\/v2\/product_cat?post=361"},{"taxonomy":"product_tag","embeddable":true,"href":"http:\/\/klubmamgdynia.pl\/index.php\/wp-json\/wp\/v2\/product_tag?post=361"}],"curies":[{"name":"wp","href":"https:\/\/api.w.org\/{rel}","templated":true}]}}