{"id":3627,"date":"2021-08-19T22:28:22","date_gmt":"2021-08-19T20:28:22","guid":{"rendered":"http:\/\/klubmamgdynia.pl\/index.php\/produkt\/prysznic-slon-zabawka-do-kapieli-na-baterie-8366c\/"},"modified":"2026-04-27T07:34:13","modified_gmt":"2026-04-27T05:34:13","slug":"prysznic-slon-zabawka-do-kapieli-na-baterie-8366c","status":"publish","type":"product","link":"http:\/\/klubmamgdynia.pl\/index.php\/produkt\/prysznic-slon-zabawka-do-kapieli-na-baterie-8366c\/","title":{"rendered":"PRYSZNIC S\u0141O\u0143 ZABAWKA DO K\u0104PIELI NA BATERIE 8366C"},"content":{"rendered":"<p>Prysznic kran s\u0142o\u0144 zabawka do k\u0105pieli na baterie woda niebieski tr\u0105ba uszy przyssawkiPrysznic s\u0142onik to \u015bwietna zabawka do k\u0105pieli dla dzieci \ud83d\ude42 Twoje dziecko niech\u0119tnie si\u0119 k\u0105pie lub boi si\u0119 wody? Prysznic s\u0142onik mo\u017ce Ci pom\u00f3c zach\u0119ci\u0107 dziecko do k\u0105pieli :)Uatrakcyjnij k\u0105piel swojemu dziecku :)Zabawka jest na baterie!Prysznic posiada w\u0142\u0105cznik on\/off.Po jego naci\u015bni\u0119ciu woda sama leci z prysznica :)Prysznic ma z ty\u0142u cztery przyssawki, dzi\u0119ki kt\u00f3rym montuje si\u0119 go na kafelkach b\u0105d\u017a wannie.ZABAWKA MO\u017bE PE\u0141NI\u0106 FUNKJ\u0118:prysznica, pod kt\u00f3rym mo\u017cna k\u0105pa\u0107 i sp\u0142ukiwa\u0107 dzieckokranu, pod kt\u00f3rym dziecko mo\u017ce uczy\u0107 si\u0119 my\u0107 r\u0105czki, albo sw\u00f3j kubeczek.Po zanurzeniu chmurki z t\u0119cz\u0105 znajduj\u0105cej si\u0119 na ko\u0144cu rury w wodzie, zabawka pompuje wod\u0119.G\u00f3rny w\u0105\u017c z ko\u0144c\u00f3wk\u0105 prysznica jest gi\u0119tki i elastyczny, mo\u017cna wod\u0119 nakierowa\u0107 w dowolnym kierunku.Zabawka rozwija:zdolno\u015bci logicznego my\u015bleniawspomaga rozw\u00f3j dzieckapozwala poznawa\u0107 koloryrozwija koordynacj\u0119 wzrokowo-ruchow\u0105pomaga identyfikowa\u0107 kszta\u0142tyWymiary opakowania: 23,5 x 21 x 9,5 cmWymiary zabawki:Wysoko\u015b\u0107 z rur\u0105: 69,5 cmSzeroko\u015b\u0107: 16 cmG\u0142\u0119boko\u015b\u0107: 9 cmBaterie: 4 x AAA (brak w zestawie)Wiek: 3+Zabawka posiada certyfikat CE, En71.Na innej aukcji dost\u0119pny jest kolor niebieskiZABAWKA ZAPAKOWANA W \u0141ADNE KOLOROWE PUDE\u0141KO, IDEALNIE NADAJE SI\u0118 NA PREZENT.DODAJ KOLEJNY WIERSZ&#8230;<\/p>\n<h2>PRYSZNIC S\u0141O\u0143 ZABAWKA DO K\u0104PIELI NA BATERIE 8366C Luxma<\/h2>\n<p>zagadki nie do rozwi\u0105zania, celina, wydarzenia dla dzieci warszawa, co mo\u017cna zrobi\u0107 z rolki papieru, test na patologi\u0119 z kubusia puchatka, konstancja imie, jak narysowa\u0107 sanie miko\u0142aja, \u015bwi\u0119ty przemys\u0142aw<\/p>\n<p>yyyyy<\/p>\n<p>&nbsp;<\/p>\n","protected":false},"excerpt":{"rendered":"<p>Prysznic kran s\u0142o\u0144 zabawka do k\u0105pieli na baterie woda niebieski tr\u0105ba uszy przyssawkiPrysznic s\u0142onik to \u015bwietna zabawka do k\u0105pieli dla dzieci \ud83d\ude42 Twoje dziecko niech\u0119tnie si\u0119 k\u0105pie lub boi si\u0119 wody? Prysznic s\u0142onik mo\u017ce Ci pom\u00f3c zach\u0119ci\u0107 dziecko do k\u0105pieli :)Uatrakcyjnij k\u0105piel swojemu dziecku :)Zabawka jest na baterie!Prysznic posiada w\u0142\u0105cznik on\/off.Po jego naci\u015bni\u0119ciu woda sama [&hellip;]<\/p>\n","protected":false},"featured_media":3628,"comment_status":"closed","ping_status":"open","template":"","meta":[],"product_cat":[327,518],"product_tag":[763,711,682,741],"class_list":["post-3627","product","type-product","status-publish","has-post-thumbnail","hentry","product_cat-luxma","product_cat-zabawki-wodne","product_tag-fabian","product_tag-prezenty-dla-nastolatkow","product_tag-przyjazn-cytaty","product_tag-wlochy"],"_links":{"self":[{"href":"http:\/\/klubmamgdynia.pl\/index.php\/wp-json\/wp\/v2\/product\/3627","targetHints":{"allow":["GET"]}}],"collection":[{"href":"http:\/\/klubmamgdynia.pl\/index.php\/wp-json\/wp\/v2\/product"}],"about":[{"href":"http:\/\/klubmamgdynia.pl\/index.php\/wp-json\/wp\/v2\/types\/product"}],"replies":[{"embeddable":true,"href":"http:\/\/klubmamgdynia.pl\/index.php\/wp-json\/wp\/v2\/comments?post=3627"}],"wp:featuredmedia":[{"embeddable":true,"href":"http:\/\/klubmamgdynia.pl\/index.php\/wp-json\/wp\/v2\/media\/3628"}],"wp:attachment":[{"href":"http:\/\/klubmamgdynia.pl\/index.php\/wp-json\/wp\/v2\/media?parent=3627"}],"wp:term":[{"taxonomy":"product_cat","embeddable":true,"href":"http:\/\/klubmamgdynia.pl\/index.php\/wp-json\/wp\/v2\/product_cat?post=3627"},{"taxonomy":"product_tag","embeddable":true,"href":"http:\/\/klubmamgdynia.pl\/index.php\/wp-json\/wp\/v2\/product_tag?post=3627"}],"curies":[{"name":"wp","href":"https:\/\/api.w.org\/{rel}","templated":true}]}}