{"id":3663,"date":"2017-05-24T13:21:44","date_gmt":"2017-05-24T11:21:44","guid":{"rendered":"http:\/\/klubmamgdynia.pl\/index.php\/produkt\/zestaw-samochodow-6-autek-policja-ruchome-el-6j\/"},"modified":"2026-05-17T23:08:40","modified_gmt":"2026-05-17T21:08:40","slug":"zestaw-samochodow-6-autek-policja-ruchome-el-6j","status":"publish","type":"product","link":"http:\/\/klubmamgdynia.pl\/index.php\/produkt\/zestaw-samochodow-6-autek-policja-ruchome-el-6j\/","title":{"rendered":"Zestaw samochod\u00f3w 6 autek policja ruchome el. 6J"},"content":{"rendered":"<p>Zestaw 6 samochod\u00f3w policja ruchome elementy nap\u0119d manualny niebieski helikopter koperka ci\u0119\u017car\u00f3wka autobusCzy Twoje dziecko marzy o tym, aby by\u0107 policjantem? Interaktywny zestaw woz\u00f3w policyjnych to zabawka idealna dla niego!Wymiary radiowozu: 20 x 9 x 10,5 cmWymiary helikoptera: 26 x 12 x 20,5 cmWymiary autobusu: 25 x 8 x 6 cmWymiary wywrotki: 22 x 9 x 10 cmWymiary koparki z du\u017c\u0105 \u0142ych\u0105: 29 x 10 x 18 cmWymiary koparki z ma\u0142\u0105 \u0142ych\u0105: 32,5 x 22,5 x 9,5 cmWiek: 3+Zabawka posiada certyfikat CE, EN71.Realistyczne odwzorowanie prawdziwych woz\u00f3w policyjnych na nap\u0119d manualny i z ruchomymi elementami zapewni\u0105 Twojemu dziecku zabaw\u0119 na d\u0142ugi czas.Wszystkie ko\u0142a si\u0119 kr\u0119c\u0105, auta je\u017cd\u017c\u0105 do przodu na nap\u0119d manualny, wystarczy kilka razy nap\u0119dzi\u0107 autko, pu\u015bci\u0107 i samo jedzie.W sk\u0142ad zestawu wchodzi:Radiow\u00f3z z nap\u0119dem manualnym.Helikopter z nap\u0119dem manualnym. Pchaj\u0105c helikopter do przodu, obracaj\u0105 si\u0119 \u015amig\u0142a.Wywrotka z podnoszon\u0105 i otwieran\u0105 naczep\u0105 i nap\u0119dem manualnym.Autobus z nap\u0119dem manualnym.Koparka z du\u017c\u0105, ruchom\u0105 \u0142ych\u0105 i nap\u0119dem manualnym.Koparka z ma\u0142\u0105, ruchom\u0105 \u0142ych\u0105 i nap\u0119dem manualnym.Wymiary opakowania: 78 x 28 x 11 cmWymiary radiowozu: 20 x 9 x 10,5 cmWymiary helikoptera: 26 x 12 x 20,5 cmWymiary autobusu: 25 x 8 x 6 cmWymiary wywrotki: 22 x 9 x 10 cmWymiary koparki z du\u017c\u0105 \u0142ych\u0105: 29 x 10 x 18 cmWymiary koparki z ma\u0142\u0105 \u0142ych\u0105: 32,5 x 22,5 x 9,5 cmWiek: 3+Zabawka posiada certyfikat CE, EN71.Zabawka zapakowana w \u0142adne kolorowe pude\u0142ko z okienkiem, i r\u0105czk\u0105 idealnie nadaje si\u0119 na prezent&#8230;.<\/p>\n<h2>Zestaw samochod\u00f3w 6 autek policja ruchome el. 6J Luxma<\/h2>\n<p>najlepsze place zabaw warszawa, dary jesieni kolorowanki jesie\u0144, prezent dla nastoletniego ch\u0142opca, bianka, ma\u0142o nas do pieczenia chleba, elzbieta imie, kolorowanki my little pony, bajka terapeutyczna o dokuczaniu, cytat o rodzinie, trudne zagadki logiczne z odpowiedziami, jak narysowa\u0107 anio\u0142ka, prezenty dla 7 latki, zagadki matematyczne dla dzieci, sporty po francusku, prezent na roczek dla chlopca, kartka walentynkowa r\u0119cznie robiona \u0142atwa, malowanki dla dziewczynek, wiersz o g\u00f3rniku<\/p>\n<p>yyyyy<\/p>\n<p>&nbsp;<\/p>\n","protected":false},"excerpt":{"rendered":"<p>Zestaw 6 samochod\u00f3w policja ruchome elementy nap\u0119d manualny niebieski helikopter koperka ci\u0119\u017car\u00f3wka autobusCzy Twoje dziecko marzy o tym, aby by\u0107 policjantem? Interaktywny zestaw woz\u00f3w policyjnych to zabawka idealna dla niego!Wymiary radiowozu: 20 x 9 x 10,5 cmWymiary helikoptera: 26 x 12 x 20,5 cmWymiary autobusu: 25 x 8 x 6 cmWymiary wywrotki: 22 x 9 [&hellip;]<\/p>\n","protected":false},"featured_media":3664,"comment_status":"closed","ping_status":"open","template":"","meta":[],"product_cat":[83,327],"product_tag":[666,847,774,588],"class_list":["post-3663","product","type-product","status-publish","has-post-thumbnail","hentry","product_cat-auta-i-inne-pojazdy-do-zabawy","product_cat-luxma","product_tag-afrykanskie-imiona","product_tag-kolorowanki-pokemon","product_tag-prezent-na-roczek-nie-zabawka","product_tag-wzruszajace-slowa-dla-przyjaciela"],"_links":{"self":[{"href":"http:\/\/klubmamgdynia.pl\/index.php\/wp-json\/wp\/v2\/product\/3663","targetHints":{"allow":["GET"]}}],"collection":[{"href":"http:\/\/klubmamgdynia.pl\/index.php\/wp-json\/wp\/v2\/product"}],"about":[{"href":"http:\/\/klubmamgdynia.pl\/index.php\/wp-json\/wp\/v2\/types\/product"}],"replies":[{"embeddable":true,"href":"http:\/\/klubmamgdynia.pl\/index.php\/wp-json\/wp\/v2\/comments?post=3663"}],"wp:featuredmedia":[{"embeddable":true,"href":"http:\/\/klubmamgdynia.pl\/index.php\/wp-json\/wp\/v2\/media\/3664"}],"wp:attachment":[{"href":"http:\/\/klubmamgdynia.pl\/index.php\/wp-json\/wp\/v2\/media?parent=3663"}],"wp:term":[{"taxonomy":"product_cat","embeddable":true,"href":"http:\/\/klubmamgdynia.pl\/index.php\/wp-json\/wp\/v2\/product_cat?post=3663"},{"taxonomy":"product_tag","embeddable":true,"href":"http:\/\/klubmamgdynia.pl\/index.php\/wp-json\/wp\/v2\/product_tag?post=3663"}],"curies":[{"name":"wp","href":"https:\/\/api.w.org\/{rel}","templated":true}]}}