{"id":3699,"date":"2024-08-08T07:54:15","date_gmt":"2024-08-08T05:54:15","guid":{"rendered":"http:\/\/klubmamgdynia.pl\/?post_type=product&#038;p=3699"},"modified":"2026-05-17T23:05:43","modified_gmt":"2026-05-17T21:05:43","slug":"bigtoys-zestaw-kuchenny-bzes5729-zabawka","status":"publish","type":"product","link":"http:\/\/klubmamgdynia.pl\/index.php\/produkt\/bigtoys-zestaw-kuchenny-bzes5729-zabawka\/","title":{"rendered":"Bigtoys Zestaw Kuchenny Bzes5729 &#8211; Zabawka"},"content":{"rendered":"<p>Zestaw kuchenny.Zawiera liczne akcesoria: garnki z pokrywkami, \u0142y\u017cki, patelnie, kuchenk\u0119.Wyst\u0119puje w 2 wariantach (sprzedawane oddzielnie)Wymiary opakowania: 30,5 x 21 x 3 cmWiek: 3+&#8230;<\/p>\n<h2>Bigtoys Zestaw Kuchenny Bzes5729 &#8211; Zabawka Bigtoys<\/h2>\n<p>zagadki na inteligencj\u0119 z odpowiedziami, bajki dla dzieci do czytania, znaczenie imienia lilia, piosenki dla dzieci o jesieni, prezent roczek dziewczynka, milan imi\u0119, jagna, test opowie\u015b\u0107 wigilijna, kolorowanki do druku zwierz\u0119ta, lol kolorowanka, traktor z przyczep\u0105 kolorowanka, tezeusz<\/p>\n<p>yyyyy<\/p>\n<p>&nbsp;<\/p>\n","protected":false},"excerpt":{"rendered":"<p>Zestaw kuchenny.Zawiera liczne akcesoria: garnki z pokrywkami, \u0142y\u017cki, patelnie, kuchenk\u0119.Wyst\u0119puje w 2 wariantach (sprzedawane oddzielnie)Wymiary opakowania: 30,5 x 21 x 3 cmWiek: 3+&#8230; Bigtoys Zestaw Kuchenny Bzes5729 &#8211; Zabawka Bigtoys zagadki na inteligencj\u0119 z odpowiedziami, bajki dla dzieci do czytania, znaczenie imienia lilia, piosenki dla dzieci o jesieni, prezent roczek dziewczynka, milan imi\u0119, jagna, test [&hellip;]<\/p>\n","protected":false},"featured_media":3700,"comment_status":"closed","ping_status":"open","template":"","meta":[],"product_cat":[331,53],"product_tag":[722,626,862,803,778],"class_list":["post-3699","product","type-product","status-publish","has-post-thumbnail","hentry","product_cat-bigtoys","product_cat-kaciki-zabaw","product_tag-cytaty-o-przyjazni","product_tag-jacek","product_tag-nasza-zima-zla-tekst","product_tag-szlaczki-do-druku","product_tag-zabawki-na-roczek-dla-chlopca"],"_links":{"self":[{"href":"http:\/\/klubmamgdynia.pl\/index.php\/wp-json\/wp\/v2\/product\/3699","targetHints":{"allow":["GET"]}}],"collection":[{"href":"http:\/\/klubmamgdynia.pl\/index.php\/wp-json\/wp\/v2\/product"}],"about":[{"href":"http:\/\/klubmamgdynia.pl\/index.php\/wp-json\/wp\/v2\/types\/product"}],"replies":[{"embeddable":true,"href":"http:\/\/klubmamgdynia.pl\/index.php\/wp-json\/wp\/v2\/comments?post=3699"}],"wp:featuredmedia":[{"embeddable":true,"href":"http:\/\/klubmamgdynia.pl\/index.php\/wp-json\/wp\/v2\/media\/3700"}],"wp:attachment":[{"href":"http:\/\/klubmamgdynia.pl\/index.php\/wp-json\/wp\/v2\/media?parent=3699"}],"wp:term":[{"taxonomy":"product_cat","embeddable":true,"href":"http:\/\/klubmamgdynia.pl\/index.php\/wp-json\/wp\/v2\/product_cat?post=3699"},{"taxonomy":"product_tag","embeddable":true,"href":"http:\/\/klubmamgdynia.pl\/index.php\/wp-json\/wp\/v2\/product_tag?post=3699"}],"curies":[{"name":"wp","href":"https:\/\/api.w.org\/{rel}","templated":true}]}}