{"id":3701,"date":"2025-05-23T14:19:29","date_gmt":"2025-05-23T12:19:29","guid":{"rendered":"http:\/\/klubmamgdynia.pl\/?post_type=product&#038;p=3701"},"modified":"2026-05-17T22:09:51","modified_gmt":"2026-05-17T20:09:51","slug":"luxma-grube-puzzle-piankowe-mata-eva-9-szt-zwierzatka-38","status":"publish","type":"product","link":"http:\/\/klubmamgdynia.pl\/index.php\/produkt\/luxma-grube-puzzle-piankowe-mata-eva-9-szt-zwierzatka-38\/","title":{"rendered":"Luxma GRUBE PUZZLE PIANKOWE MATA EVA 9 SZT ZWIERZ\u0104TKA 38"},"content":{"rendered":"<p>GRUBE PUZZLE PIANKOWE MATA EVA 9 SZT ZWIERZ\u0104TKA ZWIERFZ\u0118TA HK038Od zawsze wiadomo, \u017ce najlepiej dzieci bawi\u0105 si\u0119 na pod\u0142odze. Puzzle piankowe to idealne rozwi\u0105zanie poniewa\u017c chroni\u0105 dzieci przed zimnem, s\u0105 mi\u0119kkie i wygodne, a zarazem s\u0105 \u015bwietn\u0105 zabawk\u0105 edukacyjn\u0105. Nadaj\u0105 si\u0119 zar\u00f3wno do ochrony, jak i do zabawy.Wymiary jednego puzzla: 30 x 30 x 1 cmGrubo\u015b\u0107 jednego puzzla: 1 cmWiek: 3+Zabawka posiada certyfikat CE, En71.W sk\u0142ad zestawu wchodzi 9 puzzli z wyjmowanymi elementami zwierz\u0105tkami:W\u0105\u017cKrabPszcz\u00f3\u0142kaPiesek\u015alimakWiewi\u00f3rkaKogutMotylekPtaszekPuzzle piankowe mo\u017cna roz\u0142o\u017cy\u0107 na pod\u0142odze jak mat\u0119, tworz\u0105c mi\u0119kki i chroni\u0105cy przed zimnem dywanik o wymiarach 90 x 90 cm. Dzieci mog\u0105 rozsypa\u0107 sobie na nich zabawki i bawi\u0107 si\u0119, lub czyta\u0107 ksi\u0105\u017cki, czy odrabia\u0107 lekcje. M\u0142odsze dzieci mog\u0105 r\u00f3wnie\u017c ucina\u0107 sobie na macie drzemk\u0119.Puzzle mog\u0105 r\u00f3wnie\u017c pe\u0142ni\u0107 funkcj\u0119 zabawki, z puzzli mo\u017cna u\u0142o\u017cy\u0107 sze\u015bcienn\u0105 kostk\u0119, elementy &#8211; zwierz\u0105tka, s\u0105 wyjmowane, wi\u0119c mog\u0105 pos\u0142u\u017cy\u0107 jako puzzle.Dzieci dzi\u0119ki naszym puzzlom naucz\u0105 si\u0119 pierwszych kolor\u00f3w, liczy\u0107 do dziewi\u0119ciu, oraz uczy\u0107 si\u0119 nazw zwierz\u0105tek.Puzzle piankowe s\u0105 w \u015blicznych kolorach i posiadaj\u0105 pi\u0119kne wzory, zabawka na pewno zaciekawi Twoje dziecko, na dodatek pos\u0142u\u017cy mu d\u0142ugo od ma\u0142ego do du\u017cego.Wymiary opakowania: 30 x 30 x 9 cmWymiary jednego puzzla: 30 x 30 x 1 cmGrubo\u015b\u0107 jednego puzzla: 1 cmWiek: 3+Zabawka posiada certyfikat CE, En71.<\/p>\n<h2>Luxma GRUBE PUZZLE PIANKOWE MATA EVA 9 SZT ZWIERZ\u0104TKA 38 Luxma<\/h2>\n<p>prezent na 1 urodziny dla ch\u0142opca, imie pola, znaczenie imienia alan, bajka o poci\u0105gu do czytania, paj\u0105czek na rowerze test, kolorowanki do druku dla dziewczynek, darmowe kolorowanki do druku, kolorowanka mia i ja, tezeusz, kolorowanka ze zdj\u0119cia, zagadki o dinozaurach, szablon krokus kolorowanka, sentencje o dzieciach, testy z lektury opowie\u015bci z narnii lew czarownica i stara szafa, kolorowanki do druku konie, gdy strumyk p\u0142ynie z wolna, lol surprise kolorowanki, kolorowanka wakacje, prezent dla nastolatk\u00f3w 2020, quiz o koniach<\/p>\n<p>yyyyy<\/p>\n<p>&nbsp;<\/p>\n","protected":false},"excerpt":{"rendered":"<p>GRUBE PUZZLE PIANKOWE MATA EVA 9 SZT ZWIERZ\u0104TKA ZWIERFZ\u0118TA HK038Od zawsze wiadomo, \u017ce najlepiej dzieci bawi\u0105 si\u0119 na pod\u0142odze. Puzzle piankowe to idealne rozwi\u0105zanie poniewa\u017c chroni\u0105 dzieci przed zimnem, s\u0105 mi\u0119kkie i wygodne, a zarazem s\u0105 \u015bwietn\u0105 zabawk\u0105 edukacyjn\u0105. Nadaj\u0105 si\u0119 zar\u00f3wno do ochrony, jak i do zabawy.Wymiary jednego puzzla: 30 x 30 x 1 [&hellip;]<\/p>\n","protected":false},"featured_media":3702,"comment_status":"closed","ping_status":"open","template":"","meta":[],"product_cat":[327,55],"product_tag":[610,707,729,621,587,616,721],"class_list":["post-3701","product","type-product","status-publish","has-post-thumbnail","hentry","product_cat-luxma","product_cat-maty-edukacyjne","product_tag-co-na-prezent-dla-nastolatkow","product_tag-karty-pracy-dla-dzieci-z-ukrainy","product_tag-madre-bajki-dla-dzieci-do-czytania","product_tag-prezenty-roczek","product_tag-skalne-miasto","product_tag-test-mikolajek-25-pytan","product_tag-zagadki-matematyczne"],"_links":{"self":[{"href":"http:\/\/klubmamgdynia.pl\/index.php\/wp-json\/wp\/v2\/product\/3701","targetHints":{"allow":["GET"]}}],"collection":[{"href":"http:\/\/klubmamgdynia.pl\/index.php\/wp-json\/wp\/v2\/product"}],"about":[{"href":"http:\/\/klubmamgdynia.pl\/index.php\/wp-json\/wp\/v2\/types\/product"}],"replies":[{"embeddable":true,"href":"http:\/\/klubmamgdynia.pl\/index.php\/wp-json\/wp\/v2\/comments?post=3701"}],"wp:featuredmedia":[{"embeddable":true,"href":"http:\/\/klubmamgdynia.pl\/index.php\/wp-json\/wp\/v2\/media\/3702"}],"wp:attachment":[{"href":"http:\/\/klubmamgdynia.pl\/index.php\/wp-json\/wp\/v2\/media?parent=3701"}],"wp:term":[{"taxonomy":"product_cat","embeddable":true,"href":"http:\/\/klubmamgdynia.pl\/index.php\/wp-json\/wp\/v2\/product_cat?post=3701"},{"taxonomy":"product_tag","embeddable":true,"href":"http:\/\/klubmamgdynia.pl\/index.php\/wp-json\/wp\/v2\/product_tag?post=3701"}],"curies":[{"name":"wp","href":"https:\/\/api.w.org\/{rel}","templated":true}]}}