{"id":3705,"date":"2023-11-24T21:58:49","date_gmt":"2023-11-24T20:58:49","guid":{"rendered":"http:\/\/klubmamgdynia.pl\/?post_type=product&#038;p=3705"},"modified":"2026-04-05T18:56:57","modified_gmt":"2026-04-05T16:56:57","slug":"lionelo-uchwyt-na-kubek-do-wozka","status":"publish","type":"product","link":"http:\/\/klubmamgdynia.pl\/index.php\/produkt\/lionelo-uchwyt-na-kubek-do-wozka\/","title":{"rendered":"Lionelo Uchwyt na Kubek do W\u00f3zka"},"content":{"rendered":"<p>Lionelo Uchwyt na Kubek do W\u00f3zkaMontowany do ramy w\u00f3zka stabilnie utrzymuje pojemnik z napojem<\/p>\n<h2>Lionelo Uchwyt na Kubek do W\u00f3zka Lionelo<\/h2>\n<p>kolorowanka harry potter, ale kino program, kwiecien plecien, radiowe nuty niech zyja wakacje, kalendarz adwentowy diy z rolek, kontynenty do druku, kolorowanki my little pony, spongebob kolorowanka, julian znaczenie, znaczenie imiona kinga, prosta zagadka, dobranoc zimowo, zaproszenie na urodziny do druku pdf, wiersze o wio\u015bnie jana brzechwy, m.i.a., kolorowanka myszka minnie, nauczyciel cytaty, matylda imi\u0119, nietypowe imiona, quiz flagi europy, jak zrobi\u0107 samolot z papieru<\/p>\n<p>yyyyy<\/p>\n<p>&nbsp;<\/p>\n","protected":false},"excerpt":{"rendered":"<p>Lionelo Uchwyt na Kubek do W\u00f3zkaMontowany do ramy w\u00f3zka stabilnie utrzymuje pojemnik z napojem Lionelo Uchwyt na Kubek do W\u00f3zka Lionelo kolorowanka harry potter, ale kino program, kwiecien plecien, radiowe nuty niech zyja wakacje, kalendarz adwentowy diy z rolek, kontynenty do druku, kolorowanki my little pony, spongebob kolorowanka, julian znaczenie, znaczenie imiona kinga, prosta zagadka, [&hellip;]<\/p>\n","protected":false},"featured_media":3706,"comment_status":"closed","ping_status":"open","template":"","meta":[],"product_cat":[127,967],"product_tag":[789,663,697,807,872],"class_list":["post-3705","product","type-product","status-publish","has-post-thumbnail","hentry","product_cat-akcesoria-do-wozkow","product_cat-lionelo","product_tag-kaczuszka","product_tag-kolorowanki-dla-dzieci-do-druku","product_tag-krotkie-bajki-do-czytania","product_tag-logiczne-zagadki","product_tag-zagadki-dla-dzieci-6-lat"],"_links":{"self":[{"href":"http:\/\/klubmamgdynia.pl\/index.php\/wp-json\/wp\/v2\/product\/3705","targetHints":{"allow":["GET"]}}],"collection":[{"href":"http:\/\/klubmamgdynia.pl\/index.php\/wp-json\/wp\/v2\/product"}],"about":[{"href":"http:\/\/klubmamgdynia.pl\/index.php\/wp-json\/wp\/v2\/types\/product"}],"replies":[{"embeddable":true,"href":"http:\/\/klubmamgdynia.pl\/index.php\/wp-json\/wp\/v2\/comments?post=3705"}],"wp:featuredmedia":[{"embeddable":true,"href":"http:\/\/klubmamgdynia.pl\/index.php\/wp-json\/wp\/v2\/media\/3706"}],"wp:attachment":[{"href":"http:\/\/klubmamgdynia.pl\/index.php\/wp-json\/wp\/v2\/media?parent=3705"}],"wp:term":[{"taxonomy":"product_cat","embeddable":true,"href":"http:\/\/klubmamgdynia.pl\/index.php\/wp-json\/wp\/v2\/product_cat?post=3705"},{"taxonomy":"product_tag","embeddable":true,"href":"http:\/\/klubmamgdynia.pl\/index.php\/wp-json\/wp\/v2\/product_tag?post=3705"}],"curies":[{"name":"wp","href":"https:\/\/api.w.org\/{rel}","templated":true}]}}