{"id":3711,"date":"2023-02-18T04:50:53","date_gmt":"2023-02-18T03:50:53","guid":{"rendered":"http:\/\/klubmamgdynia.pl\/?post_type=product&#038;p=3711"},"modified":"2026-04-24T22:23:02","modified_gmt":"2026-04-24T20:23:02","slug":"viga-drewniana-tablica-gasiennica-certyfikat-fsc-44557","status":"publish","type":"product","link":"http:\/\/klubmamgdynia.pl\/index.php\/produkt\/viga-drewniana-tablica-gasiennica-certyfikat-fsc-44557\/","title":{"rendered":"Viga Drewniana Tablica G\u0105siennica Certyfikat FSC 44557"},"content":{"rendered":"<p>Wielofunkcyjna tablica \u015bcienna z uroczym wizerunkiem g\u0105sienicy. Zestaw sk\u0142ada si\u0119 z 5 tablic z r\u00f3\u017cnymi funkcjami. Tablice s\u0105 bardzo \u0142atwe w monta\u017cu i demonta\u017cu, jak r\u00f3wnie\u017c w transporcie. G\u0142owa g\u0105sienicy posiada metalowe p\u0119tl\u0119, z drewnianymi koralikami, kt\u00f3re dziecko mo\u017ce w dowolny spos\u00f3b przek\u0142ada\u0107 wzd\u0142u\u017c labiryntu. Na drugiej tablicy znajduj\u0105 si\u0119 ko\u0142a z r\u00f3\u017cnymi wzorami, kt\u00f3re dzi\u0119ki obracaniu b\u0119d\u0105 pokazywa\u0142y dziecku niesamowite efekty wizualne w zale\u017cno\u015bci od tego z jak\u0105 pr\u0119dko\u015bci\u0105 b\u0119dzie obracane ko\u0142o. Na trzeciej tablicy dziecko mo\u017ce poznawa\u0107 jakie barwy powstaj\u0105 w wyniku wymieszania 3 podstawowych kolor\u00f3w: czerwony, \u017c\u00f3\u0142ty i niebieski. Na czwartej tablicy znajduj\u0119 si\u0119 model 5 rodzai zamk\u00f3w zamk\u00f3w. Po otwarciu ka\u017cdego z nich dziecko mo\u017ce zapozna\u0107 si\u0119 z 5 r\u00f3\u017cnymi materia\u0142ami (EVA, rzepy, lustro, tkanina filcowa, tektura falista). Ostatnia tablica tylko z pozoru wygl\u0105da na \u0142atwy sprz\u0119t. Dzieci mog\u0105 samodzielnie \u0142\u0105czy\u0107 r\u00f3\u017cne konstrukcje k\u00f3\u0142 z\u0119batych. Tablica z wizerunkiem g\u0105sienicy jest zabawk\u0105 na kt\u00f3rej jednocze\u015bnie mo\u017ce si\u0119 bawi\u0107 kilkoro dzieci. Mog\u0105 nie tylko bawi\u0107 si\u0119 dla przyjemno\u015bci, ale tak\u017ce wiele si\u0119 nauczy\u0107. Pomaga w nauce kolor\u00f3w, d\u017awi\u0119ku, grafiki. Rozwija r\u00f3wnie\u017c koordynacj\u0119 r\u0119ka-oko oraz umiej\u0119tno\u015bci spo\u0142eczne. Genialna kombinacja zabawek dla szk\u00f3\u0142, przedszkoli, centr\u00f3w nauki oraz miejsc publicznych. Produkt przeznaczony dla dzieci powy\u017cej18 miesi\u0105ca \u017cycia.Charakterystyka:- tablica \u015bcienna sk\u0142adaj\u0105c\u0105 si\u0119 z 5 cz\u0119\u015bci w kszta\u0142cie g\u0105sienicy- ka\u017cda cz\u0119\u015b\u0107 to zupe\u0142nie inna zabawka, kt\u00f3ra uczy poprzez zabaw\u0119- tablica bardzo \u0142atwa w monta\u017cu, demonta\u017cu oraz transporcie- wykonana zosta\u0142a z drewna lakierowanego- pomalowana nie toksycznymi farbami w \u017cywe barwy- produkt przeznaczony dla dzieci powy\u017cej18 miesi\u0105ca \u017cycia.Zabawka :- rozwija zdolno\u015b\u0107 logicznego my\u015blenia- pomaga w nauce kolor\u00f3w- pomaga w nauce cyfr- rozwija zdolno\u015bci manualne u dziecka- wspomaga umiej\u0119tno\u015bci sensoryczne- rozwija koordynacj\u0119 r\u0119ka-oko- uczy pracy w grupie- wspomaga umiej\u0119tno\u015b\u0107 dzielenia si\u0119Ekozabawki  skierowane s\u0105 ju\u017c dla najm\u0142odszych dzieci, kt\u00f3re wykonuje si\u0119 z ca\u0142kowicie naturalnych, biodegradowalnych oraz hipoalergicznych materia\u0142\u00f3w, dzi\u0119ki czemu s\u0105 one w stu procentach bezpieczne i nieszkodliwe nie tylko dla samego \u015brodowiska, ale tak\u017ce i dla Twojej pociechy.Viga jest mark\u0105 zarejestrowan\u0105 w 2003 roku lecz ju\u017c obecn\u0105 w ponad 60 krajach na \u015bwiecie. Ich innowacyjne pomys\u0142y zdoby\u0142y uznanie min. w Europie,USA dalekiej Australii oraz Japonii.Za\u0142o\u017cyciele firmy zwr\u00f3cili uwag\u0119 na wyniki bada\u0144 wskazuj\u0105cych na zwi\u0105zek pomi\u0119dzy zabaw\u0105 i uczeniem si\u0119 we wczesnych latach rozwoju dzieci. Aby pom\u00f3c rodzicom oraqz plac\u00f3wkom edukacyjnym w wychowywaniu dzieci i ratowa\u0107 ich przed wirtualnym \u015bwiatem, kt\u00f3ry w du\u017cym stopniu mo\u017ce wypaczy\u0107 rzeczywisto\u015b\u0107 producent oferuje innowacyjny asortyment wykonany z naturalnych tworzyw uzyskanych podczas ekologicznych proces\u00f3w produkcji.Bezpiecze\u0144stwo i jako\u015b\u0107 produkt\u00f3w drewnianych to priorytet dla Vigi,producent zadba\u0142 o to aby farby,kt\u00f3rymi maluj\u0105 zabawki spe\u0142nia\u0142y normy bezpiecze\u0144stwa EN71 oraz ASTM.<\/p>\n<h2>Viga Drewniana Tablica G\u0105siennica Certyfikat FSC 44557 Viga<\/h2>\n<p>krzy\u017c\u00f3wki dla dzieci, choinka kolorowanka szablon, iwo imi\u0119, czerwony kapturek kolorowanka, opisy o rodzinie, plac zabaw pozna\u0144, pomys\u0142 na prezent dla nastolatki, imi\u0119 r\u00f3\u017ca, zagadki dla dzieci do druku<\/p>\n<p>yyyyy<\/p>\n<p>&nbsp;<\/p>\n","protected":false},"excerpt":{"rendered":"<p>Wielofunkcyjna tablica \u015bcienna z uroczym wizerunkiem g\u0105sienicy. Zestaw sk\u0142ada si\u0119 z 5 tablic z r\u00f3\u017cnymi funkcjami. Tablice s\u0105 bardzo \u0142atwe w monta\u017cu i demonta\u017cu, jak r\u00f3wnie\u017c w transporcie. G\u0142owa g\u0105sienicy posiada metalowe p\u0119tl\u0119, z drewnianymi koralikami, kt\u00f3re dziecko mo\u017ce w dowolny spos\u00f3b przek\u0142ada\u0107 wzd\u0142u\u017c labiryntu. Na drugiej tablicy znajduj\u0105 si\u0119 ko\u0142a z r\u00f3\u017cnymi wzorami, kt\u00f3re [&hellip;]<\/p>\n","protected":false},"featured_media":3712,"comment_status":"closed","ping_status":"open","template":"","meta":[],"product_cat":[537,1106],"product_tag":[815,596,602,695,649],"class_list":["post-3711","product","type-product","status-publish","has-post-thumbnail","hentry","product_cat-pozostale-zabawki-edukacyjne","product_cat-viga","product_tag-ozdoby-choinkowe-dla-dzieci","product_tag-pomysly-na-prima-aprilis","product_tag-quiz-o-zwierzetach-domowych","product_tag-rzadkie-imiona-zenskie","product_tag-zagadki-dla-nastolatkow"],"_links":{"self":[{"href":"http:\/\/klubmamgdynia.pl\/index.php\/wp-json\/wp\/v2\/product\/3711","targetHints":{"allow":["GET"]}}],"collection":[{"href":"http:\/\/klubmamgdynia.pl\/index.php\/wp-json\/wp\/v2\/product"}],"about":[{"href":"http:\/\/klubmamgdynia.pl\/index.php\/wp-json\/wp\/v2\/types\/product"}],"replies":[{"embeddable":true,"href":"http:\/\/klubmamgdynia.pl\/index.php\/wp-json\/wp\/v2\/comments?post=3711"}],"wp:featuredmedia":[{"embeddable":true,"href":"http:\/\/klubmamgdynia.pl\/index.php\/wp-json\/wp\/v2\/media\/3712"}],"wp:attachment":[{"href":"http:\/\/klubmamgdynia.pl\/index.php\/wp-json\/wp\/v2\/media?parent=3711"}],"wp:term":[{"taxonomy":"product_cat","embeddable":true,"href":"http:\/\/klubmamgdynia.pl\/index.php\/wp-json\/wp\/v2\/product_cat?post=3711"},{"taxonomy":"product_tag","embeddable":true,"href":"http:\/\/klubmamgdynia.pl\/index.php\/wp-json\/wp\/v2\/product_tag?post=3711"}],"curies":[{"name":"wp","href":"https:\/\/api.w.org\/{rel}","templated":true}]}}