{"id":3713,"date":"2017-03-04T05:00:09","date_gmt":"2017-03-04T04:00:09","guid":{"rendered":"http:\/\/klubmamgdynia.pl\/index.php\/produkt\/goki-pierscien-dotykowy-drewniany-samochody-65199\/"},"modified":"2026-04-03T11:36:30","modified_gmt":"2026-04-03T09:36:30","slug":"goki-pierscien-dotykowy-drewniany-samochody-65199","status":"publish","type":"product","link":"http:\/\/klubmamgdynia.pl\/index.php\/produkt\/goki-pierscien-dotykowy-drewniany-samochody-65199\/","title":{"rendered":"Goki Pier\u015bcie\u0144 Dotykowy Drewniany Samochody (65199)"},"content":{"rendered":"<p>Elastyczna zabawka do r\u0105czki z motywem samochodzik\u00f3w i znak\u00f3w drogowych.Ca\u0142o\u015b\u0107 wykonana z drewna, pokryta bezpieczn\u0105, nietoksyczn\u0105 farb\u0105. Zawieszk\u0119 charakteryzuje solidne wykonanie oraz precyzyjnie wykonane koraliki. Produkt wytworzony w Niemczech z wysokiej jako\u015bci materia\u0142\u00f3w.W celu utrzymania w czysto\u015bci produkt nale\u017cy przeciera\u0107 wilgotn\u0105 szmatk\u0105.Wiek: 0+Wymiary: 9 x 9 cmReferencja: 65199Deklaracja zgodno\u015bci CE<\/p>\n<h2>Goki Pier\u015bcie\u0144 Dotykowy Drewniany Samochody (65199) Goki<\/h2>\n<p>p\u0142onie ognisko w lesie, pieski, kinderbal przepisy, ptak b\u0105k, cytaty dziecko, najrzadsze imiona w polsce, szlaczki do druku, przyja\u017a\u0144, quiz flagi europy, bursztynek bursztynek, m.i.a., oliwier znaczenie imienia<\/p>\n<p>yyyyy<\/p>\n<p>&nbsp;<\/p>\n","protected":false},"excerpt":{"rendered":"<p>Elastyczna zabawka do r\u0105czki z motywem samochodzik\u00f3w i znak\u00f3w drogowych.Ca\u0142o\u015b\u0107 wykonana z drewna, pokryta bezpieczn\u0105, nietoksyczn\u0105 farb\u0105. Zawieszk\u0119 charakteryzuje solidne wykonanie oraz precyzyjnie wykonane koraliki. Produkt wytworzony w Niemczech z wysokiej jako\u015bci materia\u0142\u00f3w.W celu utrzymania w czysto\u015bci produkt nale\u017cy przeciera\u0107 wilgotn\u0105 szmatk\u0105.Wiek: 0+Wymiary: 9 x 9 cmReferencja: 65199Deklaracja zgodno\u015bci CE Goki Pier\u015bcie\u0144 Dotykowy Drewniany Samochody [&hellip;]<\/p>\n","protected":false},"featured_media":3714,"comment_status":"closed","ping_status":"open","template":"","meta":[],"product_cat":[227,61],"product_tag":[834,864,667,585,645],"class_list":["post-3713","product","type-product","status-publish","has-post-thumbnail","hentry","product_cat-goki","product_cat-zabawki-edukacyjne-dla-niemowlat","product_tag-bajka-do-czytania-na-dobranoc","product_tag-basen-warszawa","product_tag-kolorowanka-lol","product_tag-kolorowanki-dla-chlopcow","product_tag-latwe-zagadki"],"_links":{"self":[{"href":"http:\/\/klubmamgdynia.pl\/index.php\/wp-json\/wp\/v2\/product\/3713","targetHints":{"allow":["GET"]}}],"collection":[{"href":"http:\/\/klubmamgdynia.pl\/index.php\/wp-json\/wp\/v2\/product"}],"about":[{"href":"http:\/\/klubmamgdynia.pl\/index.php\/wp-json\/wp\/v2\/types\/product"}],"replies":[{"embeddable":true,"href":"http:\/\/klubmamgdynia.pl\/index.php\/wp-json\/wp\/v2\/comments?post=3713"}],"wp:featuredmedia":[{"embeddable":true,"href":"http:\/\/klubmamgdynia.pl\/index.php\/wp-json\/wp\/v2\/media\/3714"}],"wp:attachment":[{"href":"http:\/\/klubmamgdynia.pl\/index.php\/wp-json\/wp\/v2\/media?parent=3713"}],"wp:term":[{"taxonomy":"product_cat","embeddable":true,"href":"http:\/\/klubmamgdynia.pl\/index.php\/wp-json\/wp\/v2\/product_cat?post=3713"},{"taxonomy":"product_tag","embeddable":true,"href":"http:\/\/klubmamgdynia.pl\/index.php\/wp-json\/wp\/v2\/product_tag?post=3713"}],"curies":[{"name":"wp","href":"https:\/\/api.w.org\/{rel}","templated":true}]}}