{"id":3717,"date":"2013-12-26T03:54:26","date_gmt":"2013-12-26T02:54:26","guid":{"rendered":"http:\/\/klubmamgdynia.pl\/index.php\/produkt\/simba-steffi-i-evi-ze-zwierzatkami-i-akcesoriami-si5732156\/"},"modified":"2026-05-17T21:59:53","modified_gmt":"2026-05-17T19:59:53","slug":"simba-steffi-i-evi-ze-zwierzatkami-i-akcesoriami-si5732156","status":"publish","type":"product","link":"http:\/\/klubmamgdynia.pl\/index.php\/produkt\/simba-steffi-i-evi-ze-zwierzatkami-i-akcesoriami-si5732156\/","title":{"rendered":"Simba Steffi I Evi Ze Zwierz\u0105tkami I Akcesoriami Si5732156"},"content":{"rendered":"<p>Lalka Steffi Love Happy Animal to rewelacyjna zabawka dla Twojego dziecka. W pakiecie znajdziesz lalk\u0119 Steffi a tak\u017ce na dodatek ma\u0142\u0105 laleczk\u0119 &#8211; jej c\u00f3rk\u0119 oraz zwierz\u0119ta i akcesoria. Dzi\u0119ki zestawowi Twoje dziecko mo\u017ce si\u0119 bawi\u0107 nie tylko samymi lalkami lecz tak\u017ce zwierz\u0105tkami.Zestaw dzieci\u0119cy z pewno\u015bci\u0105 przypadnie do gustu ka\u017cdej dziewczynce uwielbiaj\u0105cej lalki i zwierz\u0119ta. Dzi\u0119ki tej serii zabawa nigdy si\u0119 nie znudzi i zapewni d\u0142ugie godziny magicznej zabawy.Wymiary opakowania: szer. 27 cm, wys. 33 cm, g\u0142. 7 cm.Uwaga oferta dotyczy jednego zestawu. Mix asortymentowy. Wysy\u0142amy losowo.<\/p>\n<h2>Simba Steffi I Evi Ze Zwierz\u0105tkami I Akcesoriami Si5732156 Simba<\/h2>\n<p>nela imi\u0119, kaczuszka, prezent dla ch\u0142opca na roczek, przeczytaj mi wiersz<\/p>\n<p>yyyyy<\/p>\n<p>&nbsp;<\/p>\n","protected":false},"excerpt":{"rendered":"<p>Lalka Steffi Love Happy Animal to rewelacyjna zabawka dla Twojego dziecka. W pakiecie znajdziesz lalk\u0119 Steffi a tak\u017ce na dodatek ma\u0142\u0105 laleczk\u0119 &#8211; jej c\u00f3rk\u0119 oraz zwierz\u0119ta i akcesoria. Dzi\u0119ki zestawowi Twoje dziecko mo\u017ce si\u0119 bawi\u0107 nie tylko samymi lalkami lecz tak\u017ce zwierz\u0105tkami.Zestaw dzieci\u0119cy z pewno\u015bci\u0105 przypadnie do gustu ka\u017cdej dziewczynce uwielbiaj\u0105cej lalki i zwierz\u0119ta. [&hellip;]<\/p>\n","protected":false},"featured_media":3718,"comment_status":"closed","ping_status":"open","template":"","meta":[],"product_cat":[65,279],"product_tag":[584,631,760,714],"class_list":["post-3717","product","type-product","status-publish","has-post-thumbnail","hentry","product_cat-lalki","product_cat-simba","product_tag-liwia","product_tag-prezent-na-roczek","product_tag-zagadka-matematyczna","product_tag-zagadki-logiczne"],"_links":{"self":[{"href":"http:\/\/klubmamgdynia.pl\/index.php\/wp-json\/wp\/v2\/product\/3717","targetHints":{"allow":["GET"]}}],"collection":[{"href":"http:\/\/klubmamgdynia.pl\/index.php\/wp-json\/wp\/v2\/product"}],"about":[{"href":"http:\/\/klubmamgdynia.pl\/index.php\/wp-json\/wp\/v2\/types\/product"}],"replies":[{"embeddable":true,"href":"http:\/\/klubmamgdynia.pl\/index.php\/wp-json\/wp\/v2\/comments?post=3717"}],"wp:featuredmedia":[{"embeddable":true,"href":"http:\/\/klubmamgdynia.pl\/index.php\/wp-json\/wp\/v2\/media\/3718"}],"wp:attachment":[{"href":"http:\/\/klubmamgdynia.pl\/index.php\/wp-json\/wp\/v2\/media?parent=3717"}],"wp:term":[{"taxonomy":"product_cat","embeddable":true,"href":"http:\/\/klubmamgdynia.pl\/index.php\/wp-json\/wp\/v2\/product_cat?post=3717"},{"taxonomy":"product_tag","embeddable":true,"href":"http:\/\/klubmamgdynia.pl\/index.php\/wp-json\/wp\/v2\/product_tag?post=3717"}],"curies":[{"name":"wp","href":"https:\/\/api.w.org\/{rel}","templated":true}]}}