{"id":3723,"date":"2013-10-30T15:59:09","date_gmt":"2013-10-30T14:59:09","guid":{"rendered":"http:\/\/klubmamgdynia.pl\/index.php\/produkt\/valco-baby-snap-4-trend-charcoal-tailor-made-spacerowy\/"},"modified":"2026-05-02T17:10:14","modified_gmt":"2026-05-02T15:10:14","slug":"valco-baby-snap-4-trend-charcoal-tailor-made-spacerowy","status":"publish","type":"product","link":"http:\/\/klubmamgdynia.pl\/index.php\/produkt\/valco-baby-snap-4-trend-charcoal-tailor-made-spacerowy\/","title":{"rendered":"Valco Baby Snap 4 Trend Charcoal Tailor Made Spacerowy"},"content":{"rendered":"<p>Valco Baby Snap 4 Trend \u2013 lekki i zgrabny w\u00f3zek spacerowy z mo\u017cliwo\u015bci\u0105 przekszta\u0142cenia w zestaw 2w1 lub 3w1Snap 4 Trend to czteroko\u0142owy w\u00f3zek spacerowy od australijskiej marki Valco Baby. Jego lekka i aerodynamiczna konstrukcja sprawia, \u017ce odznacza si\u0119 on przede wszystkim wyj\u0105tkowo \u0142atwym i przyjemnym prowadzeniem. W produkcji spacer\u00f3wki Snap 4 Trend zastosowano lekkie, aczkolwiek solidne aluminium, dzi\u0119ki kt\u00f3remu, mimo zaskakuj\u0105co niskiej wagi \u2013 8,6 kg, w\u00f3zek jest w stanie przewie\u017a\u0107 dziecko a\u017c do 22 kg.Nale\u017cy podkre\u015bli\u0107, i\u017c na stela\u017cu w\u00f3zka od Valco Baby zamontujesz r\u00f3wnie\u017c, w razie potrzeby, opcjonaln\u0105 gondol\u0119 dla noworodka lub fotelik samochodowy innych marek z grupy 0-13 kg (przy pomocy adapter\u00f3w). Za spraw\u0105 tych rozwi\u0105za\u0144, Snap 4 Trend przekszta\u0142ci si\u0119 w wielofunkcyjny w\u00f3zek 2w1 lub w niezwykle praktyczny system podr\u00f3\u017cny 3w1. Jest to doskona\u0142a opcja dla wszystkich rodzic\u00f3w, kt\u00f3rzy w momencie kupna spacer\u00f3wki ju\u017c snuj\u0105 plany na przysz\u0142o\u015b\u0107, dotycz\u0105ce powi\u0119kszenia rodziny.Oferowany zestaw zawiera:w\u00f3zek spacerowy Valco Baby Snap 4 Trend,okrycie na n\u00f3\u017cki w kolorze w\u00f3zka.Szerokie siedzisko spacerowe \u2013 maksimum komfortu i bezpiecze\u0144stwa dla dzieckaSzerokie i przestronne siedzisko spacerowe Snap 4 Trend b\u0119dzie dla Twojej pociechy nie tylko superwygodne, ale tak\u017ce w pe\u0142ni bezpieczne. W ka\u017cdym momencie spaceru w w\u00f3zku od Valco Baby, malucha ochroni bowiem, po pierwsze, obrotowy i jednostronnie wypinany pa\u0142\u0105k, obity ekosk\u00f3r\u0105. Po drugie, kompleksowe bezpiecze\u0144stwo zapewni\u0105 5-punktowe pasy, wyposa\u017cone w mi\u0119kkie, materia\u0142owe os\u0142onki. Dzi\u0119ki temu, dziecko b\u0119dzie podr\u00f3\u017cowa\u0142o w stabilnej pozycji, przy jednoczesnym zachowaniu komfortu oraz swobody ruch\u00f3w.Co istotne, Snap 4 Trend posiada wielostopniowo regulowane oparcie, kt\u00f3re z\u0142o\u017cysz do pozycji w pe\u0142ni le\u017c\u0105cej, sprzyjaj\u0105cej drzemkom na powietrzu. Na komfort snu ma\u0142ego podr\u00f3\u017cnika wp\u0142ynie tak\u017ce regulowany 4-stopniowo podn\u00f3\u017cek, pozwalaj\u0105cy na dopasowanie u\u0142o\u017cenia siedziska idealnie do potrzeb dziecka. Ponadto, po roz\u0142o\u017ceniu oparcia, w\u00f3zek od Valco Baby oferuje mo\u017cliwo\u015b\u0107 skorzystania z dodatkowych kieszeni na drobiazgi.Budka z czterema rozk\u0142adanymi panelami i regulowana r\u0105czka w Valco Baby Snap 4 TrendM\u00f3wi\u0105c o w\u00f3zku Snap 4 Trend, nie spos\u00f3b nie wspomnie\u0107 o poszerzanej na zamek, 4-cz\u0119\u015bciowej budce z podw\u00f3jnego materia\u0142u. Jest ona gwarancj\u0105 ochrony szkraba przed niekorzystnymi warunkami atmosferycznymi, takimi jak mocne s\u0142o\u0144ce, silny wiatr lub deszcz. Dodatkowo, jeden z czterech paneli budki, zawiera okienko typu peek-a-boo, kt\u00f3re umo\u017cliwia dogl\u0105danie maluszka w trakcie spaceru, z perspektywy osoby prowadz\u0105cej w\u00f3zek.Na uwag\u0119 zas\u0142uguje tak\u017ce panel wentylacyjny w siedzisku, do kt\u00f3rego dost\u0119p uzyskasz po roz\u0142o\u017ceniu oparcia. To rozwi\u0105zanie \u015bwietnie sprawdza si\u0119 w wyj\u0105tkowo ciep\u0142e, letnie dni. Dzi\u0119ki niemu, maluszek, znajduj\u0105cy si\u0119 w spacer\u00f3wce, b\u0119dzie mia\u0142 zapewniony odpowiedni przep\u0142yw powietrza i komfort termiczny nawet w najwi\u0119ksze upa\u0142y.Z kolei o wygod\u0119 rodzica podczas prowadzenia w\u00f3zka, zadba regulowana do trzech pozycji i wykonana z ekosk\u00f3ry r\u0105czka, kt\u00f3ra posiada zabezpieczaj\u0105cy pasek na nadgarstek. Przy pomocy przegubowego mechanizmu, idealnie dostosujesz jej wysoko\u015b\u0107 do swojego wzrostu i poprowadzisz spacer\u00f3wk\u0119 Snap 4 Trend, nie obci\u0105\u017caj\u0105c nadmiernie kr\u0119gos\u0142upa.Du\u017ce ko\u0142a i funkcja sk\u0142adania w\u00f3zka jedn\u0105 r\u0119k\u0105Producenci wyposa\u017cyli model Snap 4 Trend w du\u017ce, piankowe ko\u0142a. Co wa\u017cne, s\u0105 one w pe\u0142ni odporne na przebicie i zdejmowane w \u0142atwy, bezwysi\u0142kowy spos\u00f3b. Przednie ko\u0142a spacer\u00f3wki od Valco Baby posiadaj\u0105 mo\u017cliwo\u015b\u0107 blokady do jazdy na wprost. To rozwi\u0105zanie znacznie u\u0142atwia przemieszczanie si\u0119 z w\u00f3zkiem po trudniejszych, bardziej wymagaj\u0105cych terenach. Ponadto, w dolnej cz\u0119\u015bci stela\u017ca Snap 4 Trend znajduje si\u0119 \u0142atwo dost\u0119pny<\/p>\n<h2>Valco Baby Snap 4 Trend Charcoal Tailor Made Spacerowy <\/h2>\n<p>minecraft kolorowanki, adriana znaczenie imienia, kr\u00f3tkie zagadki, prezent dla dwunastolatka<\/p>\n<p>yyyyy<\/p>\n<p>&nbsp;<\/p>\n","protected":false},"excerpt":{"rendered":"<p>Valco Baby Snap 4 Trend \u2013 lekki i zgrabny w\u00f3zek spacerowy z mo\u017cliwo\u015bci\u0105 przekszta\u0142cenia w zestaw 2w1 lub 3w1Snap 4 Trend to czteroko\u0142owy w\u00f3zek spacerowy od australijskiej marki Valco Baby. Jego lekka i aerodynamiczna konstrukcja sprawia, \u017ce odznacza si\u0119 on przede wszystkim wyj\u0105tkowo \u0142atwym i przyjemnym prowadzeniem. W produkcji spacer\u00f3wki Snap 4 Trend zastosowano lekkie, [&hellip;]<\/p>\n","protected":false},"featured_media":3724,"comment_status":"closed","ping_status":"open","template":"","meta":[],"product_cat":[71],"product_tag":[827,727,757],"class_list":["post-3723","product","type-product","status-publish","has-post-thumbnail","hentry","product_cat-wozki-spacerowe","product_tag-bajki-dla-niemowlat","product_tag-godlo-polski-do-druku","product_tag-test-z-lektury-ania-z-zielonego-wzgorza-klasa-6-z-odpowiedziami"],"_links":{"self":[{"href":"http:\/\/klubmamgdynia.pl\/index.php\/wp-json\/wp\/v2\/product\/3723","targetHints":{"allow":["GET"]}}],"collection":[{"href":"http:\/\/klubmamgdynia.pl\/index.php\/wp-json\/wp\/v2\/product"}],"about":[{"href":"http:\/\/klubmamgdynia.pl\/index.php\/wp-json\/wp\/v2\/types\/product"}],"replies":[{"embeddable":true,"href":"http:\/\/klubmamgdynia.pl\/index.php\/wp-json\/wp\/v2\/comments?post=3723"}],"wp:featuredmedia":[{"embeddable":true,"href":"http:\/\/klubmamgdynia.pl\/index.php\/wp-json\/wp\/v2\/media\/3724"}],"wp:attachment":[{"href":"http:\/\/klubmamgdynia.pl\/index.php\/wp-json\/wp\/v2\/media?parent=3723"}],"wp:term":[{"taxonomy":"product_cat","embeddable":true,"href":"http:\/\/klubmamgdynia.pl\/index.php\/wp-json\/wp\/v2\/product_cat?post=3723"},{"taxonomy":"product_tag","embeddable":true,"href":"http:\/\/klubmamgdynia.pl\/index.php\/wp-json\/wp\/v2\/product_tag?post=3723"}],"curies":[{"name":"wp","href":"https:\/\/api.w.org\/{rel}","templated":true}]}}