{"id":3766,"date":"2013-08-29T14:17:14","date_gmt":"2013-08-29T12:17:14","guid":{"rendered":"http:\/\/klubmamgdynia.pl\/index.php\/produkt\/artyk-zestaw-slodkosci-12el-162114-zabawka\/"},"modified":"2026-05-02T22:46:33","modified_gmt":"2026-05-02T20:46:33","slug":"artyk-zestaw-slodkosci-12el-162114-zabawka","status":"publish","type":"product","link":"http:\/\/klubmamgdynia.pl\/index.php\/produkt\/artyk-zestaw-slodkosci-12el-162114-zabawka\/","title":{"rendered":"Artyk Zestaw S\u0142odko\u015bci 12El 162114 &#8211; Zabawka"},"content":{"rendered":"<p>Zestaw s\u0142odko\u015bci (12 element\u00f3w). Sk\u0142ada si\u0119 z: ciasteczka z plasterkami kiwi, dw\u00f3ch pude\u0142eczek na s\u0142odycze, tuby na sos, r\u00f3\u017cnych warstw hamburgera, dw\u00f3ch \u0142y\u017ceczek i talerzyka. Elementy posiadaj\u0105 podstawowe szczeg\u00f3\u0142y produkt\u00f3w z rzeczywisto\u015bci (np. ziarenka na bu\u0142ce hamburgera, pude\u0142eczka z prawdziwej tektury). Talerzyk odznacza si\u0119 geometrycznym wzornictwem. Przy pomocy kompletu mo\u017cemy imitowa\u0107 zabaw\u0119 w prawdziwego szefa kuchni.Wymiary opakowania: 21x7x13cmWiek: 3+&#8230;<\/p>\n<h2>Artyk Zestaw S\u0142odko\u015bci 12El 162114 &#8211; Zabawka Artyk<\/h2>\n<p>peppa kolorowanka, filmy disneya, postacie z bajek kolorowanki do wydrukowania, kwiaty polne nazwy i zdj\u0119cia, przek\u0105ski na urodziny dziecka, choinka kolorowanka szablon, kotek kolorowanka do druku, znaczenie imienia milan, leon imi\u0119, zyczenia walentynkowe dla dzieci, peppa kolorowanka do druku, wydarzenia warszawa dzisiaj, gad\u017cety dla nastolatki, najlepsze zarty na prima aprilis, test z narnii, po\u0142\u0105cz kropki do wydruku pdf, gad\u017cety dla nastolatk\u00f3w 2021, nauka zegara, szlaczki literopodobne do wydruku, spos\u00f3b na elfa test, zagadki<\/p>\n<p>yyyyy<\/p>\n<p>&nbsp;<\/p>\n","protected":false},"excerpt":{"rendered":"<p>Zestaw s\u0142odko\u015bci (12 element\u00f3w). Sk\u0142ada si\u0119 z: ciasteczka z plasterkami kiwi, dw\u00f3ch pude\u0142eczek na s\u0142odycze, tuby na sos, r\u00f3\u017cnych warstw hamburgera, dw\u00f3ch \u0142y\u017ceczek i talerzyka. Elementy posiadaj\u0105 podstawowe szczeg\u00f3\u0142y produkt\u00f3w z rzeczywisto\u015bci (np. ziarenka na bu\u0142ce hamburgera, pude\u0142eczka z prawdziwej tektury). Talerzyk odznacza si\u0119 geometrycznym wzornictwem. Przy pomocy kompletu mo\u017cemy imitowa\u0107 zabaw\u0119 w prawdziwego szefa [&hellip;]<\/p>\n","protected":false},"featured_media":3767,"comment_status":"closed","ping_status":"open","template":"","meta":[],"product_cat":[336,53],"product_tag":[626,775,857],"class_list":["post-3766","product","type-product","status-publish","has-post-thumbnail","hentry","product_cat-artyk","product_cat-kaciki-zabaw","product_tag-jacek","product_tag-kolorowanki-do-druku-pokemon","product_tag-zagadki-dla-dzieci-7-8-lat"],"_links":{"self":[{"href":"http:\/\/klubmamgdynia.pl\/index.php\/wp-json\/wp\/v2\/product\/3766","targetHints":{"allow":["GET"]}}],"collection":[{"href":"http:\/\/klubmamgdynia.pl\/index.php\/wp-json\/wp\/v2\/product"}],"about":[{"href":"http:\/\/klubmamgdynia.pl\/index.php\/wp-json\/wp\/v2\/types\/product"}],"replies":[{"embeddable":true,"href":"http:\/\/klubmamgdynia.pl\/index.php\/wp-json\/wp\/v2\/comments?post=3766"}],"wp:featuredmedia":[{"embeddable":true,"href":"http:\/\/klubmamgdynia.pl\/index.php\/wp-json\/wp\/v2\/media\/3767"}],"wp:attachment":[{"href":"http:\/\/klubmamgdynia.pl\/index.php\/wp-json\/wp\/v2\/media?parent=3766"}],"wp:term":[{"taxonomy":"product_cat","embeddable":true,"href":"http:\/\/klubmamgdynia.pl\/index.php\/wp-json\/wp\/v2\/product_cat?post=3766"},{"taxonomy":"product_tag","embeddable":true,"href":"http:\/\/klubmamgdynia.pl\/index.php\/wp-json\/wp\/v2\/product_tag?post=3766"}],"curies":[{"name":"wp","href":"https:\/\/api.w.org\/{rel}","templated":true}]}}