{"id":3778,"date":"2021-05-30T18:35:41","date_gmt":"2021-05-30T16:35:41","guid":{"rendered":"http:\/\/klubmamgdynia.pl\/index.php\/produkt\/alma-k-hydrate-odzywczy-krem-do-twarzy-na-noc-50ml\/"},"modified":"2026-04-07T03:19:56","modified_gmt":"2026-04-07T01:19:56","slug":"alma-k-hydrate-odzywczy-krem-do-twarzy-na-noc-50ml","status":"publish","type":"product","link":"http:\/\/klubmamgdynia.pl\/index.php\/produkt\/alma-k-hydrate-odzywczy-krem-do-twarzy-na-noc-50ml\/","title":{"rendered":"Alma K. Hydrate Od\u017cywczy Krem Do Twarzy Na Noc 50ml"},"content":{"rendered":"<p>Intensywnie od\u017cywczy krem na noc zawiera minera\u0142y z Morza Martwego, naturalny olejek kendi bogaty w kwasy t\u0142uszczowe omega 3 i 6 oraz koj\u0105cy ekstrakt z og\u00f3rka i zielonej herbaty. Doskonale nawil\u017ca i odbudowuje sk\u00f3r\u0119 podczas snu.<\/p>\n<h2>Alma K. Hydrate Od\u017cywczy Krem Do Twarzy Na Noc 50ml <\/h2>\n<p>ka\u0142u\u017cy\u015bci, dalia imi\u0119, aron imi\u0119, buziak gify na dobranoc smieszne, darmowe kolorowanki do druku, zagadki wielkanocne do druku, atrakcje dla dzieci warszawa i okolice, cytaty o przyja\u017ani, zabawy dla 5-6 latk\u00f3w, cytat dla mamy, czapka g\u00f3rnika kolorowanka, kr\u00f3tkie zagadki dla doros\u0142ych, kiedy dzieci zbieraja cukierki na halloween, cytaty o dzieciach<\/p>\n<p>yyyyy<\/p>\n<p>&nbsp;<\/p>\n","protected":false},"excerpt":{"rendered":"<p>Intensywnie od\u017cywczy krem na noc zawiera minera\u0142y z Morza Martwego, naturalny olejek kendi bogaty w kwasy t\u0142uszczowe omega 3 i 6 oraz koj\u0105cy ekstrakt z og\u00f3rka i zielonej herbaty. Doskonale nawil\u017ca i odbudowuje sk\u00f3r\u0119 podczas snu. Alma K. Hydrate Od\u017cywczy Krem Do Twarzy Na Noc 50ml ka\u0142u\u017cy\u015bci, dalia imi\u0119, aron imi\u0119, buziak gify na dobranoc [&hellip;]<\/p>\n","protected":false},"featured_media":3779,"comment_status":"closed","ping_status":"open","template":"","meta":[],"product_cat":[134],"product_tag":[745,704,786,788,634],"class_list":["post-3778","product","type-product","status-publish","has-post-thumbnail","hentry","product_cat-dermokosmetyki","product_tag-prezent-dla-15-latki","product_tag-prezent-dla-nastolatka","product_tag-prezent-na-1-urodziny","product_tag-zagadki-krotkie","product_tag-zagadki-wielkanocne-dla-dzieci"],"_links":{"self":[{"href":"http:\/\/klubmamgdynia.pl\/index.php\/wp-json\/wp\/v2\/product\/3778","targetHints":{"allow":["GET"]}}],"collection":[{"href":"http:\/\/klubmamgdynia.pl\/index.php\/wp-json\/wp\/v2\/product"}],"about":[{"href":"http:\/\/klubmamgdynia.pl\/index.php\/wp-json\/wp\/v2\/types\/product"}],"replies":[{"embeddable":true,"href":"http:\/\/klubmamgdynia.pl\/index.php\/wp-json\/wp\/v2\/comments?post=3778"}],"wp:featuredmedia":[{"embeddable":true,"href":"http:\/\/klubmamgdynia.pl\/index.php\/wp-json\/wp\/v2\/media\/3779"}],"wp:attachment":[{"href":"http:\/\/klubmamgdynia.pl\/index.php\/wp-json\/wp\/v2\/media?parent=3778"}],"wp:term":[{"taxonomy":"product_cat","embeddable":true,"href":"http:\/\/klubmamgdynia.pl\/index.php\/wp-json\/wp\/v2\/product_cat?post=3778"},{"taxonomy":"product_tag","embeddable":true,"href":"http:\/\/klubmamgdynia.pl\/index.php\/wp-json\/wp\/v2\/product_tag?post=3778"}],"curies":[{"name":"wp","href":"https:\/\/api.w.org\/{rel}","templated":true}]}}