{"id":3786,"date":"2014-01-24T12:46:24","date_gmt":"2014-01-24T11:46:24","guid":{"rendered":"http:\/\/klubmamgdynia.pl\/index.php\/produkt\/espiro-wave-103-dark-blue-spacerowy\/"},"modified":"2026-05-17T21:23:23","modified_gmt":"2026-05-17T19:23:23","slug":"espiro-wave-103-dark-blue-spacerowy","status":"publish","type":"product","link":"http:\/\/klubmamgdynia.pl\/index.php\/produkt\/espiro-wave-103-dark-blue-spacerowy\/","title":{"rendered":"Espiro Wave 103 Dark Blue Spacerowy"},"content":{"rendered":"<p>Espiro Wave to spacer\u00f3wka zgodna z najnowsz\u0105 norm\u0105 EN 1888-2:2018, w kt\u00f3rej mo\u017cna bezpiecznie przewozi\u0107 dzieci do 22 kg wagi. Wyposa\u017cona zosta\u0142a w komfortowe, przestronne siedzisko z grub\u0105 i mi\u0119kk\u0105 wk\u0142adk\u0105. Unikaln\u0105 cech\u0105 tego w\u00f3zka jest mo\u017cliwo\u015b\u0107 \u0142atwego demonta\u017cu ca\u0142o\u015bci tapicerki w celu wyprania. Du\u017ce, amortyzowane i bezd\u0119tkowe ko\u0142a sprawiaj\u0105, \u017ce spacer\u00f3wka radzi sobie w trudniejszym terenie bez obaw o komfort dziecka.Rodzaj k\u00f3\u0142: bezd\u0119tkoweSkr\u0119tne ko\u0142a:Regulowana r\u0105czka:Sk\u0142adany z siedziskiem:Monta\u017c siedziska prz\u00f3d\/ty\u0142:Regulowane siedzisko:Producent: Espiro (Polska)Gwarancja: 12 miesi\u0119cy (+12 miesi\u0119cy po rejestracji produktu)<\/p>\n<h2>Espiro Wave 103 Dark Blue Spacerowy Espiro<\/h2>\n<p>maska psi patrol do druku, prezent dla nastolatk\u00f3w ch\u0142opc\u00f3w, pokemony kolorowanka, impreza halloween 2021 dla dzieci, prezent na 1 urodziny, kolorowanka potwory, cytaty o nauczycielach, dobrej nocy, po \u0142\u0105ce biega lato tekst<\/p>\n<p>yyyyy<\/p>\n<p>&nbsp;<\/p>\n","protected":false},"excerpt":{"rendered":"<p>Espiro Wave to spacer\u00f3wka zgodna z najnowsz\u0105 norm\u0105 EN 1888-2:2018, w kt\u00f3rej mo\u017cna bezpiecznie przewozi\u0107 dzieci do 22 kg wagi. Wyposa\u017cona zosta\u0142a w komfortowe, przestronne siedzisko z grub\u0105 i mi\u0119kk\u0105 wk\u0142adk\u0105. Unikaln\u0105 cech\u0105 tego w\u00f3zka jest mo\u017cliwo\u015b\u0107 \u0142atwego demonta\u017cu ca\u0142o\u015bci tapicerki w celu wyprania. Du\u017ce, amortyzowane i bezd\u0119tkowe ko\u0142a sprawiaj\u0105, \u017ce spacer\u00f3wka radzi sobie w [&hellip;]<\/p>\n","protected":false},"featured_media":3787,"comment_status":"closed","ping_status":"open","template":"","meta":[],"product_cat":[162,71],"product_tag":[658,865,789],"class_list":["post-3786","product","type-product","status-publish","has-post-thumbnail","hentry","product_cat-espiro","product_cat-wozki-spacerowe","product_tag-alan-znaczenie-imienia","product_tag-cytaty-o-dzieciach","product_tag-kaczuszka"],"_links":{"self":[{"href":"http:\/\/klubmamgdynia.pl\/index.php\/wp-json\/wp\/v2\/product\/3786","targetHints":{"allow":["GET"]}}],"collection":[{"href":"http:\/\/klubmamgdynia.pl\/index.php\/wp-json\/wp\/v2\/product"}],"about":[{"href":"http:\/\/klubmamgdynia.pl\/index.php\/wp-json\/wp\/v2\/types\/product"}],"replies":[{"embeddable":true,"href":"http:\/\/klubmamgdynia.pl\/index.php\/wp-json\/wp\/v2\/comments?post=3786"}],"wp:featuredmedia":[{"embeddable":true,"href":"http:\/\/klubmamgdynia.pl\/index.php\/wp-json\/wp\/v2\/media\/3787"}],"wp:attachment":[{"href":"http:\/\/klubmamgdynia.pl\/index.php\/wp-json\/wp\/v2\/media?parent=3786"}],"wp:term":[{"taxonomy":"product_cat","embeddable":true,"href":"http:\/\/klubmamgdynia.pl\/index.php\/wp-json\/wp\/v2\/product_cat?post=3786"},{"taxonomy":"product_tag","embeddable":true,"href":"http:\/\/klubmamgdynia.pl\/index.php\/wp-json\/wp\/v2\/product_tag?post=3786"}],"curies":[{"name":"wp","href":"https:\/\/api.w.org\/{rel}","templated":true}]}}