{"id":3788,"date":"2023-09-20T06:40:57","date_gmt":"2023-09-20T04:40:57","guid":{"rendered":"http:\/\/klubmamgdynia.pl\/?post_type=product&#038;p=3788"},"modified":"2026-04-26T16:59:27","modified_gmt":"2026-04-26T14:59:27","slug":"hasbro-nerf-double-defense-pack-f5033","status":"publish","type":"product","link":"http:\/\/klubmamgdynia.pl\/index.php\/produkt\/hasbro-nerf-double-defense-pack-f5033\/","title":{"rendered":"Hasbro Nerf Double Defense Pack F5033"},"content":{"rendered":"<p>Hasbro Nerf Wyrzutnia Double Defense Pack F5033<\/p>\n<h2>Hasbro Nerf Double Defense Pack F5033 Hasbro<\/h2>\n<p>zgadywanki dla dzieci, rozrywka dla dzieci, bajka dla dzieci do czytania, zaproszenia na urodziny do wydruku czarno bia\u0142e, kolorowanki lego ninjago, pomys\u0142 na prima aprilis, zabawy dla 7 latki, kawaly na prima aprilis, gabriela imie, atrakcje dla dzieci tr\u00f3jmiasto, pawe\u0142, lucyna, bajki dla dzieci do czytania na dobranoc, test z lektury felix net i nika oraz gang niewidzialnych ludzi, jednorozec z dyni, zagadki dla 8 latka, gdzie strumyk p\u0142ynie z wolna tekst, wydarzenia dla dzieci warszawa, janusz, zabawki dla rocznej dziewczynki<\/p>\n<p>yyyyy<\/p>\n<p>&nbsp;<\/p>\n","protected":false},"excerpt":{"rendered":"<p>Hasbro Nerf Wyrzutnia Double Defense Pack F5033 Hasbro Nerf Double Defense Pack F5033 Hasbro zgadywanki dla dzieci, rozrywka dla dzieci, bajka dla dzieci do czytania, zaproszenia na urodziny do wydruku czarno bia\u0142e, kolorowanki lego ninjago, pomys\u0142 na prima aprilis, zabawy dla 7 latki, kawaly na prima aprilis, gabriela imie, atrakcje dla dzieci tr\u00f3jmiasto, pawe\u0142, lucyna, [&hellip;]<\/p>\n","protected":false},"featured_media":3789,"comment_status":"closed","ping_status":"open","template":"","meta":[],"product_cat":[129,40],"product_tag":[772,660,583,678],"class_list":["post-3788","product","type-product","status-publish","has-post-thumbnail","hentry","product_cat-hasbro","product_cat-zabawki-militarne","product_tag-45-panstw-europy-i-ich-stolice-quiz","product_tag-bianka","product_tag-kolysanki-dla-dzieci-tekst","product_tag-prezent-na-roczek-dla-dziewczynki"],"_links":{"self":[{"href":"http:\/\/klubmamgdynia.pl\/index.php\/wp-json\/wp\/v2\/product\/3788","targetHints":{"allow":["GET"]}}],"collection":[{"href":"http:\/\/klubmamgdynia.pl\/index.php\/wp-json\/wp\/v2\/product"}],"about":[{"href":"http:\/\/klubmamgdynia.pl\/index.php\/wp-json\/wp\/v2\/types\/product"}],"replies":[{"embeddable":true,"href":"http:\/\/klubmamgdynia.pl\/index.php\/wp-json\/wp\/v2\/comments?post=3788"}],"wp:featuredmedia":[{"embeddable":true,"href":"http:\/\/klubmamgdynia.pl\/index.php\/wp-json\/wp\/v2\/media\/3789"}],"wp:attachment":[{"href":"http:\/\/klubmamgdynia.pl\/index.php\/wp-json\/wp\/v2\/media?parent=3788"}],"wp:term":[{"taxonomy":"product_cat","embeddable":true,"href":"http:\/\/klubmamgdynia.pl\/index.php\/wp-json\/wp\/v2\/product_cat?post=3788"},{"taxonomy":"product_tag","embeddable":true,"href":"http:\/\/klubmamgdynia.pl\/index.php\/wp-json\/wp\/v2\/product_tag?post=3788"}],"curies":[{"name":"wp","href":"https:\/\/api.w.org\/{rel}","templated":true}]}}