{"id":379,"date":"2020-03-19T19:58:04","date_gmt":"2020-03-19T18:58:04","guid":{"rendered":"http:\/\/klubmamgdynia.pl\/?post_type=product&#038;p=379"},"modified":"2026-04-06T10:22:28","modified_gmt":"2026-04-06T08:22:28","slug":"charlie-crane-mata-do-zabawy-tami-nude","status":"publish","type":"product","link":"http:\/\/klubmamgdynia.pl\/index.php\/produkt\/charlie-crane-mata-do-zabawy-tami-nude\/","title":{"rendered":"Charlie Crane Mata Do Zabawy Tami Nude"},"content":{"rendered":"<p>Mata do zabawy Charlie Crane jest pomy\u015blana tak, aby towarzyszy\u0107 maluszkowi na r\u00f3\u017cnych etapach rozwoju. Mo\u017cna u\u017cywa\u0107 jej jako maty do gimnastyki, materaca i miejsca do wypoczynku.Wyj\u0105tkowo wygodna i mi\u0119kka mata do zabawy dla niemowl\u0105t Tami. Wykonana z ca\u0142kowicie bezpiecznej 3 cm pianki CertiPUR (odpowiedniej dla niemowl\u0105t), pokryta w 100% ultra mi\u0119kk\u0105 bawe\u0142nian\u0105 popelin\u0105, gwarantuj\u0105c\u0105 mi\u0119kko\u015b\u0107 w dotyku. Mata produkowana jest we Francji, w partnerskiej fabryce Charile Crane, w Charente.Lekka, \u0142atwa do przenoszenia aby bez problemu mo\u017cna by\u0142o zabiera\u0107 j\u0105 na spotkanie ze znajomymi, wyjazdy czy wizyty u dziadk\u00f3w.Mat\u0119 Charlie Crane mo\u017cna stosowa\u0107 te\u017c jako le\u017cank\u0119 czy te\u017c pierwsz\u0105 mat\u0119 zabaw dla dziecka \u2013 kolory przyci\u0105gaj\u0105 uwag\u0119 Malucha oraz rozwijaj\u0105 zmys\u0142y niemowlaka. Mata pomocna jest tak\u017ce w nauce le\u017cenia na brzuszku i nauki trzymania g\u0142\u00f3wki.Wykonana z mi\u0119kkiej bawe\u0142ny. Marka Charlie Crane to luksusowe produkty dla dzieci prosto z Pary\u017ca. Niezwykle mi\u0119kka mata do zabawy dla dziecka w ka\u017cdym wieku!Specyfikacja:Wymiary: 100 x 100 x 3 cmSk\u0142ad: 100% bawe\u0142na, certified OEKO-TEX STANDARD 100\/1. Pianka 3 cm Certipur. Zintegrowana poszewkaCzyszczenie: Odpowiednia do prania w pralce, delikatny tryb \/wirowanie max. 800 rpm. Suszy\u0107 na p\u0142askoCzas oczekiwania: 1-3 dniProducent: Charlie Crane<\/p>\n<h2>Charlie Crane Mata Do Zabawy Tami Nude Charlie Crane<\/h2>\n<p>tabliczka mno\u017cenia karty pracy do druku, zgadywanki dla dzieci, izabela imie, czerwony kapturek kolorowanka, prezent dla rocznej dziewczynki, anastazja imi\u0119, samolot z papieru, lato lato lato czeka tekst, natan imi\u0119, trudne zagadki wielkanocne, jak si\u0119 rysuje kota, nietypowe imiona \u017ce\u0144skie<\/p>\n<p>yyyyy<\/p>\n<p>&nbsp;<\/p>\n","protected":false},"excerpt":{"rendered":"<p>Mata do zabawy Charlie Crane jest pomy\u015blana tak, aby towarzyszy\u0107 maluszkowi na r\u00f3\u017cnych etapach rozwoju. Mo\u017cna u\u017cywa\u0107 jej jako maty do gimnastyki, materaca i miejsca do wypoczynku.Wyj\u0105tkowo wygodna i mi\u0119kka mata do zabawy dla niemowl\u0105t Tami. Wykonana z ca\u0142kowicie bezpiecznej 3 cm pianki CertiPUR (odpowiedniej dla niemowl\u0105t), pokryta w 100% ultra mi\u0119kk\u0105 bawe\u0142nian\u0105 popelin\u0105, gwarantuj\u0105c\u0105 [&hellip;]<\/p>\n","protected":false},"featured_media":380,"comment_status":"closed","ping_status":"open","template":"","meta":[],"product_cat":[160,55],"product_tag":[668,865,618],"class_list":["post-379","product","type-product","status-publish","has-post-thumbnail","hentry","product_cat-charlie-crane","product_cat-maty-edukacyjne","product_tag-atrakcje-dla-dzieci-wroclaw","product_tag-cytaty-o-dzieciach","product_tag-lato-lato-lato-czeka-tekst"],"_links":{"self":[{"href":"http:\/\/klubmamgdynia.pl\/index.php\/wp-json\/wp\/v2\/product\/379","targetHints":{"allow":["GET"]}}],"collection":[{"href":"http:\/\/klubmamgdynia.pl\/index.php\/wp-json\/wp\/v2\/product"}],"about":[{"href":"http:\/\/klubmamgdynia.pl\/index.php\/wp-json\/wp\/v2\/types\/product"}],"replies":[{"embeddable":true,"href":"http:\/\/klubmamgdynia.pl\/index.php\/wp-json\/wp\/v2\/comments?post=379"}],"wp:featuredmedia":[{"embeddable":true,"href":"http:\/\/klubmamgdynia.pl\/index.php\/wp-json\/wp\/v2\/media\/380"}],"wp:attachment":[{"href":"http:\/\/klubmamgdynia.pl\/index.php\/wp-json\/wp\/v2\/media?parent=379"}],"wp:term":[{"taxonomy":"product_cat","embeddable":true,"href":"http:\/\/klubmamgdynia.pl\/index.php\/wp-json\/wp\/v2\/product_cat?post=379"},{"taxonomy":"product_tag","embeddable":true,"href":"http:\/\/klubmamgdynia.pl\/index.php\/wp-json\/wp\/v2\/product_tag?post=379"}],"curies":[{"name":"wp","href":"https:\/\/api.w.org\/{rel}","templated":true}]}}