{"id":3800,"date":"2017-07-23T04:25:18","date_gmt":"2017-07-23T02:25:18","guid":{"rendered":"http:\/\/klubmamgdynia.pl\/index.php\/produkt\/cybex-eezy-s-2-lava-grey-spacerowy\/"},"modified":"2026-04-06T17:40:16","modified_gmt":"2026-04-06T15:40:16","slug":"cybex-eezy-s-2-lava-grey-spacerowy","status":"publish","type":"product","link":"http:\/\/klubmamgdynia.pl\/index.php\/produkt\/cybex-eezy-s-2-lava-grey-spacerowy\/","title":{"rendered":"Cybex Eezy S + 2 Lava Grey Spacerowy"},"content":{"rendered":"<p>Eezy S + 2 &#8211; kompaktowy w\u00f3zek spacerowyKolor\/wz\u00f3r: Lava GreyOferowany produkt to reprezentant nowej generacji znanego ju\u017c modelu Eezy S+ marki Cybex. Eezy S+ 2 jest doskona\u0142ym rozwi\u0105zaniem dla rodzic\u00f3w, kt\u00f3rzy w wi\u0119kszo\u015bci poruszaj\u0105 si\u0119 po miejskich, ma\u0142o wymagaj\u0105cych terenach. Z racji tego, \u017ce sk\u0142ada si\u0119 do naprawd\u0119 niewielkich rozmiar\u00f3w, Cybex Eezy S+ 2 doskonale sprawdzi si\u0119 r\u00f3wnie\u017c podczas podr\u00f3\u017cy &#8211; zmie\u015bci si\u0119 nawet w baga\u017cniku zgrabnego samochodu miejskiego.Do\u0142o\u017cono wszelkich stara\u0144, aby w\u00f3zek spe\u0142nia\u0142 wymagania nowoczesnych rodzic\u00f3w, co dotyczy zar\u00f3wno jego &#8211; w por\u00f3wnaniu do innych modeli zdolnych do tworzenia systemu podr\u00f3\u017cnego &#8211; &#8222;kieszonkowych&#8221; wymiar\u00f3w, jak i kwestii estetycznej. Cybex Eezy S+ 2 posiada od\u015bwie\u017cony design, kt\u00f3ry ca\u0142kowicie odbiega od \u00f3wczesnego &#8211; wp\u0142ywa na to obecno\u015b\u0107 nowych tapicerek i kolor\u00f3w, dzi\u0119ki kt\u00f3rym nowa wersja w\u00f3zka jest nie do poznania!Co wi\u0119cej, Eezy S+ 2 posiada w tej kolekcji na wyposa\u017ceniu pa\u0142\u0105k, kt\u00f3rego brakowa\u0142o u jego poprzednika oraz r\u0105czk\u0119 ze sk\u00f3ry ekologicznej, a nie piankow\u0105 jak do tej pory!W zestawie:w\u00f3zek spacerowypa\u0142\u0105kCechy charakterystyczneNowa ods\u0142onaCybex Eezy S+ 2 w nowej ods\u0142onie wyr\u00f3\u017cnia si\u0119 r\u0105czk\u0105, kt\u00f3ra zosta\u0142a wykonana z ekosk\u00f3ry i zast\u0105pi\u0142a piankow\u0105 wersj\u0119. Dodatkowo, nowa wersja w\u00f3zka posiada od\u015bwie\u017con\u0105 tapicerk\u0119 r\u00f3\u017cni\u0105c\u0105 si\u0119 od swojej poprzedniczki zar\u00f3wno struktur\u0105, jak i kolorystyk\u0105. Soczyste kolory zach\u0119caj\u0105 do wakacyjnego szale\u0144stwa. Nie spos\u00f3b nie zakocha\u0107 si\u0119 w w\u00f3zku, kt\u00f3rego funkcjonalno\u015b\u0107 ju\u017c zosta\u0142a doceniona przez setki rodzic\u00f3w, a zastosowane w nim modyfikacje tylko pozytywnie Ci\u0119 zaskocz\u0105!Budka XXLBudka w\u00f3zka jest sporych rozmiar\u00f3w, co zapewni odpowiedni\u0105 ochron\u0119 przed s\u0142o\u0144cem i innymi &#8211; cz\u0119sto niesprzyjaj\u0105cymi &#8211; warunkami pogodowymi. Je\u015bli kochasz przebywa\u0107 na \u015bwie\u017cym powietrzu i ekscytuje Ci\u0119 pokazywanie Twojemu maluszku nowych, nieznanych miejsc, nie rezygnuj z tego! Cybex Eezy S+ 2 zadba o to, aby ka\u017cda wsp\u00f3lna przeja\u017cd\u017cka by\u0142a niezapomnianym prze\u017cyciem &#8211; bez wzgl\u0119du na panuj\u0105c\u0105 na zewn\u0105trz aur\u0119.OparcieMechanizm znajduj\u0105cy si\u0119 na oparciu pozwala na jego regulacj\u0119 do pozycji le\u017c\u0105cej, kt\u00f3ra gwarantuje maluszkowi zas\u0142u\u017cony odpoczynek w wygodzie. Ka\u017cdy rodzic zapewne doceni to, jak szybko i \u0142atwo mozemy zmieni\u0107 ustawienie oparcia!Pasy bezpiecze\u0144stwaIch zadaniem jest dbanie o bezpiecze\u0144stwo Twojego dziecka &#8211; co do tego nikt nie powinien mie\u0107 w\u0105tpliwo\u015bci. Dodatkowo, pasy bezpiecze\u0144stwa w w\u00f3zku Cybex Eezy S+ 2 r\u00f3\u017cni\u0105 si\u0119 wizualnie od tych, kt\u00f3re wyst\u0119powa\u0142y w poprzednim modelu &#8211; wzbogacono je o pas w kolorze tapicerki, dzi\u0119ki kt\u00f3remu w\u00f3zek nabiera nieco bardziej sportowego charakteru.Pa\u0142\u0105k i podn\u00f3\u017cekOdpinany pa\u0142\u0105k chroni dziecko przed wysuni\u0119ciem si\u0119 z w\u00f3zka, a dla wielu brzd\u0105c\u00f3w stanowi nieod\u0142\u0105czny element, bez kt\u00f3rego podr\u00f3\u017c nie by\u0142aby kompletna. Podn\u00f3\u017cek jest regulowany do dw\u00f3ch pozycji, dzi\u0119ki czemu n\u00f3\u017cki dziecka maj\u0105 sta\u0142y punkt podparcia, na jawie i we \u015bnie. Wybieraj\u0105c w\u00f3zek Cybex Eezy S+ 2 mo\u017cesz by\u0107 pewien co do tego, \u017ce ka\u017cdy element zosta\u0142 stworzony z precyzj\u0105 i w konkretnym celu&#8230; A tym\u017ce celem jest zapewnienie Twojemu szkrabowi maksymalnej wygody.Ko\u0142aSystem jezdny w\u00f3zka nie pozostawia wiele do \u017cyczenia &#8211; wszystkie ko\u0142a s\u0105 amortyzowane, dzi\u0119ki czemu mo\u017cesz liczy\u0107 na dodatkowe wsparcie podczas spacerowania po bardziej wymagaj\u0105cym terenie.Sk\u0142adanieSk\u0142adanie w\u00f3zka jest bardzo intuicyjne, co sprawia, \u017ce nawet najwi\u0119kszy laik poradzi sobie z t\u0105 czynno\u015bci\u0105. Po z\u0142o\u017ceniu w\u00f3zek jest ultrakompaktowy, a dodaj\u0105c do tego nisk\u0105 wag\u0119 mamy pewno\u015b\u0107, \u017ce b\u0119dzie idealnym towarzyszem niejednej podr\u00f3\u017cy.System podr\u00f3\u017cnyMy\u015bla\u0142e\u015b, \u017ce Cybex Eezy S+ 2 to zwyk\u0142a &#8222;dojazd\u00f3wka&#8221;? Nic bardziej mylnego! Na stela\u017cu w\u00f3zka mo\u017cesz umie\u015bci\u0107 gondol\u0119 Cot S lub fotelik samochodowy i u\u017cywa\u0107 go ju\u017c od narodzin!SpecyfikacjaMaksymalna waga dziecka22 kgWymiary roz\u0142o\u017conego w\u00f3zka:d\u0142. x szer. x wys.80,5 x 45 x 105 cmWymiary po z\u0142o\u017ceniu:d\u0142. x szer. x wys.60 x 45 x 33 cmWaga w\u00f3zka:7,5 kg<\/p>\n<h2>Cybex Eezy S + 2 Lava Grey Spacerowy Cybex<\/h2>\n<p>podchwytliwe zagadki matematyczne, pytania logiczne, bal halloween dla dzieci 2021, dzie\u0144 pluszowego misia napis, podchwytliwe zagadki z odpowiedziami, europa stolice quiz, test z lektury opowie\u015bci z narni lew czarownica i stara szafa, kuchcikowo przepisy dla dzieci, pisanie po \u015bladzie do druku pdf, wierszyk o choince, test z dzieci z bullerbyn, sing 2 multikino, quiz o minecraft, zdrowe przepisy dla dzieci, choinka kolorowanka szablon, super zings kolorowanka, ma\u0142y ksi\u0105\u017c\u0119 &#8211; test z odpowiedziami, z\u0142ote my\u015bli o przyja\u017ani, prezent dla 15 latki, imie kuba, zdrowe dania dla dzieci<\/p>\n<p>yyyyy<\/p>\n<p>&nbsp;<\/p>\n","protected":false},"excerpt":{"rendered":"<p>Eezy S + 2 &#8211; kompaktowy w\u00f3zek spacerowyKolor\/wz\u00f3r: Lava GreyOferowany produkt to reprezentant nowej generacji znanego ju\u017c modelu Eezy S+ marki Cybex. Eezy S+ 2 jest doskona\u0142ym rozwi\u0105zaniem dla rodzic\u00f3w, kt\u00f3rzy w wi\u0119kszo\u015bci poruszaj\u0105 si\u0119 po miejskich, ma\u0142o wymagaj\u0105cych terenach. Z racji tego, \u017ce sk\u0142ada si\u0119 do naprawd\u0119 niewielkich rozmiar\u00f3w, Cybex Eezy S+ 2 doskonale [&hellip;]<\/p>\n","protected":false},"featured_media":3801,"comment_status":"closed","ping_status":"open","template":"","meta":[],"product_cat":[34,71],"product_tag":[660,711,587],"class_list":["post-3800","product","type-product","status-publish","has-post-thumbnail","hentry","product_cat-cybex","product_cat-wozki-spacerowe","product_tag-bianka","product_tag-prezenty-dla-nastolatkow","product_tag-skalne-miasto"],"_links":{"self":[{"href":"http:\/\/klubmamgdynia.pl\/index.php\/wp-json\/wp\/v2\/product\/3800","targetHints":{"allow":["GET"]}}],"collection":[{"href":"http:\/\/klubmamgdynia.pl\/index.php\/wp-json\/wp\/v2\/product"}],"about":[{"href":"http:\/\/klubmamgdynia.pl\/index.php\/wp-json\/wp\/v2\/types\/product"}],"replies":[{"embeddable":true,"href":"http:\/\/klubmamgdynia.pl\/index.php\/wp-json\/wp\/v2\/comments?post=3800"}],"wp:featuredmedia":[{"embeddable":true,"href":"http:\/\/klubmamgdynia.pl\/index.php\/wp-json\/wp\/v2\/media\/3801"}],"wp:attachment":[{"href":"http:\/\/klubmamgdynia.pl\/index.php\/wp-json\/wp\/v2\/media?parent=3800"}],"wp:term":[{"taxonomy":"product_cat","embeddable":true,"href":"http:\/\/klubmamgdynia.pl\/index.php\/wp-json\/wp\/v2\/product_cat?post=3800"},{"taxonomy":"product_tag","embeddable":true,"href":"http:\/\/klubmamgdynia.pl\/index.php\/wp-json\/wp\/v2\/product_tag?post=3800"}],"curies":[{"name":"wp","href":"https:\/\/api.w.org\/{rel}","templated":true}]}}