{"id":381,"date":"2020-10-20T15:47:56","date_gmt":"2020-10-20T13:47:56","guid":{"rendered":"http:\/\/klubmamgdynia.pl\/?post_type=product&#038;p=381"},"modified":"2026-04-04T16:48:51","modified_gmt":"2026-04-04T14:48:51","slug":"formatex-zoome-tubes-dodatkowe-rurki-zmt002","status":"publish","type":"product","link":"http:\/\/klubmamgdynia.pl\/index.php\/produkt\/formatex-zoome-tubes-dodatkowe-rurki-zmt002\/","title":{"rendered":"Formatex Zoome Tubes Dodatkowe Rurki Zmt002"},"content":{"rendered":"<p>Zoom Tubes Dodatkowe elementy zawiera 25 dodatkowych cz\u0119\u015bci, aby stworzy\u0107 bardziej unikalne tory wy\u015bcigowe. Wi\u0119cej element\u00f3w to wi\u0119cej rurowym konfiguracji do wsp\u00f3lnego zrobienia jako zesp\u00f3\u0142 i podnoszenia umiej\u0119tno\u015bci wsp\u00f3\u0142pracy ze sob\u0105. Wi\u0119c przygotuj si\u0119 na POWI\u0118KSZENIE tor\u00f3w dzi\u0119ki Zoom Tubes z dodatkowymi elementami. Sam tor wy\u015bcigowy jest \u0142atwy do zbudowania. R\u00f3\u017cne konfiguracje tor\u00f3w rurowych s\u0105 szybkie i proste do zbudowania. Dowolne pionowe lub kr\u0119te p\u0119tle dla nieprzerwanej zabawy wy\u015bcigowej. Istniej\u0105 niesko\u0144czone konfiguracje tor\u00f3w do zap\u0119tlania lub skr\u0119cania w d\u00f3\u0142 i g\u00f3r\u0119. Sekretem jest technologia rurowa, kt\u00f3ra zapewnia widoczno\u015b\u0107 \u015bwiec\u0105cego auta w ka\u017cdym miejscu na torze. Zoom Tubes to nieprzerwany wy\u015bcigowy pokaz \u015bwietlny. To proste kombinacje do samodzielnego zbudowania tor\u00f3w i wy\u015bcig\u00f3w autkami na akumulator. Zoome Tubes doskonali umiej\u0119tno\u015bci motoryczne, umiej\u0119tno\u015bci rozwi\u0105zywania problem\u00f3w i \u015bwiadomo\u015b\u0107 przestrzenn\u0105.Zawarto\u015b\u0107: 14xz\u0142\u0105czka, 4xrura zakrzywiona, 4xrura d\u0142uga, 2xrura kr\u00f3tka, 1xrura skrzy\u017cowanieWymiary: 34 x 29.5 x 14.2Wiek: 5+<\/p>\n<h2>Formatex Zoome Tubes Dodatkowe Rurki Zmt002 Formatex<\/h2>\n<p>malowanki piesek, ju\u017c blisko kol\u0119da tekst, \u017carty na prima aprilis dla mamy, \u015bmieszne zagadki z odpowiedziami, zagadki dla dzieci 6-7 lat, gda\u0144sk atrakcje dla m\u0142odzie\u017cy, \u017c\u0105rty na prima aprilis, kolorowanki \u015bwi\u0119to niepodleg\u0142o\u015bci do druku, zagadki dla dzieci, kolorowanki pokemon do druku, prezent na urodziny dla nastolatk\u00f3w, po\u0142\u0105cz kropki do wydruku pdf<\/p>\n<p>yyyyy<\/p>\n<p>&nbsp;<\/p>\n","protected":false},"excerpt":{"rendered":"<p>Zoom Tubes Dodatkowe elementy zawiera 25 dodatkowych cz\u0119\u015bci, aby stworzy\u0107 bardziej unikalne tory wy\u015bcigowe. Wi\u0119cej element\u00f3w to wi\u0119cej rurowym konfiguracji do wsp\u00f3lnego zrobienia jako zesp\u00f3\u0142 i podnoszenia umiej\u0119tno\u015bci wsp\u00f3\u0142pracy ze sob\u0105. Wi\u0119c przygotuj si\u0119 na POWI\u0118KSZENIE tor\u00f3w dzi\u0119ki Zoom Tubes z dodatkowymi elementami. Sam tor wy\u015bcigowy jest \u0142atwy do zbudowania. R\u00f3\u017cne konfiguracje tor\u00f3w rurowych s\u0105 [&hellip;]<\/p>\n","protected":false},"featured_media":382,"comment_status":"closed","ping_status":"open","template":"","meta":[],"product_cat":[161,141],"product_tag":[666,734,653],"class_list":["post-381","product","type-product","status-publish","has-post-thumbnail","hentry","product_cat-formatex","product_cat-parkingi-garaze-i-tory-wyscigowe","product_tag-afrykanskie-imiona","product_tag-milan-imie","product_tag-warszawa-dla-dzieci"],"_links":{"self":[{"href":"http:\/\/klubmamgdynia.pl\/index.php\/wp-json\/wp\/v2\/product\/381","targetHints":{"allow":["GET"]}}],"collection":[{"href":"http:\/\/klubmamgdynia.pl\/index.php\/wp-json\/wp\/v2\/product"}],"about":[{"href":"http:\/\/klubmamgdynia.pl\/index.php\/wp-json\/wp\/v2\/types\/product"}],"replies":[{"embeddable":true,"href":"http:\/\/klubmamgdynia.pl\/index.php\/wp-json\/wp\/v2\/comments?post=381"}],"wp:featuredmedia":[{"embeddable":true,"href":"http:\/\/klubmamgdynia.pl\/index.php\/wp-json\/wp\/v2\/media\/382"}],"wp:attachment":[{"href":"http:\/\/klubmamgdynia.pl\/index.php\/wp-json\/wp\/v2\/media?parent=381"}],"wp:term":[{"taxonomy":"product_cat","embeddable":true,"href":"http:\/\/klubmamgdynia.pl\/index.php\/wp-json\/wp\/v2\/product_cat?post=381"},{"taxonomy":"product_tag","embeddable":true,"href":"http:\/\/klubmamgdynia.pl\/index.php\/wp-json\/wp\/v2\/product_tag?post=381"}],"curies":[{"name":"wp","href":"https:\/\/api.w.org\/{rel}","templated":true}]}}