{"id":3870,"date":"2025-01-10T11:19:57","date_gmt":"2025-01-10T10:19:57","guid":{"rendered":"http:\/\/klubmamgdynia.pl\/?post_type=product&#038;p=3870"},"modified":"2026-05-17T22:18:13","modified_gmt":"2026-05-17T20:18:13","slug":"texpol-myjka-pieluszka-bambusowa-2-pak-30x30-sky-pink","status":"publish","type":"product","link":"http:\/\/klubmamgdynia.pl\/index.php\/produkt\/texpol-myjka-pieluszka-bambusowa-2-pak-30x30-sky-pink\/","title":{"rendered":"Texpol Myjka Pieluszka Bambusowa 2-Pak 30X30 Sky Pink"},"content":{"rendered":"<p>2-pack ma\u0142ych pieluszek bambusowych 30&#215;30 cm polskiej marki Texpol.Wz\u00f3r: Sky Pink + g\u0142adka r\u00f3\u017cowaPieluszk\u0119 mo\u017cna wykorzysta\u0107 jako delikatn\u0105 myjk\u0119 dla noworodk\u00f3w, chusteczk\u0119 na g\u0142ow\u0119 czy pieluszk\u0119 do wycierania buzi dziecka.Oto kilka najwa\u017cniejszych w\u0142a\u015bciwo\u015bci tkaniny bambusowej:pielucha nie daje odczyn\u00f3w alergicznych, dlatego te\u017c wyroby z w\u0142\u00f3kna bambusowego s\u0105 polecane dla noworodk\u00f3w,znakomicie ch\u0142onie wilgo\u0107,ma cechy antygrzybiczne oraz poch\u0142ania i neutralizuje nieprzyjemne zapachy,posiada w\u0142a\u015bciwo\u015bci termoregulacyjne, co oznacza \u017ce w upa\u0142y daje poczucie \u015bwie\u017co\u015bci i koj\u0105cego ch\u0142odu, zim\u0105 za\u015b przyjemnego ciep\u0142a.Pieluszki s\u0105 certyfikowanym Wyrobem Medycznym klasy pierwszej.Sk\u0142ad: 100% CV bambusRozmiar: 30 x 30 cmPosiada certyfikat Oekotex Standard 100 &#8211; bezpieczny dla sk\u00f3ry dzieckaSpos\u00f3b piel\u0119gnacji: pra\u0107 w temperaturze 30\u00b0C, bez dodatk\u00f3w \u015brodk\u00f3w wybielaj\u0105cych, wirowa\u0107 max. 800 obrot\u00f3w, prasowa\u0107 w \u015bredniej temperaturze.Produkt w ca\u0142o\u015bci wytworzony w Polsce.<\/p>\n<h2>Texpol Myjka Pieluszka Bambusowa 2-Pak 30X30 Sky Pink Texpol<\/h2>\n<p>zagadki dla dzieci 5 lat, koreczki dla dzieci na urodziny, prezent dla 1 latka, p\u0142ywalnie warszawa, ciasteczka na halloween dla dzieci, kolorowanki konie z je\u017ad\u017acem, \u015bmieszne zagadki dla dzieci 10 lat, psi patrol kolorowanka<\/p>\n<p>yyyyy<\/p>\n<p>&nbsp;<\/p>\n","protected":false},"excerpt":{"rendered":"<p>2-pack ma\u0142ych pieluszek bambusowych 30&#215;30 cm polskiej marki Texpol.Wz\u00f3r: Sky Pink + g\u0142adka r\u00f3\u017cowaPieluszk\u0119 mo\u017cna wykorzysta\u0107 jako delikatn\u0105 myjk\u0119 dla noworodk\u00f3w, chusteczk\u0119 na g\u0142ow\u0119 czy pieluszk\u0119 do wycierania buzi dziecka.Oto kilka najwa\u017cniejszych w\u0142a\u015bciwo\u015bci tkaniny bambusowej:pielucha nie daje odczyn\u00f3w alergicznych, dlatego te\u017c wyroby z w\u0142\u00f3kna bambusowego s\u0105 polecane dla noworodk\u00f3w,znakomicie ch\u0142onie wilgo\u0107,ma cechy antygrzybiczne oraz poch\u0142ania [&hellip;]<\/p>\n","protected":false},"featured_media":3871,"comment_status":"closed","ping_status":"open","template":"","meta":[],"product_cat":[17,1138],"product_tag":[765,761,734,795,872],"class_list":["post-3870","product","type-product","status-publish","has-post-thumbnail","hentry","product_cat-pieluchy","product_cat-texpol","product_tag-atrakcje-dla-dzieci-warszawa","product_tag-choinko-piekna-jak-las-tekst","product_tag-milan-imie","product_tag-mini-zoo-warszawa","product_tag-zagadki-dla-dzieci-6-lat"],"_links":{"self":[{"href":"http:\/\/klubmamgdynia.pl\/index.php\/wp-json\/wp\/v2\/product\/3870","targetHints":{"allow":["GET"]}}],"collection":[{"href":"http:\/\/klubmamgdynia.pl\/index.php\/wp-json\/wp\/v2\/product"}],"about":[{"href":"http:\/\/klubmamgdynia.pl\/index.php\/wp-json\/wp\/v2\/types\/product"}],"replies":[{"embeddable":true,"href":"http:\/\/klubmamgdynia.pl\/index.php\/wp-json\/wp\/v2\/comments?post=3870"}],"wp:featuredmedia":[{"embeddable":true,"href":"http:\/\/klubmamgdynia.pl\/index.php\/wp-json\/wp\/v2\/media\/3871"}],"wp:attachment":[{"href":"http:\/\/klubmamgdynia.pl\/index.php\/wp-json\/wp\/v2\/media?parent=3870"}],"wp:term":[{"taxonomy":"product_cat","embeddable":true,"href":"http:\/\/klubmamgdynia.pl\/index.php\/wp-json\/wp\/v2\/product_cat?post=3870"},{"taxonomy":"product_tag","embeddable":true,"href":"http:\/\/klubmamgdynia.pl\/index.php\/wp-json\/wp\/v2\/product_tag?post=3870"}],"curies":[{"name":"wp","href":"https:\/\/api.w.org\/{rel}","templated":true}]}}