{"id":3872,"date":"2013-06-11T21:19:43","date_gmt":"2013-06-11T19:19:43","guid":{"rendered":"http:\/\/klubmamgdynia.pl\/index.php\/produkt\/gelacet-plus-21-sasz\/"},"modified":"2026-04-19T00:36:45","modified_gmt":"2026-04-18T22:36:45","slug":"gelacet-plus-21-sasz","status":"publish","type":"product","link":"http:\/\/klubmamgdynia.pl\/index.php\/produkt\/gelacet-plus-21-sasz\/","title":{"rendered":"Gelacet Plus 21 sasz."},"content":{"rendered":"<p>Gelacet Plus<\/p>\n<p>Suplement diety Gelacet Plus to po\u0142\u0105czenie sk\u0142adnik\u00f3w od\u017cywczych wp\u0142ywaj\u0105cych na prawid\u0142ow\u0105 kondycj\u0119 sk\u00f3ry. Hydrolizat kolagenu jest \u017ar\u00f3d\u0142em kluczowych aminokwas\u00f3w b\u0119d\u0105cych podstawowym budulcem sk\u00f3ry.                            <\/p>\n<p>Witaminy C i E to antyoksydanty, kt\u00f3re chroni\u0105 kom\u00f3rki sk\u00f3ry przed dzia\u0142aniem stresu oksydacyjnego. Powszechnie wiadomo, \u017ce stres oksydacyjny jest g\u0142\u00f3wn\u0105 przyczyn\u0105 starzenia si\u0119 kom\u00f3rek sk\u00f3ry. Ponadto, witamina C pomaga w produkcji kolagenu w celu zapewnienia prawid\u0142owego funkcjonowania sk\u00f3ry.Witamina A odgrywa rol\u0105 w procesie odnowy kom\u00f3rek, w tym nask\u00f3rka oraz pomaga zachowa\u0107 zdrow\u0105 sk\u00f3r\u0119.Biotyna korzystnie wp\u0142ywa na stan w\u0142os\u00f3w i sk\u00f3ry.Selen i cynk wp\u0142ywaj\u0105 na utrzymanie w\u0142a\u015bciwej kondycji w\u0142os\u00f3w i paznokci.                             <\/p>\n<p>            Dawkowanie:<\/p>\n<p>Zalecane spo\u017cycie: Nale\u017cy spo\u017cywa\u0107 1 saszetk\u0119 dziennie, rozpuszczaj\u0105c jej zawarto\u015b\u0107 w ok. 150 ml niegazowanej wody, Zawarto\u015b\u0107 wymiesza\u0107 i wypi\u0107.<\/p>\n<h2>Gelacet Plus 21 sasz. Almirall<\/h2>\n<p>kolorowanka lato, \u0142amig\u0142\u00f3wki dla dzieci do druku, mama cytaty, lol do druku, bajki dla dzieci za darmo, quizy online, kolorowanki samochody, zagadki matematyczne dla dzieci 7 lat, kolorowanki my little pony, quiz samochodowy, kolorowanka antystresowa, cytaty o dzieciach i rodzicach, ch\u0142opcy z placu broni &#8211; test z odpowiedziami, szlaczki dla dzieci, roszpunka kolorowanka, zabawy ruchowe dla dzieci, darmowe kolorowanki kolorowanki dla dziewczynek<\/p>\n<p>yyyyy<\/p>\n<p>&nbsp;<\/p>\n","protected":false},"excerpt":{"rendered":"<p>Gelacet Plus Suplement diety Gelacet Plus to po\u0142\u0105czenie sk\u0142adnik\u00f3w od\u017cywczych wp\u0142ywaj\u0105cych na prawid\u0142ow\u0105 kondycj\u0119 sk\u00f3ry. Hydrolizat kolagenu jest \u017ar\u00f3d\u0142em kluczowych aminokwas\u00f3w b\u0119d\u0105cych podstawowym budulcem sk\u00f3ry. Witaminy C i E to antyoksydanty, kt\u00f3re chroni\u0105 kom\u00f3rki sk\u00f3ry przed dzia\u0142aniem stresu oksydacyjnego. Powszechnie wiadomo, \u017ce stres oksydacyjny jest g\u0142\u00f3wn\u0105 przyczyn\u0105 starzenia si\u0119 kom\u00f3rek sk\u00f3ry. Ponadto, witamina C pomaga [&hellip;]<\/p>\n","protected":false},"featured_media":3873,"comment_status":"closed","ping_status":"open","template":"","meta":[],"product_cat":[1139,136],"product_tag":[781,736,694],"class_list":["post-3872","product","type-product","status-publish","has-post-thumbnail","hentry","product_cat-almirall","product_cat-nutrikosmetyki","product_tag-cytaty-o-wychowaniu-dzieci","product_tag-zabawki-na-roczek","product_tag-zagadki-swiateczne-dla-dzieci"],"_links":{"self":[{"href":"http:\/\/klubmamgdynia.pl\/index.php\/wp-json\/wp\/v2\/product\/3872","targetHints":{"allow":["GET"]}}],"collection":[{"href":"http:\/\/klubmamgdynia.pl\/index.php\/wp-json\/wp\/v2\/product"}],"about":[{"href":"http:\/\/klubmamgdynia.pl\/index.php\/wp-json\/wp\/v2\/types\/product"}],"replies":[{"embeddable":true,"href":"http:\/\/klubmamgdynia.pl\/index.php\/wp-json\/wp\/v2\/comments?post=3872"}],"wp:featuredmedia":[{"embeddable":true,"href":"http:\/\/klubmamgdynia.pl\/index.php\/wp-json\/wp\/v2\/media\/3873"}],"wp:attachment":[{"href":"http:\/\/klubmamgdynia.pl\/index.php\/wp-json\/wp\/v2\/media?parent=3872"}],"wp:term":[{"taxonomy":"product_cat","embeddable":true,"href":"http:\/\/klubmamgdynia.pl\/index.php\/wp-json\/wp\/v2\/product_cat?post=3872"},{"taxonomy":"product_tag","embeddable":true,"href":"http:\/\/klubmamgdynia.pl\/index.php\/wp-json\/wp\/v2\/product_tag?post=3872"}],"curies":[{"name":"wp","href":"https:\/\/api.w.org\/{rel}","templated":true}]}}