{"id":3876,"date":"2016-11-05T12:25:39","date_gmt":"2016-11-05T11:25:39","guid":{"rendered":"http:\/\/klubmamgdynia.pl\/index.php\/produkt\/karate-spray-rtu-1l\/"},"modified":"2026-04-12T18:12:42","modified_gmt":"2026-04-12T16:12:42","slug":"karate-spray-rtu-1l","status":"publish","type":"product","link":"http:\/\/klubmamgdynia.pl\/index.php\/produkt\/karate-spray-rtu-1l\/","title":{"rendered":"KARATE SPRAY RTU 1L"},"content":{"rendered":"<p>\u015arodek owadob\u00f3jczy w formie mikroemulsji, o dzia\u0142aniu kontaktowym i \u017co\u0142\u0105dkowym, przeznaczony do zwalczania szkodnik\u00f3w gryz\u0105cych i ss\u0105cych. Na ro\u015blinie dzia\u0142a powierzchniowo. \u015arodek gotowy do u\u017cycia, przeznaczony do stosowania przy u\u017cyciu opryskiwaczy r\u0119cznych. \u015arodek przeznaczony do stosowania przez u\u017cytkownik\u00f3w nieprofesjonalnych. Zwalczane szkodniki: mszyce, skoczek r\u00f3\u017cany, miseczniki, zmienniki, wciornastki, larwy b\u0142onk\u00f3wek oraz larwy i osobniki doros\u0142e chrz\u0105szczy minuj\u0105ce i zjadaj\u0105ce li\u015bcie, owocnica jab\u0142kowa, mszyce, g\u0105sienice motyli (bielinek kapustnik, tantni\u015b krzy\u017cowiaczek, b\u0142yszczka jarzyni\u00f3wka), prz\u0119dziorki, m\u0105czliki. Zawarto\u015b\u0107 substancji czynnej: lambda-cyhalotryna (zwi\u0105zek z grupy pyretroid\u00f3w) \u2013 0,015 g\/l (0,0015%). Karencja: 3-7 dni Okres prewencji: nie wchodzi\u0107 do czasu ca\u0142kowitego wyschni\u0119cia cieczy u\u017cytkowej na powierzchni ro\u015blin. Wielko\u015b\u0107 opakowania: 1 l Dost\u0119pny r\u00f3wnie\u017c w opakowaniu: 500 ml Ze \u015brodk\u00f3w ochrony ro\u015blin nale\u017cy korzysta\u0107 z zachowaniem bezpiecze\u0144stwa. Przed ka\u017cdym u\u017cyciem przeczytaj informacje zamieszczone w etykiecie i informacje dotycz\u0105ce produktu.<\/p>\n<h2>KARATE SPRAY RTU 1L Sumin<\/h2>\n<p>zagadki rymowanki dla dzieci, gra kulki, jak narysowa\u0107 oko, literki do druku, testy z lektury miko\u0142ajek, melania znaczenie imienia, prima aprilis pomys\u0142y, znane misie z bajek, kolorowanka harry potter, kartka walentynkowa r\u0119cznie robiona \u0142atwa, mariola, pomys\u0142y na prezent dla nastolatk\u00f3w<\/p>\n<p>yyyyy<\/p>\n<p>&nbsp;<\/p>\n","protected":false},"excerpt":{"rendered":"<p>\u015arodek owadob\u00f3jczy w formie mikroemulsji, o dzia\u0142aniu kontaktowym i \u017co\u0142\u0105dkowym, przeznaczony do zwalczania szkodnik\u00f3w gryz\u0105cych i ss\u0105cych. Na ro\u015blinie dzia\u0142a powierzchniowo. \u015arodek gotowy do u\u017cycia, przeznaczony do stosowania przy u\u017cyciu opryskiwaczy r\u0119cznych. \u015arodek przeznaczony do stosowania przez u\u017cytkownik\u00f3w nieprofesjonalnych. Zwalczane szkodniki: mszyce, skoczek r\u00f3\u017cany, miseczniki, zmienniki, wciornastki, larwy b\u0142onk\u00f3wek oraz larwy i osobniki doros\u0142e chrz\u0105szczy [&hellip;]<\/p>\n","protected":false},"featured_media":3877,"comment_status":"closed","ping_status":"open","template":"","meta":[],"product_cat":[1141,1140],"product_tag":[671,704,646,600,767,701],"class_list":["post-3876","product","type-product","status-publish","has-post-thumbnail","hentry","product_cat-srodki-ochrony-roslin","product_cat-sumin","product_tag-cicha-noc-po-angielsku-tekst","product_tag-prezent-dla-nastolatka","product_tag-prezent-na-pierwsze-urodziny","product_tag-zaproszenia-na-urodziny-do-druku","product_tag-zaproszenia-urodzinowe-do-druku","product_tag-zgadywanki-dla-dzieci"],"_links":{"self":[{"href":"http:\/\/klubmamgdynia.pl\/index.php\/wp-json\/wp\/v2\/product\/3876","targetHints":{"allow":["GET"]}}],"collection":[{"href":"http:\/\/klubmamgdynia.pl\/index.php\/wp-json\/wp\/v2\/product"}],"about":[{"href":"http:\/\/klubmamgdynia.pl\/index.php\/wp-json\/wp\/v2\/types\/product"}],"replies":[{"embeddable":true,"href":"http:\/\/klubmamgdynia.pl\/index.php\/wp-json\/wp\/v2\/comments?post=3876"}],"wp:featuredmedia":[{"embeddable":true,"href":"http:\/\/klubmamgdynia.pl\/index.php\/wp-json\/wp\/v2\/media\/3877"}],"wp:attachment":[{"href":"http:\/\/klubmamgdynia.pl\/index.php\/wp-json\/wp\/v2\/media?parent=3876"}],"wp:term":[{"taxonomy":"product_cat","embeddable":true,"href":"http:\/\/klubmamgdynia.pl\/index.php\/wp-json\/wp\/v2\/product_cat?post=3876"},{"taxonomy":"product_tag","embeddable":true,"href":"http:\/\/klubmamgdynia.pl\/index.php\/wp-json\/wp\/v2\/product_tag?post=3876"}],"curies":[{"name":"wp","href":"https:\/\/api.w.org\/{rel}","templated":true}]}}