{"id":3914,"date":"2014-01-02T11:31:09","date_gmt":"2014-01-02T10:31:09","guid":{"rendered":"http:\/\/klubmamgdynia.pl\/index.php\/produkt\/dada-6-xl-pants-16kg-30szt\/"},"modified":"2026-04-30T11:25:02","modified_gmt":"2026-04-30T09:25:02","slug":"dada-6-xl-pants-16kg-30szt","status":"publish","type":"product","link":"http:\/\/klubmamgdynia.pl\/index.php\/produkt\/dada-6-xl-pants-16kg-30szt\/","title":{"rendered":"Dada 6 Xl Pants (16Kg+) 30Szt."},"content":{"rendered":"<p>Pieluchy jednorazowe Dada 6 Junior Pantsy (16kg+) 30 szt. Pieluchomajtki jednorazowe Dada 6 Junior Pantsy. Pieluchomajtki Dada 6 Junior Pantsy nadaj\u0105 si\u0119 dla dzieci o wadze 16 kg+. Charakteryzuje je niezwyk\u0142a mi\u0119kko\u015b\u0107 oraz wygodna noszenia. Specjalnie kanaliki oraz wzmacniany wk\u0142ad ch\u0142on\u0105 wilgo\u0107 i nie pozwalaj\u0105 jej wydostawa\u0107 si\u0119 na zewn\u0105trz. Szerokie rzepy uniemo\u017cliwiaj\u0105 pieluszce przesuwanie si\u0119, dzi\u0119ki czemu maluch mo\u017ce cieszy\u0107 si\u0119 swobod\u0105 ruch\u00f3w i po prostu odda\u0107 zabawie. Cechy: Wysokiej jako\u015bci pieluchomajtki jednorazowe. Cienkie i lekkie. Mocne i szerokie rzepy. Elastyczne boki. \u0141atwe przewijanie. Anatomicznie wyprofilowany wk\u0142ad. Bez przeciekania. Swoboda zabawy. Rozmiar: 6 Waga: PantsyIlo\u015b\u0107: 30 szt.<\/p>\n<h2>Dada 6 Xl Pants (16Kg+) 30Szt. Dada<\/h2>\n<p>ch\u0142opcy z placu broni &#8211; test z odpowiedziami, leonardo imi\u0119, miasto dzieci krak\u00f3w, zagadki na inteligencje, \u0142amig\u0142\u00f3wki dla dzieci, quiz o polsce dla dzieci, \u017carty prima aprilis, felix net i nika oraz gang niewidzialnych ludzi quiz, obrazki do druku, zygzak mcqueen kolorowanka, cicha noc po angielsku tekst, kolorowanki \u015bwi\u0105teczne do druku pdf, trudne zagadki wielkanocne, test z lektury narnia lew czarownica i stara szafa, przedszkole drugi dom<\/p>\n<p>yyyyy<\/p>\n<p>&nbsp;<\/p>\n","protected":false},"excerpt":{"rendered":"<p>Pieluchy jednorazowe Dada 6 Junior Pantsy (16kg+) 30 szt. Pieluchomajtki jednorazowe Dada 6 Junior Pantsy. Pieluchomajtki Dada 6 Junior Pantsy nadaj\u0105 si\u0119 dla dzieci o wadze 16 kg+. Charakteryzuje je niezwyk\u0142a mi\u0119kko\u015b\u0107 oraz wygodna noszenia. Specjalnie kanaliki oraz wzmacniany wk\u0142ad ch\u0142on\u0105 wilgo\u0107 i nie pozwalaj\u0105 jej wydostawa\u0107 si\u0119 na zewn\u0105trz. Szerokie rzepy uniemo\u017cliwiaj\u0105 pieluszce przesuwanie [&hellip;]<\/p>\n","protected":false},"featured_media":3915,"comment_status":"closed","ping_status":"open","template":"","meta":[],"product_cat":[1145,17],"product_tag":[612,812,791],"class_list":["post-3914","product","type-product","status-publish","has-post-thumbnail","hentry","product_cat-dada","product_cat-pieluchy","product_tag-kolorowanki-do-druku","product_tag-zagadki-logiczne-na-inteligencje","product_tag-zagadki-na-myslenie"],"_links":{"self":[{"href":"http:\/\/klubmamgdynia.pl\/index.php\/wp-json\/wp\/v2\/product\/3914","targetHints":{"allow":["GET"]}}],"collection":[{"href":"http:\/\/klubmamgdynia.pl\/index.php\/wp-json\/wp\/v2\/product"}],"about":[{"href":"http:\/\/klubmamgdynia.pl\/index.php\/wp-json\/wp\/v2\/types\/product"}],"replies":[{"embeddable":true,"href":"http:\/\/klubmamgdynia.pl\/index.php\/wp-json\/wp\/v2\/comments?post=3914"}],"wp:featuredmedia":[{"embeddable":true,"href":"http:\/\/klubmamgdynia.pl\/index.php\/wp-json\/wp\/v2\/media\/3915"}],"wp:attachment":[{"href":"http:\/\/klubmamgdynia.pl\/index.php\/wp-json\/wp\/v2\/media?parent=3914"}],"wp:term":[{"taxonomy":"product_cat","embeddable":true,"href":"http:\/\/klubmamgdynia.pl\/index.php\/wp-json\/wp\/v2\/product_cat?post=3914"},{"taxonomy":"product_tag","embeddable":true,"href":"http:\/\/klubmamgdynia.pl\/index.php\/wp-json\/wp\/v2\/product_tag?post=3914"}],"curies":[{"name":"wp","href":"https:\/\/api.w.org\/{rel}","templated":true}]}}