{"id":3940,"date":"2020-06-13T16:42:24","date_gmt":"2020-06-13T14:42:24","guid":{"rendered":"http:\/\/klubmamgdynia.pl\/index.php\/produkt\/adar-lalka-dziewczynka-40cm-z-dzwiekiem-w-pudelku\/"},"modified":"2026-05-17T22:53:37","modified_gmt":"2026-05-17T20:53:37","slug":"adar-lalka-dziewczynka-40cm-z-dzwiekiem-w-pudelku","status":"publish","type":"product","link":"http:\/\/klubmamgdynia.pl\/index.php\/produkt\/adar-lalka-dziewczynka-40cm-z-dzwiekiem-w-pudelku\/","title":{"rendered":"Adar Lalka dziewczynka 40cm z d\u017awi\u0119kiem w pude\u0142ku"},"content":{"rendered":"<p>Lalka dziewczynka 40cm z d\u017awi\u0119kiem w pude\u0142ku\u015aliczna laleczka to marzenie ma\u0142ych dziewczynek.Lalka kt\u00f3ra \u015bpiew i m\u00f3wi po polsku, b\u0119dzie doskona\u0142ym prezentem.Tu\u0142\u00f3w ma mi\u0119kki a ko\u0144czyny z bardzo mi\u0142ego w dotyku tworzywa.Lalka ubrana w sukienk\u0119 w drobne groszki, posiada kubraczek oraz kapelusik.Stopki lalki zdobi\u0105 skarpetki.Lalka zasilana bateriami: 3 x LR 44 1,5 VWymiary opakowania: 43 x 20 x 12 cmWiek:3+&#8230;<\/p>\n<h2>Adar Lalka dziewczynka 40cm z d\u017awi\u0119kiem w pude\u0142ku Adar<\/h2>\n<p>maska dinozaura, prezent dla 16 latki, buziak gify na dobranoc smieszne, zabawy z 7 latkiem, gry ruchowe dla dzieci, fajne zagadki, nauczyciel cytaty, test z lektury dynastia mizio\u0142k\u00f3w, trudne zagadki na inteligencj\u0119, kolorowanki samochody, borys imi\u0119, quiz o psie kt\u00f3ry je\u017adzi\u0142 kolej\u0105, ma\u0142y ksi\u0105\u017c\u0119 &#8211; test z odpowiedziami, bajka terapeutyczna o emocjach, domki nad morzem z atrakcjami dla dzieci, gry dla m\u0142odzie\u017cy, pisanie po \u015bladzie do druku pdf<\/p>\n<p>yyyyy<\/p>\n<p>&nbsp;<\/p>\n","protected":false},"excerpt":{"rendered":"<p>Lalka dziewczynka 40cm z d\u017awi\u0119kiem w pude\u0142ku\u015aliczna laleczka to marzenie ma\u0142ych dziewczynek.Lalka kt\u00f3ra \u015bpiew i m\u00f3wi po polsku, b\u0119dzie doskona\u0142ym prezentem.Tu\u0142\u00f3w ma mi\u0119kki a ko\u0144czyny z bardzo mi\u0142ego w dotyku tworzywa.Lalka ubrana w sukienk\u0119 w drobne groszki, posiada kubraczek oraz kapelusik.Stopki lalki zdobi\u0105 skarpetki.Lalka zasilana bateriami: 3 x LR 44 1,5 VWymiary opakowania: 43 x [&hellip;]<\/p>\n","protected":false},"featured_media":3941,"comment_status":"closed","ping_status":"open","template":"","meta":[],"product_cat":[175,65],"product_tag":[731,846,695,625,760,715],"class_list":["post-3940","product","type-product","status-publish","has-post-thumbnail","hentry","product_cat-adar","product_cat-lalki","product_tag-maly-ksiaze-cytaty","product_tag-rysowanki","product_tag-rzadkie-imiona-zenskie","product_tag-trojmiasto-atrakcje-dla-dzieci","product_tag-zagadka-matematyczna","product_tag-zosia-samosia"],"_links":{"self":[{"href":"http:\/\/klubmamgdynia.pl\/index.php\/wp-json\/wp\/v2\/product\/3940","targetHints":{"allow":["GET"]}}],"collection":[{"href":"http:\/\/klubmamgdynia.pl\/index.php\/wp-json\/wp\/v2\/product"}],"about":[{"href":"http:\/\/klubmamgdynia.pl\/index.php\/wp-json\/wp\/v2\/types\/product"}],"replies":[{"embeddable":true,"href":"http:\/\/klubmamgdynia.pl\/index.php\/wp-json\/wp\/v2\/comments?post=3940"}],"wp:featuredmedia":[{"embeddable":true,"href":"http:\/\/klubmamgdynia.pl\/index.php\/wp-json\/wp\/v2\/media\/3941"}],"wp:attachment":[{"href":"http:\/\/klubmamgdynia.pl\/index.php\/wp-json\/wp\/v2\/media?parent=3940"}],"wp:term":[{"taxonomy":"product_cat","embeddable":true,"href":"http:\/\/klubmamgdynia.pl\/index.php\/wp-json\/wp\/v2\/product_cat?post=3940"},{"taxonomy":"product_tag","embeddable":true,"href":"http:\/\/klubmamgdynia.pl\/index.php\/wp-json\/wp\/v2\/product_tag?post=3940"}],"curies":[{"name":"wp","href":"https:\/\/api.w.org\/{rel}","templated":true}]}}