{"id":3948,"date":"2020-12-24T09:57:49","date_gmt":"2020-12-24T08:57:49","guid":{"rendered":"http:\/\/klubmamgdynia.pl\/index.php\/produkt\/ega-pieluchy-flanelowe-kolorowe-zestaw-dziewczynka\/"},"modified":"2026-04-04T05:43:41","modified_gmt":"2026-04-04T03:43:41","slug":"ega-pieluchy-flanelowe-kolorowe-zestaw-dziewczynka","status":"publish","type":"product","link":"http:\/\/klubmamgdynia.pl\/index.php\/produkt\/ega-pieluchy-flanelowe-kolorowe-zestaw-dziewczynka\/","title":{"rendered":"Ega Pieluchy Flanelowe Kolorowe Zestaw Dziewczynka"},"content":{"rendered":"<p>PIELUCHY FLANELOWE 70&#215;80 KOLOROWEwz\u00f3r: zestaw nr 1Mi\u0119kkie pieluszki flanelowe we wzorki, wykonane z przyjaznej sk\u00f3rze dziecka bawe\u0142ny.3 szt. pieluszek flanelowych w zestawieMi\u0119kka i bezpieczna, nie powoduje alergiiMa dobre w\u0142a\u015bciwo\u015bci ch\u0142onnePolski produkt!Gramatura: +\/- 160 gBawe\u0142na: 100%Jako\u015b\u0107: IPieluszki s\u0105 konfekcjonowane w zestawy po 3 szt. Wzory mog\u0105 si\u0119 nieznacznie r\u00f3\u017cni\u0107 od tych przedstawionych na zdj\u0119ciuGRUBA, MI\u0118CIUTKA, CIEPLUTKA FLANELA SPRAWDZI SI\u0118 W ROLI:otulaczaprzytulankipodk\u0142adu do przewijaniaprze\u015bcierad\u0142a\u015bliniaczkar\u0119cznika\u015bciereczkiPra\u0107 maksymalnie w 40 \u00b0C<\/p>\n<h2>Ega Pieluchy Flanelowe Kolorowe Zestaw Dziewczynka Ega<\/h2>\n<p>\u0142amig\u0142\u00f3wki s\u0142owne, mira imie, dobrej nocy i sza, kr\u00f3tkie czytanki dla dzieci do wydruku, zagadki matematyczne dla przedszkolak\u00f3w, zabawy dla 5-6 latk\u00f3w, zagadki logiczne trudne, alan imie, zagadki zimowe dla dzieci, wzory dyplom\u00f3w do pobrania, warszawa dla dzieci, zosia samosia, zagadki na logiczne my\u015blenie, najrzadsze imiona<\/p>\n<p>yyyyy<\/p>\n<p>&nbsp;<\/p>\n","protected":false},"excerpt":{"rendered":"<p>PIELUCHY FLANELOWE 70&#215;80 KOLOROWEwz\u00f3r: zestaw nr 1Mi\u0119kkie pieluszki flanelowe we wzorki, wykonane z przyjaznej sk\u00f3rze dziecka bawe\u0142ny.3 szt. pieluszek flanelowych w zestawieMi\u0119kka i bezpieczna, nie powoduje alergiiMa dobre w\u0142a\u015bciwo\u015bci ch\u0142onnePolski produkt!Gramatura: +\/- 160 gBawe\u0142na: 100%Jako\u015b\u0107: IPieluszki s\u0105 konfekcjonowane w zestawy po 3 szt. Wzory mog\u0105 si\u0119 nieznacznie r\u00f3\u017cni\u0107 od tych przedstawionych na zdj\u0119ciuGRUBA, MI\u0118CIUTKA, CIEPLUTKA [&hellip;]<\/p>\n","protected":false},"featured_media":3949,"comment_status":"closed","ping_status":"open","template":"","meta":[],"product_cat":[1153,17],"product_tag":[642,665,604],"class_list":["post-3948","product","type-product","status-publish","has-post-thumbnail","hentry","product_cat-ega","product_cat-pieluchy","product_tag-mia-imie","product_tag-proste-zagadki","product_tag-zagadki-trudne"],"_links":{"self":[{"href":"http:\/\/klubmamgdynia.pl\/index.php\/wp-json\/wp\/v2\/product\/3948","targetHints":{"allow":["GET"]}}],"collection":[{"href":"http:\/\/klubmamgdynia.pl\/index.php\/wp-json\/wp\/v2\/product"}],"about":[{"href":"http:\/\/klubmamgdynia.pl\/index.php\/wp-json\/wp\/v2\/types\/product"}],"replies":[{"embeddable":true,"href":"http:\/\/klubmamgdynia.pl\/index.php\/wp-json\/wp\/v2\/comments?post=3948"}],"wp:featuredmedia":[{"embeddable":true,"href":"http:\/\/klubmamgdynia.pl\/index.php\/wp-json\/wp\/v2\/media\/3949"}],"wp:attachment":[{"href":"http:\/\/klubmamgdynia.pl\/index.php\/wp-json\/wp\/v2\/media?parent=3948"}],"wp:term":[{"taxonomy":"product_cat","embeddable":true,"href":"http:\/\/klubmamgdynia.pl\/index.php\/wp-json\/wp\/v2\/product_cat?post=3948"},{"taxonomy":"product_tag","embeddable":true,"href":"http:\/\/klubmamgdynia.pl\/index.php\/wp-json\/wp\/v2\/product_tag?post=3948"}],"curies":[{"name":"wp","href":"https:\/\/api.w.org\/{rel}","templated":true}]}}