{"id":3950,"date":"2015-02-17T12:28:17","date_gmt":"2015-02-17T11:28:17","guid":{"rendered":"http:\/\/klubmamgdynia.pl\/index.php\/produkt\/oillan-mama-aktywnie-ujedrniajacy-balsam-do-ciala-200-ml\/"},"modified":"2026-04-05T23:58:22","modified_gmt":"2026-04-05T21:58:22","slug":"oillan-mama-aktywnie-ujedrniajacy-balsam-do-ciala-200-ml","status":"publish","type":"product","link":"http:\/\/klubmamgdynia.pl\/index.php\/produkt\/oillan-mama-aktywnie-ujedrniajacy-balsam-do-ciala-200-ml\/","title":{"rendered":"Oillan Mama\u00a0 aktywnie uj\u0119drniaj\u0105cy balsam do cia\u0142a 200 ml"},"content":{"rendered":"<p>Emolienty dla kobiet w ci\u0105\u017cy Oillan Mama przywracaj\u0105 r\u00f3wnowag\u0119 fizjologiczn\u0105 oraz wspomagaj\u0105 naturalny system ochronny sk\u00f3ry. Bezpiecze\u0144stwo potwierdzone w testach z udzia\u0142em kobiet w ci\u0105\u017cy i po porodzie, w\u015br\u00f3d os\u00f3b z alergicznymi chorobami sk\u00f3ry.\u2713\u00a0do stosowania od 8 tygodnia ci\u0105\u017cy i po porodzie, w trakcie karmienia                            <\/p>\n<p>____________________________________________________________________________________________________________________________________________________________________________________________________________                            <\/p>\n<p>Produkt mo\u017ce by\u0107 stosowany od 8. tygodnia ci\u0105\u017cy oraz po porodzie, r\u00f3wnie\u017c podczas karmienia piersi\u0105Nie zawiera paraben\u00f3w, barwnik\u00f3w i kompozycji zapachowejTestowany dermatologicznie z udzia\u0142em os\u00f3b z alergicznymi chorobami sk\u00f3ry, w\u015br\u00f3d kobiet w ci\u0105\u017cy oraz karmi\u0105cych piersi\u0105pH neutralne dla sk\u00f3ry                            <\/p>\n<p>Aktywnie uj\u0119drniaj\u0105cy balsam do cia\u0142a.Balsam intensywnie uj\u0119drnia, wzmacnia i regeneruje sk\u00f3r\u0119. Mas\u0142o shea odbudowywuje barier\u0119 hydrolipidow\u0105 nask\u00f3rka, doskonale od\u017cywia, nat\u0142uszcza oraz przywraca sk\u00f3rze aksamitn\u0105 g\u0142adko\u015b\u0107. ASM repair complex stymuluj\u0105c mikrokr\u0105\u017cenie, zapobiega gromadzeniu si\u0119 tkanki t\u0142uszczowej i niweluje nier\u00f3wno\u015bci wyst\u0119puj\u0105ce na sk\u00f3rze. Beraina skutecznie nawil\u017ca, chroni\u0105c przed przesuszeniem. Witamina E oraz ekstrakt z nasion \u015bliwki wspomagaj\u0105 regeneracj\u0119 nask\u00f3rka, wzmacniaj\u0105c system ochronny sk\u00f3ry.                            <\/p>\n<p>Stosowanie:2 razy dziennie wmasowa\u0107 okr\u0119\u017cnymi ruchami w sk\u00f3r\u0119 piersi, brzucha, ud i po\u015bladk\u00f3w.<\/p>\n<h2>Oillan Mama\u00a0 aktywnie uj\u0119drniaj\u0105cy balsam do cia\u0142a 200 ml Oillan<\/h2>\n<p>bajka na dobranoc, papugi do druku, ekskluzywny prezent na roczek, linda, znaki drogowe test, znaczenie imienia alan, zosia samosia wiersz, test z lektury mitologia grecka, prezent dla nastolatka, atrakcje dla dzieci we wroc\u0142awiu, krzy\u017c\u00f3wki dla dzieci do druku, menu urodzinowe dla dzieci w wieku 8 10 lat, plac zabaw pozna\u0144, rodzina cytaty, pomys\u0142 na prezent dla nastolatk\u00f3w, opis o dziecku, zagadki dla dzieci 7-8 lat online, wroc\u0142aw dla dzieci, ozdoby \u015bwi\u0105teczne z rolek po papierze toaletowym<\/p>\n<p>yyyyy<\/p>\n<p>&nbsp;<\/p>\n","protected":false},"excerpt":{"rendered":"<p>Emolienty dla kobiet w ci\u0105\u017cy Oillan Mama przywracaj\u0105 r\u00f3wnowag\u0119 fizjologiczn\u0105 oraz wspomagaj\u0105 naturalny system ochronny sk\u00f3ry. Bezpiecze\u0144stwo potwierdzone w testach z udzia\u0142em kobiet w ci\u0105\u017cy i po porodzie, w\u015br\u00f3d os\u00f3b z alergicznymi chorobami sk\u00f3ry.\u2713\u00a0do stosowania od 8 tygodnia ci\u0105\u017cy i po porodzie, w trakcie karmienia ____________________________________________________________________________________________________________________________________________________________________________________________________________ Produkt mo\u017ce by\u0107 stosowany od 8. tygodnia ci\u0105\u017cy oraz [&hellip;]<\/p>\n","protected":false},"featured_media":3951,"comment_status":"closed","ping_status":"open","template":"","meta":[],"product_cat":[134,1154],"product_tag":[817,763,673,667],"class_list":["post-3950","product","type-product","status-publish","has-post-thumbnail","hentry","product_cat-dermokosmetyki","product_cat-oillan","product_tag-bajka-terapeutyczna-o-emocjach","product_tag-fabian","product_tag-juz-blisko-koleda-tekst","product_tag-kolorowanka-lol"],"_links":{"self":[{"href":"http:\/\/klubmamgdynia.pl\/index.php\/wp-json\/wp\/v2\/product\/3950","targetHints":{"allow":["GET"]}}],"collection":[{"href":"http:\/\/klubmamgdynia.pl\/index.php\/wp-json\/wp\/v2\/product"}],"about":[{"href":"http:\/\/klubmamgdynia.pl\/index.php\/wp-json\/wp\/v2\/types\/product"}],"replies":[{"embeddable":true,"href":"http:\/\/klubmamgdynia.pl\/index.php\/wp-json\/wp\/v2\/comments?post=3950"}],"wp:featuredmedia":[{"embeddable":true,"href":"http:\/\/klubmamgdynia.pl\/index.php\/wp-json\/wp\/v2\/media\/3951"}],"wp:attachment":[{"href":"http:\/\/klubmamgdynia.pl\/index.php\/wp-json\/wp\/v2\/media?parent=3950"}],"wp:term":[{"taxonomy":"product_cat","embeddable":true,"href":"http:\/\/klubmamgdynia.pl\/index.php\/wp-json\/wp\/v2\/product_cat?post=3950"},{"taxonomy":"product_tag","embeddable":true,"href":"http:\/\/klubmamgdynia.pl\/index.php\/wp-json\/wp\/v2\/product_tag?post=3950"}],"curies":[{"name":"wp","href":"https:\/\/api.w.org\/{rel}","templated":true}]}}