{"id":3956,"date":"2022-07-09T08:50:11","date_gmt":"2022-07-09T06:50:11","guid":{"rendered":"http:\/\/klubmamgdynia.pl\/index.php\/produkt\/little-frog-chusta-kolkowa-bambusowy-rubin-s-17m\/"},"modified":"2026-04-04T00:06:35","modified_gmt":"2026-04-03T22:06:35","slug":"little-frog-chusta-kolkowa-bambusowy-rubin-s-17m","status":"publish","type":"product","link":"http:\/\/klubmamgdynia.pl\/index.php\/produkt\/little-frog-chusta-kolkowa-bambusowy-rubin-s-17m\/","title":{"rendered":"Little Frog Chusta K\u00f3\u0142kowa Bambusowy Rubin S 1,7M"},"content":{"rendered":"<p>Polska chusta do noszenia dzieci marki Little Frog &#8211; ju\u017c od pierwszych dni \u2022 chusta tkana splotem sko\u015bno-krzy\u017cowym \u2022 chusta wi\u0105zana<\/p>\n<h2>Little Frog Chusta K\u00f3\u0142kowa Bambusowy Rubin S 1,7M Little Frog<\/h2>\n<p>przeczytaj mi wiersz, kolorowanki dla ch\u0142opc\u00f3w, \u017carty na prima aprilis dla ch\u0142opaka, ozdoby wielkanocne kt\u00f3re mog\u0105 zrobi\u0107 dzieci, cytat na dzie\u0144 matki, jagna, wr\u00f3zby andrzejkowe dla dzieci, pomys\u0142y na dzie\u0144 dziecka dla nastolatk\u00f3w, sky kolorowanka, prezent dla ch\u0142opca 7 lat<\/p>\n<p>yyyyy<\/p>\n<p>&nbsp;<\/p>\n","protected":false},"excerpt":{"rendered":"<p>Polska chusta do noszenia dzieci marki Little Frog &#8211; ju\u017c od pierwszych dni \u2022 chusta tkana splotem sko\u015bno-krzy\u017cowym \u2022 chusta wi\u0105zana Little Frog Chusta K\u00f3\u0142kowa Bambusowy Rubin S 1,7M Little Frog przeczytaj mi wiersz, kolorowanki dla ch\u0142opc\u00f3w, \u017carty na prima aprilis dla ch\u0142opaka, ozdoby wielkanocne kt\u00f3re mog\u0105 zrobi\u0107 dzieci, cytat na dzie\u0144 matki, jagna, wr\u00f3zby [&hellip;]<\/p>\n","protected":false},"featured_media":3957,"comment_status":"closed","ping_status":"open","template":"","meta":[],"product_cat":[1150,1104],"product_tag":[789,723,752,734,630],"class_list":["post-3956","product","type-product","status-publish","has-post-thumbnail","hentry","product_cat-little-frog","product_cat-nosidelka-i-chusty","product_tag-kaczuszka","product_tag-krotkie-bajki-do-czytania-na-dobranoc","product_tag-kuba-imie","product_tag-milan-imie","product_tag-podchwytliwe-zagadki-z-odpowiedziami"],"_links":{"self":[{"href":"http:\/\/klubmamgdynia.pl\/index.php\/wp-json\/wp\/v2\/product\/3956","targetHints":{"allow":["GET"]}}],"collection":[{"href":"http:\/\/klubmamgdynia.pl\/index.php\/wp-json\/wp\/v2\/product"}],"about":[{"href":"http:\/\/klubmamgdynia.pl\/index.php\/wp-json\/wp\/v2\/types\/product"}],"replies":[{"embeddable":true,"href":"http:\/\/klubmamgdynia.pl\/index.php\/wp-json\/wp\/v2\/comments?post=3956"}],"wp:featuredmedia":[{"embeddable":true,"href":"http:\/\/klubmamgdynia.pl\/index.php\/wp-json\/wp\/v2\/media\/3957"}],"wp:attachment":[{"href":"http:\/\/klubmamgdynia.pl\/index.php\/wp-json\/wp\/v2\/media?parent=3956"}],"wp:term":[{"taxonomy":"product_cat","embeddable":true,"href":"http:\/\/klubmamgdynia.pl\/index.php\/wp-json\/wp\/v2\/product_cat?post=3956"},{"taxonomy":"product_tag","embeddable":true,"href":"http:\/\/klubmamgdynia.pl\/index.php\/wp-json\/wp\/v2\/product_tag?post=3956"}],"curies":[{"name":"wp","href":"https:\/\/api.w.org\/{rel}","templated":true}]}}