{"id":3958,"date":"2020-12-16T06:27:58","date_gmt":"2020-12-16T05:27:58","guid":{"rendered":"http:\/\/klubmamgdynia.pl\/index.php\/produkt\/leantoys-odkurzacz-pionowy-agd-na-baterie-funkcja-ssania-zabawka\/"},"modified":"2026-04-05T22:35:50","modified_gmt":"2026-04-05T20:35:50","slug":"leantoys-odkurzacz-pionowy-agd-na-baterie-funkcja-ssania-zabawka","status":"publish","type":"product","link":"http:\/\/klubmamgdynia.pl\/index.php\/produkt\/leantoys-odkurzacz-pionowy-agd-na-baterie-funkcja-ssania-zabawka\/","title":{"rendered":"Leantoys Odkurzacz Pionowy Agd Na Baterie Funkcja Ssania &#8211; Zabawka"},"content":{"rendered":"<p>Odkurzacz Pionowy AGD Na Baterie Funkcja Ssania Dzieci\u0119ce sprz\u0119ty AGD s\u0105 rewelacyjnym pomys\u0142em na przyjemne urozmaicenie nauki samodzielnego wykonywania obowi\u0105zk\u00f3w domowych. Maluch sam b\u0119dzie pomaga\u0142 i na pewno b\u0119dzie dumny, \u017ce uda\u0142o mu si\u0119 wykona\u0107 t\u0105 czynno\u015b\u0107. Od dzi\u015b pok\u00f3j Twojego dziecka b\u0119dzie l\u015bni\u0142 czysto\u015bci\u0105. Zabawkowy odkurzacz zaprojektowany jest z my\u015bl\u0105 o najm\u0142odszych pomocnikach domowych. Wymiary odkurzacza dostosowane s\u0105 do kilkuletnich dziewczynek, a r\u0105czka od odkurzacza b\u0119dzie pasowa\u0107 do malutkich r\u0105czek, dzi\u0119ki czemu zabawa nie sprawi im najmniejszego k\u0142opotu. Kolorystka, w jakiej wykonano odkurzacz, jest bardzo neutralna \u2014 spodoba si\u0119 zar\u00f3wno dziewczynce, jak i ch\u0142opcu. W zestawie ze sprz\u0119tem sprz\u0105taj\u0105cym znajduje si\u0119 opakowanie ma\u0142ych kuleczek, kt\u00f3re dziecko mo\u017ce wci\u0105ga\u0107 do odkurzacza. Tu\u017c po zako\u0144czonej zabawie mo\u017cna opr\u00f3\u017cni\u0107 zbiorniczek, do kt\u00f3rego wpad\u0142y, by m\u00f3c wykorzysta\u0107 je podczas kolejnych porz\u0105dk\u00f3w.Wymiary odkurzacza dostosowane s\u0105 do kilkuletnich dziewczynek, a r\u0105czka od odkurzacza b\u0119dzie pasowa\u0107 do malutkich r\u0105czek, dzi\u0119ki czemu zabawa nie sprawi im najmniejszego k\u0142opotu. Prezentowany model pozwoli maluchowi na odgrywanie rozmaitych scenek, pos\u0142u\u017cy r\u00f3wnie\u017c za rekwizyt, dzi\u0119ki czemu dziecko oswoi si\u0119 z domowym sprz\u0119tem AGD. Funkcje odkurzacza:- 2 w 1 &#8211; po od\u0142\u0105czeniu d\u0142ugiej rury, mo\u017cna zmieni\u0107 go na odkurzacz r\u0119czny, b\u0119dzie przydatny do czyszczenia wszystkich zakamark\u00f3w- trzy wymienne ko\u0144c\u00f3wki- funkcje ssania wci\u0105ga okruszki i kulki styropianowe, kt\u00f3re wiruj\u0105 w przezroczystym zbiorniku- efekty d\u017awi\u0119kowe jak w prawdziwym odkurzaczu W zestawie znajduje si\u0119:- woreczek z kuleczkami do sprz\u0105tania- odkurzacz pionowy &#8211; trzy wymienne ko\u0144c\u00f3wki : szczotka do tapicerki, elektro szczotka, szczotka szczelinowa- rura, Wymiary element\u00f3w zestawu: Wymiary odkurzacza z rurk\u0105: 71 cm x 6 cm x 16 cm d\u0142ugo\u015b\u0107 rurki: 46 cm elektro-szczotka: 17 cm x 7 cm x 10 cm szczotka do tapicerki: 6 cm x 7 cm x 8 cm szczotka szczelinowa: 12 cm x 4 cm x 4 cm odkurzacz r\u0119czny: 27 cm x 6 cm x 16 cm Wymiary opakowania: 70 cm x 18 cm x 11 cm Zabawkowy odkurzacz przeznaczony jest dla dzieci powy\u017cej 3. roku \u017cycia. Wykonany jest z solidnego i trwa\u0142ego, a przede wszystkim bezpiecznego w u\u017cytkowaniu materia\u0142u. Konstrukcja zabawki jest bardzo op\u0142ywowa i lekka, co znacznie wp\u0142ywa na jako\u015b\u0107 zabawy. Odkurzacz dla maluch\u00f3w zapakowany jest w kolorowe pude\u0142ko z witrynk\u0105, dzi\u0119ki czemu rewelacyjnie nadaje si\u0119 jako prezent dla dziecka. Zasilany trzema bateriami 1,5V AA &#8230;.<\/p>\n<h2>Leantoys Odkurzacz Pionowy Agd Na Baterie Funkcja Ssania &#8211; Zabawka Lean Toys<\/h2>\n<p>kundel bury tekst, dyplom dla przedszkolaka do wydruku, teksty ko\u0142ysanek, samochwa\u0142a, mapa polski do wydrukowania za darmo, zagadki dla dzieci 7 lat, filmy disneya, pomysly na prima aprilis, kolorowanka spongebob, z\u0142ote my\u015bli o przyja\u017ani<\/p>\n<p>yyyyy<\/p>\n<p>&nbsp;<\/p>\n","protected":false},"excerpt":{"rendered":"<p>Odkurzacz Pionowy AGD Na Baterie Funkcja Ssania Dzieci\u0119ce sprz\u0119ty AGD s\u0105 rewelacyjnym pomys\u0142em na przyjemne urozmaicenie nauki samodzielnego wykonywania obowi\u0105zk\u00f3w domowych. Maluch sam b\u0119dzie pomaga\u0142 i na pewno b\u0119dzie dumny, \u017ce uda\u0142o mu si\u0119 wykona\u0107 t\u0105 czynno\u015b\u0107. Od dzi\u015b pok\u00f3j Twojego dziecka b\u0119dzie l\u015bni\u0142 czysto\u015bci\u0105. Zabawkowy odkurzacz zaprojektowany jest z my\u015bl\u0105 o najm\u0142odszych pomocnikach domowych. [&hellip;]<\/p>\n","protected":false},"featured_media":3959,"comment_status":"closed","ping_status":"open","template":"","meta":[],"product_cat":[53,73],"product_tag":[867,731,717,588,767],"class_list":["post-3958","product","type-product","status-publish","has-post-thumbnail","hentry","product_cat-kaciki-zabaw","product_cat-lean-toys","product_tag-kolorowanki-dla-dziewczynek","product_tag-maly-ksiaze-cytaty","product_tag-prezent-roczek","product_tag-wzruszajace-slowa-dla-przyjaciela","product_tag-zaproszenia-urodzinowe-do-druku"],"_links":{"self":[{"href":"http:\/\/klubmamgdynia.pl\/index.php\/wp-json\/wp\/v2\/product\/3958","targetHints":{"allow":["GET"]}}],"collection":[{"href":"http:\/\/klubmamgdynia.pl\/index.php\/wp-json\/wp\/v2\/product"}],"about":[{"href":"http:\/\/klubmamgdynia.pl\/index.php\/wp-json\/wp\/v2\/types\/product"}],"replies":[{"embeddable":true,"href":"http:\/\/klubmamgdynia.pl\/index.php\/wp-json\/wp\/v2\/comments?post=3958"}],"wp:featuredmedia":[{"embeddable":true,"href":"http:\/\/klubmamgdynia.pl\/index.php\/wp-json\/wp\/v2\/media\/3959"}],"wp:attachment":[{"href":"http:\/\/klubmamgdynia.pl\/index.php\/wp-json\/wp\/v2\/media?parent=3958"}],"wp:term":[{"taxonomy":"product_cat","embeddable":true,"href":"http:\/\/klubmamgdynia.pl\/index.php\/wp-json\/wp\/v2\/product_cat?post=3958"},{"taxonomy":"product_tag","embeddable":true,"href":"http:\/\/klubmamgdynia.pl\/index.php\/wp-json\/wp\/v2\/product_tag?post=3958"}],"curies":[{"name":"wp","href":"https:\/\/api.w.org\/{rel}","templated":true}]}}