{"id":3966,"date":"2021-05-18T19:24:07","date_gmt":"2021-05-18T17:24:07","guid":{"rendered":"http:\/\/klubmamgdynia.pl\/index.php\/produkt\/pilarka-lancuchowa-52-km-baug\/"},"modified":"2026-04-03T19:42:32","modified_gmt":"2026-04-03T17:42:32","slug":"pilarka-lancuchowa-52-km-baug","status":"publish","type":"product","link":"http:\/\/klubmamgdynia.pl\/index.php\/produkt\/pilarka-lancuchowa-52-km-baug\/","title":{"rendered":"PILARKA \u0141A\u0143CUCHOWA 5,2 KM BAUG"},"content":{"rendered":"<p>Spalinowa pi\u0142a \u0142a\u0144cuchowa renomowanej marki BAUG z bardzo mocnym i wydajnym silnikiem 5,2 KM. Wyposa\u017cona zosta\u0142a w System Easy Start, kt\u00f3ry znacznie redukuje si\u0142\u0119 niezb\u0119dn\u0105 do uruchomienia silnika. Pi\u0142a posiada r\u00f3wnie\u017c system anty wibracji i automatycznego smarowania.DANE TECHNICZNE:moc silnika &#8211; 5,2KMpojemno\u015b\u0107 skokowa silnika &#8211; 52ccd\u0142ugo\u015b\u0107 prowadnicy &#8211; 50cmskok \u0142a\u0144cucha &#8211; 325grubo\u015b\u0107 ogniwa \u0142a\u0144cucha &#8211; 1,5mmautomatyczna pompka smarowania \u0142a\u0144cucha z mo\u017cliwo\u015bci\u0105 regulacji podawania olejupojemno\u015b\u0107 zbiornika paliwa &#8211; 550mlpojemno\u015b\u0107 zbiornika oleju &#8211; 260mlwaga &#8211; ok 7 kg<\/p>\n<h2>PILARKA \u0141A\u0143CUCHOWA 5,2 KM BAUG <\/h2>\n<p>quiz minecraft, my little pony kolorowanka, ma\u0142y ksi\u0105\u017ce cytaty o przyja\u017ani, matylda imi\u0119, kamila, prezenty dla 7 latki<\/p>\n<p>yyyyy<\/p>\n<p>&nbsp;<\/p>\n","protected":false},"excerpt":{"rendered":"<p>Spalinowa pi\u0142a \u0142a\u0144cuchowa renomowanej marki BAUG z bardzo mocnym i wydajnym silnikiem 5,2 KM. Wyposa\u017cona zosta\u0142a w System Easy Start, kt\u00f3ry znacznie redukuje si\u0142\u0119 niezb\u0119dn\u0105 do uruchomienia silnika. Pi\u0142a posiada r\u00f3wnie\u017c system anty wibracji i automatycznego smarowania.DANE TECHNICZNE:moc silnika &#8211; 5,2KMpojemno\u015b\u0107 skokowa silnika &#8211; 52ccd\u0142ugo\u015b\u0107 prowadnicy &#8211; 50cmskok \u0142a\u0144cucha &#8211; 325grubo\u015b\u0107 ogniwa \u0142a\u0144cucha &#8211; 1,5mmautomatyczna [&hellip;]<\/p>\n","protected":false},"featured_media":3967,"comment_status":"closed","ping_status":"open","template":"","meta":[],"product_cat":[1160],"product_tag":[668,655,736],"class_list":["post-3966","product","type-product","status-publish","has-post-thumbnail","hentry","product_cat-pily-lancuchowe","product_tag-atrakcje-dla-dzieci-wroclaw","product_tag-najlepsze-zagadki","product_tag-zabawki-na-roczek"],"_links":{"self":[{"href":"http:\/\/klubmamgdynia.pl\/index.php\/wp-json\/wp\/v2\/product\/3966","targetHints":{"allow":["GET"]}}],"collection":[{"href":"http:\/\/klubmamgdynia.pl\/index.php\/wp-json\/wp\/v2\/product"}],"about":[{"href":"http:\/\/klubmamgdynia.pl\/index.php\/wp-json\/wp\/v2\/types\/product"}],"replies":[{"embeddable":true,"href":"http:\/\/klubmamgdynia.pl\/index.php\/wp-json\/wp\/v2\/comments?post=3966"}],"wp:featuredmedia":[{"embeddable":true,"href":"http:\/\/klubmamgdynia.pl\/index.php\/wp-json\/wp\/v2\/media\/3967"}],"wp:attachment":[{"href":"http:\/\/klubmamgdynia.pl\/index.php\/wp-json\/wp\/v2\/media?parent=3966"}],"wp:term":[{"taxonomy":"product_cat","embeddable":true,"href":"http:\/\/klubmamgdynia.pl\/index.php\/wp-json\/wp\/v2\/product_cat?post=3966"},{"taxonomy":"product_tag","embeddable":true,"href":"http:\/\/klubmamgdynia.pl\/index.php\/wp-json\/wp\/v2\/product_tag?post=3966"}],"curies":[{"name":"wp","href":"https:\/\/api.w.org\/{rel}","templated":true}]}}