{"id":3985,"date":"2012-11-17T09:10:22","date_gmt":"2012-11-17T08:10:22","guid":{"rendered":"http:\/\/klubmamgdynia.pl\/index.php\/produkt\/vimse-pielucha-do-plywania-s-pink-whale-frill\/"},"modified":"2026-05-17T20:46:28","modified_gmt":"2026-05-17T18:46:28","slug":"vimse-pielucha-do-plywania-s-pink-whale-frill","status":"publish","type":"product","link":"http:\/\/klubmamgdynia.pl\/index.php\/produkt\/vimse-pielucha-do-plywania-s-pink-whale-frill\/","title":{"rendered":"Vimse Pielucha Do P\u0142ywania S Pink Whale Frill"},"content":{"rendered":"<p>Idealny na baseny, pla\u017ce itp. Pielucha do p\u0142ywania przypomina zwyk\u0142e k\u0105piel\u00f3wki, ale w przeciwie\u0144stwie do nich zapobiega przedostawaniu si\u0119 stolca do wody. Rozmiar S jest odpowiedni dla niemowl\u0105t i ma\u0142ych dzieci o wadze 6-8 kg. Materia\u0142 pieluchy do p\u0142ywania jest lekki i mi\u0119kki, co gwarantuje wygod\u0119 noszenia. R\u00f3wnie\u017c nogawki s\u0105 zaprojektowane specjalnie w celu zapewnienia pe\u0142ni komfortu dziecka. Pieluch\u0119 k\u0105pielow\u0105 mo\u017cna szybko za\u0142o\u017cy\u0107 lub zdj\u0105\u0107 dzi\u0119ki bocznym zatrzaskom. Wyprodukowano na \u0141otwie.<\/p>\n<h2>Vimse Pielucha Do P\u0142ywania S Pink Whale Frill <\/h2>\n<p>natan imi\u0119, pieski, imie iwo, bycie mam\u0105 cytaty, pole dyniowe pozna\u0144, szablon krokus kolorowanka, zagadki dla dzieci 6 lat, hobbit, znaczenie imienia milan, kawa\u0142 na prima aprilis, quizy dla dzieci, test z opowie\u015bci z narnii, zabawy dla 6 latk\u00f3w, pawe\u0142, zagadki dla starszych dzieci, sky kolorowanka, zagadki o bo\u017cym narodzeniu, co kupi\u0107 nastolatce na urodziny<\/p>\n<p>yyyyy<\/p>\n<p>&nbsp;<\/p>\n","protected":false},"excerpt":{"rendered":"<p>Idealny na baseny, pla\u017ce itp. Pielucha do p\u0142ywania przypomina zwyk\u0142e k\u0105piel\u00f3wki, ale w przeciwie\u0144stwie do nich zapobiega przedostawaniu si\u0119 stolca do wody. Rozmiar S jest odpowiedni dla niemowl\u0105t i ma\u0142ych dzieci o wadze 6-8 kg. Materia\u0142 pieluchy do p\u0142ywania jest lekki i mi\u0119kki, co gwarantuje wygod\u0119 noszenia. R\u00f3wnie\u017c nogawki s\u0105 zaprojektowane specjalnie w celu zapewnienia [&hellip;]<\/p>\n","protected":false},"featured_media":3986,"comment_status":"closed","ping_status":"open","template":"","meta":[],"product_cat":[17],"product_tag":[851,729,721],"class_list":["post-3985","product","type-product","status-publish","has-post-thumbnail","hentry","product_cat-pieluchy","product_tag-jak-narysowac-kota","product_tag-madre-bajki-dla-dzieci-do-czytania","product_tag-zagadki-matematyczne"],"_links":{"self":[{"href":"http:\/\/klubmamgdynia.pl\/index.php\/wp-json\/wp\/v2\/product\/3985","targetHints":{"allow":["GET"]}}],"collection":[{"href":"http:\/\/klubmamgdynia.pl\/index.php\/wp-json\/wp\/v2\/product"}],"about":[{"href":"http:\/\/klubmamgdynia.pl\/index.php\/wp-json\/wp\/v2\/types\/product"}],"replies":[{"embeddable":true,"href":"http:\/\/klubmamgdynia.pl\/index.php\/wp-json\/wp\/v2\/comments?post=3985"}],"wp:featuredmedia":[{"embeddable":true,"href":"http:\/\/klubmamgdynia.pl\/index.php\/wp-json\/wp\/v2\/media\/3986"}],"wp:attachment":[{"href":"http:\/\/klubmamgdynia.pl\/index.php\/wp-json\/wp\/v2\/media?parent=3985"}],"wp:term":[{"taxonomy":"product_cat","embeddable":true,"href":"http:\/\/klubmamgdynia.pl\/index.php\/wp-json\/wp\/v2\/product_cat?post=3985"},{"taxonomy":"product_tag","embeddable":true,"href":"http:\/\/klubmamgdynia.pl\/index.php\/wp-json\/wp\/v2\/product_tag?post=3985"}],"curies":[{"name":"wp","href":"https:\/\/api.w.org\/{rel}","templated":true}]}}