{"id":3995,"date":"2017-01-06T14:45:33","date_gmt":"2017-01-06T13:45:33","guid":{"rendered":"http:\/\/klubmamgdynia.pl\/index.php\/produkt\/dodot-pieluchy-jednorazowe-happyjama-rozmiar-7-4-7-lat-17szt-slipy\/"},"modified":"2026-04-19T02:29:48","modified_gmt":"2026-04-19T00:29:48","slug":"dodot-pieluchy-jednorazowe-happyjama-rozmiar-7-4-7-lat-17szt-slipy","status":"publish","type":"product","link":"http:\/\/klubmamgdynia.pl\/index.php\/produkt\/dodot-pieluchy-jednorazowe-happyjama-rozmiar-7-4-7-lat-17szt-slipy\/","title":{"rendered":"Dodot Pieluchy Jednorazowe Happyjama Rozmiar 7 4-7 Lat 17Szt. Slipy"},"content":{"rendered":"<p>Dzieci zas\u0142uguj\u0105 na to co najlepsze, dlatego przedstawiamy Ci Pieluchy jednorazowe Dodot Happyjama Rozmiar 7 4-7 lat 17 Sztuk Slipy, idealny dla tych, kt\u00f3rzy szukaj\u0105 produkt\u00f3w wysokiej jako\u015bci dla dzieci! Zdob\u0105d\u017a Dodot i inne produkty markowe i licencyjne w najlepszych cenach!Rodzaj: DzieckoSlipyW\u0142a\u015bciwo\u015bci: Oddychaj\u0105cyAbsorbentWyko\u0144czenie: DelikatnyZalecany Wiek: 4-7 latRozmiar: Rozmiar 7Sztuk: 17 Sztuk&#8230;<\/p>\n<h2>Dodot Pieluchy Jednorazowe Happyjama Rozmiar 7 4-7 Lat 17Szt. Slipy <\/h2>\n<p>madre zyczenia bozonarodzeniowe, quiz o flagach europy, wiersze o wio\u015bnie jana brzechwy, twarz wiosny do druku, miasto dzieci, szlaczki do druku, kuba imie, kolorowanki lol, izabela imie, bajki dla dzieci do czytania na dobranoc<\/p>\n<p>yyyyy<\/p>\n<p>&nbsp;<\/p>\n","protected":false},"excerpt":{"rendered":"<p>Dzieci zas\u0142uguj\u0105 na to co najlepsze, dlatego przedstawiamy Ci Pieluchy jednorazowe Dodot Happyjama Rozmiar 7 4-7 lat 17 Sztuk Slipy, idealny dla tych, kt\u00f3rzy szukaj\u0105 produkt\u00f3w wysokiej jako\u015bci dla dzieci! Zdob\u0105d\u017a Dodot i inne produkty markowe i licencyjne w najlepszych cenach!Rodzaj: DzieckoSlipyW\u0142a\u015bciwo\u015bci: Oddychaj\u0105cyAbsorbentWyko\u0144czenie: DelikatnyZalecany Wiek: 4-7 latRozmiar: Rozmiar 7Sztuk: 17 Sztuk&#8230; Dodot Pieluchy Jednorazowe Happyjama [&hellip;]<\/p>\n","protected":false},"featured_media":3996,"comment_status":"closed","ping_status":"open","template":"","meta":[],"product_cat":[17],"product_tag":[626,646,872],"class_list":["post-3995","product","type-product","status-publish","has-post-thumbnail","hentry","product_cat-pieluchy","product_tag-jacek","product_tag-prezent-na-pierwsze-urodziny","product_tag-zagadki-dla-dzieci-6-lat"],"_links":{"self":[{"href":"http:\/\/klubmamgdynia.pl\/index.php\/wp-json\/wp\/v2\/product\/3995","targetHints":{"allow":["GET"]}}],"collection":[{"href":"http:\/\/klubmamgdynia.pl\/index.php\/wp-json\/wp\/v2\/product"}],"about":[{"href":"http:\/\/klubmamgdynia.pl\/index.php\/wp-json\/wp\/v2\/types\/product"}],"replies":[{"embeddable":true,"href":"http:\/\/klubmamgdynia.pl\/index.php\/wp-json\/wp\/v2\/comments?post=3995"}],"wp:featuredmedia":[{"embeddable":true,"href":"http:\/\/klubmamgdynia.pl\/index.php\/wp-json\/wp\/v2\/media\/3996"}],"wp:attachment":[{"href":"http:\/\/klubmamgdynia.pl\/index.php\/wp-json\/wp\/v2\/media?parent=3995"}],"wp:term":[{"taxonomy":"product_cat","embeddable":true,"href":"http:\/\/klubmamgdynia.pl\/index.php\/wp-json\/wp\/v2\/product_cat?post=3995"},{"taxonomy":"product_tag","embeddable":true,"href":"http:\/\/klubmamgdynia.pl\/index.php\/wp-json\/wp\/v2\/product_tag?post=3995"}],"curies":[{"name":"wp","href":"https:\/\/api.w.org\/{rel}","templated":true}]}}