{"id":3997,"date":"2020-04-01T12:39:42","date_gmt":"2020-04-01T10:39:42","guid":{"rendered":"http:\/\/klubmamgdynia.pl\/index.php\/produkt\/umarex-wiatrowka-walther-ppq-45mm-5-8160\/"},"modified":"2026-04-30T23:28:33","modified_gmt":"2026-04-30T21:28:33","slug":"umarex-wiatrowka-walther-ppq-45mm-5-8160","status":"publish","type":"product","link":"http:\/\/klubmamgdynia.pl\/index.php\/produkt\/umarex-wiatrowka-walther-ppq-45mm-5-8160\/","title":{"rendered":"Umarex Wiatr\u00f3wka Walther PPQ 4,5mm (5.8160)"},"content":{"rendered":"<p>Replika pneumatyczna nowego pistoletu bojowego marki Walther &#8211; nast\u0119pcy znakomitego Walthera P99 u\u017cywanego mi\u0119dzy innymi przez polsk\u0105 policj\u0119.Skr\u00f3t PPQ oznaczaPolizeiPistole Quick Defense.Bro\u0144 kt\u00f3rej replik\u0105 jest prezentowana tu wiatr\u00f3wka nie ma sobie r\u00f3wnych w kwestii bezpiecze\u0144stwa i pewno\u015bci u\u017cycia. Dzia\u0142anie mechanizmu spustowego zaprojektowano w oparci o do\u015bwiadczenie policji i s\u0142u\u017cb mundurowych maj\u0105cych do czynienia z broni\u0105 na co dzie\u0144.Dzi\u0119ki koncernowi umarex mo\u017cemy cieszy\u0107 sie tak\u017ce wersj\u0105 pneumatyczn\u0105.MagazynekW kwestii za\u0142adowania \u015brutem mamy do dyspozycji 8-strza\u0142owy magazynek stosowany z powodzeniem od lat w wielu replikach marki Umarex. Do magazynka mozna za\u0142adowa\u0107 8 sztuk \u015brutu o\u0142owianego r\u00f3\u017cnego typu &#8211; p\u0142aski, p\u00f3\u0142okr\u0105g\u0142y, szpiczasty, high-power itp. W zestawie otrzymujemy dwa magazynki.SystemPistolet dzia\u0142a w systemie Double Action Only. Czyli jest tu samonapinacz spustu co oznacza \u017ce ka\u017cde naci\u015bni\u0119cie spustu spowoduje oddanie strza\u0142u. \u015awiadomie zrezygnowano z blowbacku aby zapewni\u0107 wysok\u0105 sprawno\u015b\u0107 i energi\u0119 strza\u0142u.ZasilaniePistolet zasilany jest popularn\u0105 kapsu\u0142\u0105 z gazem CO2 o zawarto\u015bci 12g. Kapsu\u0142\u0119 \u0142aduje si\u0119 w szybki i \u0142atwy spos\u00f3b w r\u0119koje\u015bci pistoletu.Firma WALTHER istnieje od 1886 roku i s\u0142ynie z produkcji znakomitej broni sportowej i bojowej.Dzi\u015b s\u0142u\u017cby mundurowe z ca\u0142ego \u015bwiata &#8211; w tym tak\u017ce w polska policja \u2013 ch\u0119tnie korzystaj\u0105 z modelu WALTHER P99, kt\u00f3ry jest tak\u017ce now\u0105 broni\u0105 s\u0142awnego, filmowego agenta.W 1993 roku nast\u0105pi\u0142a fuzja WALTHERA z koncernem UMAREX, kt\u00f3ra umo\u017cliwi\u0142a marce WALTHER dalszy rozw\u00f3j przy zachowaniu najwy\u017cszego szacunku dla tradycji oraz umocni\u0142a pozycj\u0119 firmy jako jednego z najpr\u0119\u017cniej dzia\u0142aj\u0105cych producent\u00f3w w tej bran\u017cy na \u015bwiecie.Obecnie opr\u00f3cz broni wyczynowej i bojowej firma WALTHER wytwarza najlepsze na \u015bwiecie sportowe pistolety i karabinki rekreacyjne zasilane dwutlenkiem w\u0119gla, lunety do wiatr\u00f3wek a tak\u017ce precyzyjne \u015bruty i inne akcesoriaNajs\u0142awniejszym modelem tej marki jest oczywi\u015bcie pistolet Walther PPK &#8211; nieod\u0142\u0105czna bro\u0144 filmowego agenta w s\u0142u\u017cbie jej kr\u00f3lewskiej mo\u015bci.Bardzo du\u017c\u0105 popularno\u015b\u0107 zdoby\u0142a pneumatyczna replika tego modelu, Walther PPK\/s. Z kolei jedn\u0105 z najnowszych wiatr\u00f3wek WALTHERA jest Dominator 1250 &#8211; wielostrza\u0142owy karabinek PCP s\u0142u\u017c\u0105cy do rekreacji oraz wykorzystywany podczas zawod\u00f3w Hunting Field Target.W 2005 roku WALTHER uruchomi\u0142 w mie\u015bcie Ulm najnowocze\u015bniejsz\u0105 fabryk\u0119 broni w Europie. Inwestycja poch\u0142on\u0119\u0142a prawie 10 milion\u00f3w euro, zrealizowano j\u0105 w \u015bcis\u0142ej wsp\u00f3\u0142pracy z w\u0142adzami Ulm. Hala fabryczna ma 12 tys. mkw. powierzchni.UWAGA NA PODR\u00d3BKI!Jako wy\u0142\u0105czny importer i serwisant produkt\u00f3w firmy UMAREX w Polsce informujemy, \u017ce nie serwisujemy pistolet\u00f3w innych importer\u00f3w sprzedawanych bez naszej oryginalnej, podstemplowanej karty gwarancyjnej. Nasz serwis nie b\u0119dzie tak\u017ce przyjmowa\u0142 zlece\u0144 na odp\u0142atne naprawy pistolet\u00f3w zakupionego u innego importera, bez karty gwarancyjnej firmy KOLTER. Wz\u00f3r oryginalnej karty gwarancyjnej firmy KOLTER znajduje si\u0119 poni\u017cej tego opisu, w za\u0142\u0105czniku.Okres gwarancji: 12 miesi\u0119cy.W sk\u0142ad zestawu wchodzi:PISTOLET WALTHER PPQ KAL.4,5MMdwa magazynkiopakowanie \u015brutunaboj CO2zestaw tarczinstrukcja obs\u0142ugi w j\u0119zyku polskimkarta gwarancyjnaUrz\u0105dzenie z luf\u0105 gwintowan\u0105 o energii wylotowej poni\u017cej 17 J. Zakup bez zezwole\u0144. Tylko dla os\u00f3b pe\u0142noletnich.Strzelanie do ludzi i zwierz\u0105t jest zabronione i \u015bcigane prawem. Zwierz\u0119ta s\u0105 chronione ustaw\u0105 o ochronie zwierz\u0105t Rozdzia\u0142 1 Art. 4 pkt.8, pkt.12 Art. 6 pkt.1 i 2.Dane techniczne:- kaliber: 4,5 mm- lufa gwintowana- pojemno\u015b\u0107 magazynka: 8 szt.- w zestawie dwa magazynki- pr\u0119dko\u015b\u0107 pocz\u0105tkowa: ok. 120 m\/s, w zale\u017cno\u015bci od zastosowanego \u015brutu- magazynek na kapsu\u0142\u0119 CO2 w r\u0119koje\u015bci- d\u0142ugo\u015b\u0107: 182mm- waga: 620 g- produkcja: UMAREX &#8211; WALTHER Niemcy- po zastosowaniu dodatkowej obejmy mo\u017cliwo\u015b\u0107 zamontowania kolimatora- szczerbinka regulowana w poziomie- bezpiecznik manualny<\/p>\n<h2>Umarex Wiatr\u00f3wka Walther PPQ 4,5mm (5.8160) Walther<\/h2>\n<p>najlepsze pranki na prima aprilis, park ujazdowski, atrakcje dla dzieci wroc\u0142aw, quiz samochodowy, test z lektury magiczne drzewo czerwone krzes\u0142o, zagadki dla dzieci 7 lat o zwierz\u0119tach, opowie\u015b\u0107 wigilijna test z odpowiedziami, gabriela imie, imie leon, bajki do czytania online, miasto dzieci pl, karty pracy dla uczni\u00f3w z ukrainy, lucjan, bajki dla dzieci na dobranoc, linda, gotowe zaproszenia na urodziny do wydrukowania, prezent na \u015bwi\u0119ta dla nastolatka, bajki na dobranoc dla dzieci, przys\u0142owia o rodzinie, prezent dla trzynastolatki, zagadki dla starszych dzieci<\/p>\n<p>yyyyy<\/p>\n<p>&nbsp;<\/p>\n","protected":false},"excerpt":{"rendered":"<p>Replika pneumatyczna nowego pistoletu bojowego marki Walther &#8211; nast\u0119pcy znakomitego Walthera P99 u\u017cywanego mi\u0119dzy innymi przez polsk\u0105 policj\u0119.Skr\u00f3t PPQ oznaczaPolizeiPistole Quick Defense.Bro\u0144 kt\u00f3rej replik\u0105 jest prezentowana tu wiatr\u00f3wka nie ma sobie r\u00f3wnych w kwestii bezpiecze\u0144stwa i pewno\u015bci u\u017cycia. Dzia\u0142anie mechanizmu spustowego zaprojektowano w oparci o do\u015bwiadczenie policji i s\u0142u\u017cb mundurowych maj\u0105cych do czynienia z broni\u0105 [&hellip;]<\/p>\n","protected":false},"featured_media":3998,"comment_status":"closed","ping_status":"open","template":"","meta":[],"product_cat":[1168,1169],"product_tag":[776,622,727,713,635],"class_list":["post-3997","product","type-product","status-publish","has-post-thumbnail","hentry","product_cat-walther","product_cat-wiatrowki-i-akcesoria","product_tag-dobrej-nocy","product_tag-fajne-zagadki","product_tag-godlo-polski-do-druku","product_tag-zagadki-logiczne-z-odpowiedziami","product_tag-znaki-drogowe-do-druku"],"_links":{"self":[{"href":"http:\/\/klubmamgdynia.pl\/index.php\/wp-json\/wp\/v2\/product\/3997","targetHints":{"allow":["GET"]}}],"collection":[{"href":"http:\/\/klubmamgdynia.pl\/index.php\/wp-json\/wp\/v2\/product"}],"about":[{"href":"http:\/\/klubmamgdynia.pl\/index.php\/wp-json\/wp\/v2\/types\/product"}],"replies":[{"embeddable":true,"href":"http:\/\/klubmamgdynia.pl\/index.php\/wp-json\/wp\/v2\/comments?post=3997"}],"wp:featuredmedia":[{"embeddable":true,"href":"http:\/\/klubmamgdynia.pl\/index.php\/wp-json\/wp\/v2\/media\/3998"}],"wp:attachment":[{"href":"http:\/\/klubmamgdynia.pl\/index.php\/wp-json\/wp\/v2\/media?parent=3997"}],"wp:term":[{"taxonomy":"product_cat","embeddable":true,"href":"http:\/\/klubmamgdynia.pl\/index.php\/wp-json\/wp\/v2\/product_cat?post=3997"},{"taxonomy":"product_tag","embeddable":true,"href":"http:\/\/klubmamgdynia.pl\/index.php\/wp-json\/wp\/v2\/product_tag?post=3997"}],"curies":[{"name":"wp","href":"https:\/\/api.w.org\/{rel}","templated":true}]}}