{"id":4011,"date":"2015-05-02T06:01:51","date_gmt":"2015-05-02T04:01:51","guid":{"rendered":"http:\/\/klubmamgdynia.pl\/index.php\/produkt\/notes-van-goghs-irises-ultra-linia-paperblanks\/"},"modified":"2026-04-08T21:59:41","modified_gmt":"2026-04-08T19:59:41","slug":"notes-van-goghs-irises-ultra-linia-paperblanks","status":"publish","type":"product","link":"http:\/\/klubmamgdynia.pl\/index.php\/produkt\/notes-van-goghs-irises-ultra-linia-paperblanks\/","title":{"rendered":"Notes Van Goghs Irises Ultra linia Paperblanks"},"content":{"rendered":"<p>Notatnik niezwyk\u0142ej marki Paperblanks. Koperta wewn\u0105trz tylnej ok\u0142adki na lu\u017ane, drobne notatki, wizyt\u00f3wki lub paragony. Satynowa wst\u0105\u017cka jako zak\u0142adka. Papier ekologiczny 120g z certyfikatem FSC. Zadruk w linie. Notatnik szyty. Oprawa twarda. Zamkniecie na gumk\u0119. Ilo\u015b\u0107 stron 144. Wymiary: 180&#215;230 mm.<\/p>\n<h2>Notes Van Goghs Irises Ultra linia Paperblanks <\/h2>\n<p>szlaczki dla dzieci, wydarzenia dla dzieci warszawa, kolorowanki dla ch\u0142opc\u00f3w, zagadki dla dzieci, walentynka dla syna, kolorowanki dla dziewczyn, prezent na roczek, swinka peppa do czytania, quiz o \u015bwi\u0119tach, bajka o smoku wawelskim, rzadkie imiona dla dziewczynek<\/p>\n<p>yyyyy<\/p>\n<p>&nbsp;<\/p>\n","protected":false},"excerpt":{"rendered":"<p>Notatnik niezwyk\u0142ej marki Paperblanks. Koperta wewn\u0105trz tylnej ok\u0142adki na lu\u017ane, drobne notatki, wizyt\u00f3wki lub paragony. Satynowa wst\u0105\u017cka jako zak\u0142adka. Papier ekologiczny 120g z certyfikatem FSC. Zadruk w linie. Notatnik szyty. Oprawa twarda. Zamkniecie na gumk\u0119. Ilo\u015b\u0107 stron 144. Wymiary: 180&#215;230 mm. Notes Van Goghs Irises Ultra linia Paperblanks szlaczki dla dzieci, wydarzenia dla dzieci warszawa, [&hellip;]<\/p>\n","protected":false},"featured_media":4012,"comment_status":"closed","ping_status":"open","template":"","meta":[],"product_cat":[325],"product_tag":[722,781,744,582,800],"class_list":["post-4011","product","type-product","status-publish","has-post-thumbnail","hentry","product_cat-szkolne-artykuly-papiernicze","product_tag-cytaty-o-przyjazni","product_tag-cytaty-o-wychowaniu-dzieci","product_tag-kolorowanki-swiateczne-do-wydruku","product_tag-nauka-pisania-literek-do-wydruku-pdf","product_tag-zagadki-smieszne"],"_links":{"self":[{"href":"http:\/\/klubmamgdynia.pl\/index.php\/wp-json\/wp\/v2\/product\/4011","targetHints":{"allow":["GET"]}}],"collection":[{"href":"http:\/\/klubmamgdynia.pl\/index.php\/wp-json\/wp\/v2\/product"}],"about":[{"href":"http:\/\/klubmamgdynia.pl\/index.php\/wp-json\/wp\/v2\/types\/product"}],"replies":[{"embeddable":true,"href":"http:\/\/klubmamgdynia.pl\/index.php\/wp-json\/wp\/v2\/comments?post=4011"}],"wp:featuredmedia":[{"embeddable":true,"href":"http:\/\/klubmamgdynia.pl\/index.php\/wp-json\/wp\/v2\/media\/4012"}],"wp:attachment":[{"href":"http:\/\/klubmamgdynia.pl\/index.php\/wp-json\/wp\/v2\/media?parent=4011"}],"wp:term":[{"taxonomy":"product_cat","embeddable":true,"href":"http:\/\/klubmamgdynia.pl\/index.php\/wp-json\/wp\/v2\/product_cat?post=4011"},{"taxonomy":"product_tag","embeddable":true,"href":"http:\/\/klubmamgdynia.pl\/index.php\/wp-json\/wp\/v2\/product_tag?post=4011"}],"curies":[{"name":"wp","href":"https:\/\/api.w.org\/{rel}","templated":true}]}}