{"id":4023,"date":"2022-06-20T20:44:27","date_gmt":"2022-06-20T18:44:27","guid":{"rendered":"http:\/\/klubmamgdynia.pl\/index.php\/produkt\/pieluszki-ega-zestaw-pieluszek-muslin-tetra-flanela-3-szt-pieluchy-kpl-mix-autka-4472-zestaw-5\/"},"modified":"2026-05-17T22:03:26","modified_gmt":"2026-05-17T20:03:26","slug":"pieluszki-ega-zestaw-pieluszek-muslin-tetra-flanela-3-szt-pieluchy-kpl-mix-autka-4472-zestaw-5","status":"publish","type":"product","link":"http:\/\/klubmamgdynia.pl\/index.php\/produkt\/pieluszki-ega-zestaw-pieluszek-muslin-tetra-flanela-3-szt-pieluchy-kpl-mix-autka-4472-zestaw-5\/","title":{"rendered":"Pieluszki Ega zestaw pieluszek mu\u015blin tetra flanela 3 szt pieluchy kpl mix autka 4472 zestaw 5"},"content":{"rendered":"<p>Ega &#8211; samochodziki &#8211; zestaw trzech pieluszek: mu\u015blinowej, tetrowej i flanelowej z kolorowymi nadrukami, zapakowany w torb\u0119 z uchem.Komplet idealnie sprawdzi si\u0119 w roli prezentu.Pieluszki bardzo dobrze ch\u0142on\u0105 wilgo\u0107, pozwalaj\u0105 sk\u00f3rze dziecka oddycha\u0107 i nie podra\u017cniaj\u0105 jej.Nie powoduj\u0105 reakcji alergicznych.Dobrze wch\u0142aniaj\u0105 i na d\u0142ugo zachowuj\u0105 wysok\u0105 jako\u015b\u0107.Niezast\u0105pione do przewijania i odbijania niemowl\u0119cia.Wielorazowe pieluchy, to wyb\u00f3r zdrowia i ekologicznego stylu \u017cycia.Wspania\u0142a jako\u015b\u0107 bawe\u0142nianej tkaniny sprawia, \u017ce pieluchy zachowuj\u0105 sw\u00f3j kszta\u0142t i kolor nawet po wielu praniach.Naturalny materia\u0142 zapewnia sk\u00f3rze dop\u0142yw powietrza i nie powoduje \u017cadnych podra\u017cnie\u0144.Pieluchy \u015bwietnie sprawdz\u0105 si\u0119 w domu i na spacerze.Wymiary- tetra, flanela 70&#215;80 cm- mu\u015blin 60&#215;80 cmSk\u0142ad100% bawe\u0142naZawarto\u015b\u01073 sztukiWyprodukowano w Polsce<\/p>\n<h2>Pieluszki Ega zestaw pieluszek mu\u015blin tetra flanela 3 szt pieluchy kpl mix autka 4472 zestaw 5 EgaKids<\/h2>\n<p>imi\u0119 kuba, jak narysowa\u0107 kr\u00f3lika, zagdki, loga samochod\u00f3w<\/p>\n<p>yyyyy<\/p>\n<p>&nbsp;<\/p>\n","protected":false},"excerpt":{"rendered":"<p>Ega &#8211; samochodziki &#8211; zestaw trzech pieluszek: mu\u015blinowej, tetrowej i flanelowej z kolorowymi nadrukami, zapakowany w torb\u0119 z uchem.Komplet idealnie sprawdzi si\u0119 w roli prezentu.Pieluszki bardzo dobrze ch\u0142on\u0105 wilgo\u0107, pozwalaj\u0105 sk\u00f3rze dziecka oddycha\u0107 i nie podra\u017cniaj\u0105 jej.Nie powoduj\u0105 reakcji alergicznych.Dobrze wch\u0142aniaj\u0105 i na d\u0142ugo zachowuj\u0105 wysok\u0105 jako\u015b\u0107.Niezast\u0105pione do przewijania i odbijania niemowl\u0119cia.Wielorazowe pieluchy, to wyb\u00f3r [&hellip;]<\/p>\n","protected":false},"featured_media":4024,"comment_status":"closed","ping_status":"open","template":"","meta":[],"product_cat":[1171,17],"product_tag":[707,669,579,625],"class_list":["post-4023","product","type-product","status-publish","has-post-thumbnail","hentry","product_cat-egakids","product_cat-pieluchy","product_tag-karty-pracy-dla-dzieci-z-ukrainy","product_tag-kolorowanki","product_tag-quiz-opowiesci-z-narnii-lew-czarownica-i-stara-szafa","product_tag-trojmiasto-atrakcje-dla-dzieci"],"_links":{"self":[{"href":"http:\/\/klubmamgdynia.pl\/index.php\/wp-json\/wp\/v2\/product\/4023","targetHints":{"allow":["GET"]}}],"collection":[{"href":"http:\/\/klubmamgdynia.pl\/index.php\/wp-json\/wp\/v2\/product"}],"about":[{"href":"http:\/\/klubmamgdynia.pl\/index.php\/wp-json\/wp\/v2\/types\/product"}],"replies":[{"embeddable":true,"href":"http:\/\/klubmamgdynia.pl\/index.php\/wp-json\/wp\/v2\/comments?post=4023"}],"wp:featuredmedia":[{"embeddable":true,"href":"http:\/\/klubmamgdynia.pl\/index.php\/wp-json\/wp\/v2\/media\/4024"}],"wp:attachment":[{"href":"http:\/\/klubmamgdynia.pl\/index.php\/wp-json\/wp\/v2\/media?parent=4023"}],"wp:term":[{"taxonomy":"product_cat","embeddable":true,"href":"http:\/\/klubmamgdynia.pl\/index.php\/wp-json\/wp\/v2\/product_cat?post=4023"},{"taxonomy":"product_tag","embeddable":true,"href":"http:\/\/klubmamgdynia.pl\/index.php\/wp-json\/wp\/v2\/product_tag?post=4023"}],"curies":[{"name":"wp","href":"https:\/\/api.w.org\/{rel}","templated":true}]}}