{"id":403,"date":"2015-01-27T17:08:05","date_gmt":"2015-01-27T16:08:05","guid":{"rendered":"http:\/\/klubmamgdynia.pl\/index.php\/produkt\/hencz-toys-miekkie-narzedzia\/"},"modified":"2026-05-01T10:26:49","modified_gmt":"2026-05-01T08:26:49","slug":"hencz-toys-miekkie-narzedzia","status":"publish","type":"product","link":"http:\/\/klubmamgdynia.pl\/index.php\/produkt\/hencz-toys-miekkie-narzedzia\/","title":{"rendered":"Hencz Toys Mi\u0119kkie Narz\u0119dzia"},"content":{"rendered":"<p>Mi\u0119kkie narz\u0119dzia Sensorky Zach\u0119caj\u0105 do zabawy: wyraziste kolory i ciekawe wzory Bezpieczne dla Twojego dziecka: nie zawieraj\u0105 szkodliwych BPA i ftalan\u00f3w Bawi\u0105, ucz\u0105, przyspieszaj\u0105 rozw\u00f3j fizyczny, poprawiaj\u0105c przy tym koordynacj\u0119 ruchow\u0105 Zestaw mi\u0119kkich narz\u0119dzi marki Rubberky, to doskona\u0142a rozwojowa zabawka, rekomendowana dla dzieci powy\u017cej 10 miesi\u0105ca \u017cycia. Sk\u0142ada si\u0119 z 3 element\u00f3w: pi\u0142y, m\u0142otka i klucza. Energetyzuj\u0105ce po\u0142\u0105czenie kolor\u00f3w, mi\u0119kka struktura i nowoczesny charakter nadaj\u0105 wyj\u0105tkowo\u015bci tej zabawce.Bezpieczne zabawki z mi\u0119kkiego materia\u0142u, kt\u00f3re produkujemy od 40 lat ci\u0105gle ciesz\u0105 si\u0119 ogromnym zainteresowaniem z Waszej strony. Posiadaj\u0105 wyraziste kolory i ciekawe wzory, kt\u00f3re zach\u0119caj\u0105 dzieci do zabawy. Dzi\u0119ki urozmaiconym kszta\u0142tom stymuluj\u0105 zmys\u0142 dotyku. Jeste\u015bmy zatem przekonani, \u017ce nasze do\u015bwiadczenie w po\u0142\u0105czeniu z innowacyjno\u015bci\u0105 przypadnie Wam do gustu.Jak bawi\u0107 si\u0119 narz\u0119dziami? Oto kilka naszych propozycji:Dzieci uwielbiaj\u0105 narz\u0119dzia i majsterkowanie. Jednak\u017ce zabawa prawdziwymi narz\u0119dziami zdecydowanie nie jest polecana dla najm\u0142odszych. Z naszym zestawem mi\u0119kkich narz\u0119dzi nawet najm\u0142odsze dzieci mog\u0105 poczu\u0107 jak prawdziwi mechanicy lub na\u015bladowa\u0107 swojego tat\u0119 &#8211; majsterkowicza. Maluch, maj\u0105c w zasi\u0119gu narz\u0119dzia w mig stanie si\u0119 Twoim pomocnikiem w pracach domowych. Naucz rozpoznawa\u0107 i nazywa\u0107 narz\u0119dzia swoje dziecko. Spraw, aby pozna\u0142o ono zasad\u0119 ich dzia\u0142ania. Pom\u00f3\u017c zbudowa\u0107 malcowi jego pierwszy warsztat. Posiadaj\u0105c zestaw mi\u0119kkich narz\u0119dzi remont samochodziku lub naprawa domku dla lalek nie b\u0119dzie ju\u017c problemem. Pi\u0142a, m\u0142otek i klucz, wykonane z delikatnego materia\u0142u pobudzaj\u0105 wyobra\u017ani\u0119, ucz\u0105 koncentracji i zach\u0119caj\u0105 do zabawy ca\u0142\u0105 rodzin\u0119.Zestaw narz\u0119dzi to zabawki: R\u0119cznie malowane Mi\u0119kkie i \u0142atwe do schwytania Bezpieczne dla Twojego dziecka: nie zawieraj\u0105 szkodliwych dla maluch\u00f3w BPA i ftalan\u00f3w Polskiej produkcji Rekomendowane dla dzieci powy\u017cej 10 miesi\u0105ca Wybierz polski, sprawdzony produkt:Firma Hencz Toys jest jednym z wiod\u0105cych producent\u00f3w zabawek gumowych w Europie. Artyku\u0142y te s\u0105 polskim, wielokrotnie nagradzanym produktem zgodnym z norm\u0105 EN-71, wykonanym z bezpiecznych surowc\u00f3w. W zwi\u0105zku z tym, \u017ce ka\u017cd\u0105 zabawk\u0119 produkujemy samodzielnie dok\u0142adamy wszelkich stara\u0144 aby jako\u015b\u0107 produkcji, na ka\u017cdym jej etapie by\u0142a jak najwy\u017csza. Ka\u017cdy produkt posiada znak CE.Aby zachowa\u0107 zabawk\u0119 w czysto\u015bci, po ka\u017cdej zabawie umyj j\u0105 w ciep\u0142ej wodzie, przy u\u017cyciu szmatki.<\/p>\n<h2>Hencz Toys Mi\u0119kkie Narz\u0119dzia Hencz<\/h2>\n<p>zagadki na dzie\u0144 przedszkolaka, kolorowanki lego ninjago, quizy dla dzieci 7 lat, uk\u0142ad s\u0142oneczny dla dzieci do druku, zagadki logiczne z odpowiedziami, my little pony kolorowanka, wycinanki dla dzieci do druku, janusz korczak cytaty, wiersz o marzannie, markowa, zagadki matematyczne dla dzieci 7 lat, pierwsze urodziny prezent na roczek dla dziewczynki<\/p>\n<p>yyyyy<\/p>\n<p>&nbsp;<\/p>\n","protected":false},"excerpt":{"rendered":"<p>Mi\u0119kkie narz\u0119dzia Sensorky Zach\u0119caj\u0105 do zabawy: wyraziste kolory i ciekawe wzory Bezpieczne dla Twojego dziecka: nie zawieraj\u0105 szkodliwych BPA i ftalan\u00f3w Bawi\u0105, ucz\u0105, przyspieszaj\u0105 rozw\u00f3j fizyczny, poprawiaj\u0105c przy tym koordynacj\u0119 ruchow\u0105 Zestaw mi\u0119kkich narz\u0119dzi marki Rubberky, to doskona\u0142a rozwojowa zabawka, rekomendowana dla dzieci powy\u017cej 10 miesi\u0105ca \u017cycia. Sk\u0142ada si\u0119 z 3 element\u00f3w: pi\u0142y, m\u0142otka i [&hellip;]<\/p>\n","protected":false},"featured_media":404,"comment_status":"closed","ping_status":"open","template":"","meta":[],"product_cat":[166,61],"product_tag":[772,859,764,579,767],"class_list":["post-403","product","type-product","status-publish","has-post-thumbnail","hentry","product_cat-hencz","product_cat-zabawki-edukacyjne-dla-niemowlat","product_tag-45-panstw-europy-i-ich-stolice-quiz","product_tag-dobranoc-pchly-na-noc","product_tag-prezenty-na-roczek-dla-dziewczynki","product_tag-quiz-opowiesci-z-narnii-lew-czarownica-i-stara-szafa","product_tag-zaproszenia-urodzinowe-do-druku"],"_links":{"self":[{"href":"http:\/\/klubmamgdynia.pl\/index.php\/wp-json\/wp\/v2\/product\/403","targetHints":{"allow":["GET"]}}],"collection":[{"href":"http:\/\/klubmamgdynia.pl\/index.php\/wp-json\/wp\/v2\/product"}],"about":[{"href":"http:\/\/klubmamgdynia.pl\/index.php\/wp-json\/wp\/v2\/types\/product"}],"replies":[{"embeddable":true,"href":"http:\/\/klubmamgdynia.pl\/index.php\/wp-json\/wp\/v2\/comments?post=403"}],"wp:featuredmedia":[{"embeddable":true,"href":"http:\/\/klubmamgdynia.pl\/index.php\/wp-json\/wp\/v2\/media\/404"}],"wp:attachment":[{"href":"http:\/\/klubmamgdynia.pl\/index.php\/wp-json\/wp\/v2\/media?parent=403"}],"wp:term":[{"taxonomy":"product_cat","embeddable":true,"href":"http:\/\/klubmamgdynia.pl\/index.php\/wp-json\/wp\/v2\/product_cat?post=403"},{"taxonomy":"product_tag","embeddable":true,"href":"http:\/\/klubmamgdynia.pl\/index.php\/wp-json\/wp\/v2\/product_tag?post=403"}],"curies":[{"name":"wp","href":"https:\/\/api.w.org\/{rel}","templated":true}]}}