{"id":4033,"date":"2023-09-05T22:45:07","date_gmt":"2023-09-05T20:45:07","guid":{"rendered":"http:\/\/klubmamgdynia.pl\/?post_type=product&#038;p=4033"},"modified":"2026-04-24T11:04:17","modified_gmt":"2026-04-24T09:04:17","slug":"humana-4-mali-odkrywcy-mleko-modyfikowane-2x650g","status":"publish","type":"product","link":"http:\/\/klubmamgdynia.pl\/index.php\/produkt\/humana-4-mali-odkrywcy-mleko-modyfikowane-2x650g\/","title":{"rendered":"Humana 4 Mali Odkrywcy Mleko Modyfikowane 2X650G"},"content":{"rendered":"<p>Humana 4 Mali odkrywcy Mleko modyfikowaneWskazania:Humana 4 Mali odkrywcy Mleko modyfikowane przeznaczone dla dzieci powy\u017cej 24. miesi\u0105ca \u017cycia. Wspiera rozw\u00f3j cia\u0142a i umys\u0142u Twojego malucha dostarczaj\u0105c mu sk\u0142adniki od\u017cywcze niezb\u0119dne do rozwoju poznawczego i motorycznego.W\u0142a\u015bciwo\u015bci:Humana 4 zosta\u0142a dopasowana do potrzeb \u017cywieniowych Twojego dziecka po drugich urodzinach. Mo\u017ce by\u0107 stosowana jako nap\u00f3j mleczny (najlepiej z kubeczka), ale mo\u017ce by\u0107 te\u017c u\u017cyta jako baza do przygotowania innych posi\u0142k\u00f3w, kt\u00f3rych sk\u0142adnikiem jest mleko. M\u00f3zg i uk\u0142ad nerwowy: dla rozwoju m\u00f3zgu i tkanki nerwowej nasze mleko zosta\u0142o wzbogacone w kwas ALA (niezb\u0119dny kwas omega -3); Ko\u015bci: nasze mleko Mali Odkrywcy jest wzbogacone w wap\u0144 i witamin\u0119 D, niezb\u0119dne sk\u0142adniki dla prawid\u0142owego rozwoju ko\u015bci; Uk\u0142ad odporno\u015bciowy: wspieramy uk\u0142ad odporno\u015bciowy Twojego maluszka witaminami A i D, kt\u00f3re przyczyniaj\u0105 si\u0119 do jego prawid\u0142owego funkcjonowania; PROBALANCE to kombinacja element\u00f3w, kt\u00f3ra zapewnia wszystkie sk\u0142adniki do naturalnego wzrostu Twojego dziecka, w dopasowanych do jego wieku ilo\u015bciach;do u\u017cycia jedn\u0105 r\u0119k\u0105;membrana ochronna zapewnia bezpiecze\u0144stwo i \u015bwie\u017co\u015b\u0107 produktu; nie zawiera BPA.Sk\u0142ad:Odt\u0142uszczone mleko w proszku, laktoza, oleje ro\u015blinne (palmowy, rzepakowy, s\u0142onecznikowy), t\u0142uszcz z ziaren palmowych, w\u0119glan wapnia, sole wapniowe kwasu ortofosforowego, witamina C, siarczan \u017celaza, stabilizator: L (+) &#8211; kwas mlekowy, witamina D, ryboflawina, witamina A, jodan potasu.Stosowanie:Przygotowuj\u0105c mleko, post\u0119puj zgodnie z instrukcj\u0105. Przygotuj \u015bwie\u017co przed ka\u017cdym posi\u0142kiem. Nakarm dziecko tu\u017c po przygotowaniu i nie podawaj ponownie pozosta\u0142o\u015bci pokarmu. Niew\u0142a\u015bciwe przygotowanie mo\u017ce niekorzystnie wp\u0142yn\u0105\u0107 na stan zdrowia dziecka.U\u017cywaj wy\u0142\u0105cznie miarki do\u0142\u0105czonej do opakowania mleka Humana. Po 6. miesi\u0105cu \u017cycia dziecko wypija 200 ml na ka\u017cdy posi\u0142ek, \u015brednio 1-3 porcje dziennie. Wskazana ilo\u015b\u0107 mleka jest warto\u015bci\u0105 orientacyjn\u0105 i mo\u017ce si\u0119 r\u00f3\u017cni\u0107 w zale\u017cno\u015bci od indywidualnych potrzeb ka\u017cdego dziecka. Przegotowan\u0105 wod\u0119 ostud\u017a do temperatury 50 \u00b0C oraz wlej oko\u0142o po\u0142ow\u0119 obj\u0119to\u015bci wody do czystej butelki. Lu\u017ano nape\u0142nij za\u0142\u0105czon\u0105 miark\u0119 Humana i wyr\u00f3wnaj nadmiar proszku wygodn\u0105, wewn\u0119trzn\u0105 kraw\u0119dzi\u0105 opakowania. Odmierz do butelki odpowiedni\u0105 ilo\u015b\u0107 miarek. Zamknij butelk\u0119 i energicznie wstrz\u0105\u015bnij, nast\u0119pnie dodaj pozosta\u0142\u0105 obj\u0119to\u015b\u0107 wody i ponownie wstrz\u0105\u015bnij do ca\u0142kowitego rozpuszczenia proszku.Gotowe mleko przelej do kubka i sprawd\u017a temperatur\u0119 (ok. 37\u00b0C).Opakowanie:2 x 650 g<\/p>\n<h2>Humana 4 Mali Odkrywcy Mleko Modyfikowane 2X650G Humana<\/h2>\n<p>szlaczki, zagadki wielkanocne przedszkole, wyci\u0119cia szablon korony do druku, my jeste\u015bmy krasnoludki tekst, co kupi\u0107 na roczek dla ch\u0142opca, tymoteusz znaczenie imienia, wiosna zagadki, dziecko cytaty z\u0142ote my\u015bli, trudne zagadki dla doros\u0142ych, milan imie, pomys\u0142 na prezent na roczek, \u0142amig\u0142\u00f3wki matematyczne, dziecko cytaty, cytaty dla mamy od c\u00f3rki, zagadki o dinozaurach, 20 pytania do lektury ma\u0142y ksi\u0105\u017c\u0119<\/p>\n<p>yyyyy<\/p>\n<p>&nbsp;<\/p>\n","protected":false},"excerpt":{"rendered":"<p>Humana 4 Mali odkrywcy Mleko modyfikowaneWskazania:Humana 4 Mali odkrywcy Mleko modyfikowane przeznaczone dla dzieci powy\u017cej 24. miesi\u0105ca \u017cycia. Wspiera rozw\u00f3j cia\u0142a i umys\u0142u Twojego malucha dostarczaj\u0105c mu sk\u0142adniki od\u017cywcze niezb\u0119dne do rozwoju poznawczego i motorycznego.W\u0142a\u015bciwo\u015bci:Humana 4 zosta\u0142a dopasowana do potrzeb \u017cywieniowych Twojego dziecka po drugich urodzinach. Mo\u017ce by\u0107 stosowana jako nap\u00f3j mleczny (najlepiej z kubeczka), [&hellip;]<\/p>\n","protected":false},"featured_media":4034,"comment_status":"closed","ping_status":"open","template":"","meta":[],"product_cat":[18,19],"product_tag":[831,667,744],"class_list":["post-4033","product","type-product","status-publish","has-post-thumbnail","hentry","product_cat-humana","product_cat-mleka-nastepne","product_tag-bruno","product_tag-kolorowanka-lol","product_tag-kolorowanki-swiateczne-do-wydruku"],"_links":{"self":[{"href":"http:\/\/klubmamgdynia.pl\/index.php\/wp-json\/wp\/v2\/product\/4033","targetHints":{"allow":["GET"]}}],"collection":[{"href":"http:\/\/klubmamgdynia.pl\/index.php\/wp-json\/wp\/v2\/product"}],"about":[{"href":"http:\/\/klubmamgdynia.pl\/index.php\/wp-json\/wp\/v2\/types\/product"}],"replies":[{"embeddable":true,"href":"http:\/\/klubmamgdynia.pl\/index.php\/wp-json\/wp\/v2\/comments?post=4033"}],"wp:featuredmedia":[{"embeddable":true,"href":"http:\/\/klubmamgdynia.pl\/index.php\/wp-json\/wp\/v2\/media\/4034"}],"wp:attachment":[{"href":"http:\/\/klubmamgdynia.pl\/index.php\/wp-json\/wp\/v2\/media?parent=4033"}],"wp:term":[{"taxonomy":"product_cat","embeddable":true,"href":"http:\/\/klubmamgdynia.pl\/index.php\/wp-json\/wp\/v2\/product_cat?post=4033"},{"taxonomy":"product_tag","embeddable":true,"href":"http:\/\/klubmamgdynia.pl\/index.php\/wp-json\/wp\/v2\/product_tag?post=4033"}],"curies":[{"name":"wp","href":"https:\/\/api.w.org\/{rel}","templated":true}]}}